{"id":7583,"date":"2019-11-15T20:37:02","date_gmt":"2019-11-15T20:37:02","guid":{"rendered":"https:\/\/www.defensoria.gob.ec\/?post_type=project&#038;p=7583"},"modified":"2019-11-15T20:37:02","modified_gmt":"2019-11-15T20:37:02","slug":"carchi-ciudadania-participa-en-feria-de-sensibilizacion-contra-la-violencia-de-genero","status":"publish","type":"project","link":"https:\/\/www.defensoria.gob.ec\/?project=carchi-ciudadania-participa-en-feria-de-sensibilizacion-contra-la-violencia-de-genero","title":{"rendered":"Carchi: Ciudadan\u00eda participa en feria de sensibilizaci\u00f3n contra la violencia de g\u00e9nero"},"content":{"rendered":"<p>[et_pb_section fb_built=\u00bb1&#8243; _builder_version=\u00bb3.28&#8243;][et_pb_row _builder_version=\u00bb3.28&#8243; column_structure=\u00bb3_4,1_4&#8243;][et_pb_column _builder_version=\u00bb3.28&#8243; type=\u00bb3_4&#8243;][et_pb_post_title _builder_version=\u00bb3.28&#8243; meta=\u00bboff\u00bb featured_image=\u00bboff\u00bb hover_enabled=\u00bb0&#8243;][\/et_pb_post_title][et_pb_text _builder_version=\u00bb3.28&#8243; hover_enabled=\u00bb0&#8243;]<\/p>\n<p style=\"text-align: justify;\">Como parte de los eventos por el D\u00eda Internacional de la Eliminaci\u00f3n de la Violencia contra la Mujer, que se celebra cada 25 de noviembre, la Defensor\u00eda P\u00fablica del\u00a0 Carchi realiz\u00f3 una feria informativa, en el parque Ayora, del cant\u00f3n Tulc\u00e1n.<\/p>\n<p style=\"text-align: justify;\">En la jornada, los defensores p\u00fablicos Mar\u00eda Isabel Garc\u00eda, Leonardo Ruales y Miguel Garc\u00eda, entregaron informaci\u00f3n a los usuarios sobre los servicios en casos de violencia de g\u00e9nero.<\/p>\n<p style=\"text-align: justify;\">En el Carchi, la Defensor\u00eda P\u00fablica atiende en cuatro puntos de atenci\u00f3n que se ubican en los cantones: Mira, Tulc\u00e1n, Mont\u00fafar y El \u00c1ngel.<\/p>\n<p>[\/et_pb_text][et_pb_gallery _builder_version=\u00bb3.28&#8243; gallery_ids=\u00bb7584&#8243; hover_enabled=\u00bb0&#8243;][\/et_pb_gallery][\/et_pb_column][et_pb_column _builder_version=\u00bb3.28&#8243; type=\u00bb1_4&#8243;][\/et_pb_column][\/et_pb_row][\/et_pb_section]<\/p>\n","protected":false},"excerpt":{"rendered":"<p>Como parte de los eventos por el D\u00eda Internacional de la Eliminaci\u00f3n de la Violencia contra la Mujer, que se celebra cada 25 de noviembre, la Defensor\u00eda P\u00fablica del\u00a0 Carchi [&hellip;]<\/p>\n","protected":false},"author":1,"featured_media":7584,"comment_status":"open","ping_status":"closed","template":"","meta":{"_et_pb_use_builder":"on","_et_pb_old_content":"","_et_gb_content_width":"","footnotes":""},"project_category":[8,5],"project_tag":[],"class_list":["post-7583","project","type-project","status-publish","has-post-thumbnail","hentry","project_category-cerca-a-ti","project_category-noticias"],"_links":{"self":[{"href":"https:\/\/www.defensoria.gob.ec\/index.php?rest_route=\/wp\/v2\/project\/7583","targetHints":{"allow":["GET"]}}],"collection":[{"href":"https:\/\/www.defensoria.gob.ec\/index.php?rest_route=\/wp\/v2\/project"}],"about":[{"href":"https:\/\/www.defensoria.gob.ec\/index.php?rest_route=\/wp\/v2\/types\/project"}],"author":[{"embeddable":true,"href":"https:\/\/www.defensoria.gob.ec\/index.php?rest_route=\/wp\/v2\/users\/1"}],"replies":[{"embeddable":true,"href":"https:\/\/www.defensoria.gob.ec\/index.php?rest_route=%2Fwp%2Fv2%2Fcomments&post=7583"}],"version-history":[{"count":0,"href":"https:\/\/www.defensoria.gob.ec\/index.php?rest_route=\/wp\/v2\/project\/7583\/revisions"}],"wp:featuredmedia":[{"embeddable":true,"href":"https:\/\/www.defensoria.gob.ec\/index.php?rest_route=\/wp\/v2\/media\/7584"}],"wp:attachment":[{"href":"https:\/\/www.defensoria.gob.ec\/index.php?rest_route=%2Fwp%2Fv2%2Fmedia&parent=7583"}],"wp:term":[{"taxonomy":"project_category","embeddable":true,"href":"https:\/\/www.defensoria.gob.ec\/index.php?rest_route=%2Fwp%2Fv2%2Fproject_category&post=7583"},{"taxonomy":"project_tag","embeddable":true,"href":"https:\/\/www.defensoria.gob.ec\/index.php?rest_route=%2Fwp%2Fv2%2Fproject_tag&post=7583"}],"curies":[{"name":"wp","href":"https:\/\/api.w.org\/{rel}","templated":true}]}}

Carchi: Ciudadanía participa en feria de sensibilización contra la violencia de género

<p>[et_pb_section fb_built=»1&#8243; _builder_version=»3.28&#8243;][et_pb_row _builder_version=»3.28&#8243; column_structure=»3_4,1_4&#8243;][et_pb_column _builder_version=»3.28&#8243; type=»3_4&#8243;][et_pb_post_title _builder_version=»3.28&#8243; meta=»off» featured_image=»off» hover_enabled=»0&#8243;][/et_pb_post_title][et_pb_text _builder_version=»3.28&#8243; hover_enabled=»0&#8243;]</p>
<p style="text-align: justify;">Como parte de los eventos por el Día Internacional de la Eliminación de la Violencia contra la Mujer, que se celebra cada 25 de noviembre, la Defensoría Pública del  Carchi realizó una feria informativa, en el parque Ayora, del cantón Tulcán.</p>
<p style="text-align: justify;">En la jornada, los defensores públicos María Isabel García, Leonardo Ruales y Miguel García, entregaron información a los usuarios sobre los servicios en casos de violencia de género.</p>
<p style="text-align: justify;">En el Carchi, la Defensoría Pública atiende en cuatro puntos de atención que se ubican en los cantones: Mira, Tulcán, Montúfar y El Ángel.</p>
<p>[/et_pb_text][et_pb_gallery _builder_version=»3.28&#8243; gallery_ids=»7584&#8243; hover_enabled=»0&#8243;][/et_pb_gallery][/et_pb_column][et_pb_column _builder_version=»3.28&#8243; type=»1_4&#8243;][/et_pb_column][/et_pb_row][/et_pb_section]</p>

<p>Como parte de los eventos por el Día Internacional de la Eliminación de la Violencia contra la Mujer, que se celebra cada 25 de noviembre, la Defensoría Pública del  Carchi [&hellip;]</p>
