{"id":7577,"date":"2019-11-15T14:32:27","date_gmt":"2019-11-15T14:32:27","guid":{"rendered":"https:\/\/www.defensoria.gob.ec\/?post_type=project&#038;p=7577"},"modified":"2019-11-15T14:32:27","modified_gmt":"2019-11-15T14:32:27","slug":"sucumbios-defensores-publicos-se-capacitaron-en-movilidad-humana","status":"publish","type":"project","link":"https:\/\/www.defensoria.gob.ec\/?project=sucumbios-defensores-publicos-se-capacitaron-en-movilidad-humana","title":{"rendered":"Sucumb\u00edos: Defensores p\u00fablicos se capacitaron en Movilidad Humana"},"content":{"rendered":"<p>[et_pb_section fb_built=\u00bb1&#8243; _builder_version=\u00bb3.28&#8243;][et_pb_row _builder_version=\u00bb3.28&#8243; column_structure=\u00bb3_4,1_4&#8243;][et_pb_column _builder_version=\u00bb3.28&#8243; type=\u00bb3_4&#8243;][et_pb_post_title _builder_version=\u00bb3.28&#8243; meta=\u00bboff\u00bb featured_image=\u00bboff\u00bb hover_enabled=\u00bb0&#8243;][\/et_pb_post_title][et_pb_text _builder_version=\u00bb3.28&#8243; hover_enabled=\u00bb0&#8243;]<\/p>\n<p class=\"s3\" style=\"text-align: justify;\"><span><span class=\"s4\"><span class=\"bumpedFont15\">El\u00a0<\/span><\/span><span class=\"s4\"><span class=\"bumpedFont15\">equipo t\u00e9cnico\u00a0<\/span><\/span><span class=\"s4\"><span class=\"bumpedFont15\">de la Defensor\u00eda P\u00fabli<\/span><\/span><span class=\"s4\"><span class=\"bumpedFont15\">ca de Sucumb\u00edos particip\u00f3 en el taller<\/span><\/span><span class=\"s4\"><span class=\"bumpedFont15\">\u00a0de Movilidad H<\/span><\/span><span class=\"s4\"><span class=\"bumpedFont15\">umana, que dictaron\u00a0<\/span><\/span><span class=\"s4\"><span class=\"bumpedFont15\">facilitadores del\u00a0<\/span><\/span><span class=\"s4\"><span class=\"bumpedFont15\">Alto Comisionado de las Naciones Unidas para los Refugiados (ACNUR)<\/span><\/span><span class=\"s4\"><span class=\"bumpedFont15\">\u00a0y del\u00a0<\/span><\/span><span class=\"s4\"><span class=\"bumpedFont15\">Consejo No<\/span><\/span><span class=\"s4\"><span class=\"bumpedFont15\">ruego para los Refugiados (NRC)<\/span><\/span><span class=\"s4\"><span class=\"bumpedFont15\">,\u00a0<\/span><\/span><span class=\"s4\"><span class=\"bumpedFont15\">el\u00a0\u00a0<span class=\"Object\" role=\"link\" id=\"OBJ_PREFIX_DWT376_com_zimbra_date\"><span class=\"Object\" role=\"link\" id=\"OBJ_PREFIX_DWT380_com_zimbra_date\">11 de noviembre<\/span><\/span>\u00a0de 2019.<\/span><\/span><\/span><\/p>\n<p class=\"s3\" style=\"text-align: justify;\"><span class=\"s4\"><span class=\"bumpedFont15\">En la jornada se profundiz\u00f3 \u00a0el conocimiento del Decreto Ejecutivo 826 que dispone el censo migratorio y el otorgamiento de la visa residencial temporal de excepci\u00f3n, por razones humanitarias para ciudadanos venezolanos.<\/span><\/span><\/p>\n<p class=\"s3\" style=\"text-align: justify;\"><span><span class=\"s4\"><span class=\"bumpedFont15\">En el taller<\/span><\/span><span class=\"s4\"><span class=\"bumpedFont15\">\u00a0estuvieron la defensora p\u00fablica provincial,\u00a0<\/span><\/span><span class=\"s4\"><span class=\"bumpedFont15\"><\/span><\/span><span class=\"s4\"><span class=\"bumpedFont15\">Edilma Borja Paredes;<\/span><\/span><span class=\"s4\"><span class=\"bumpedFont15\">\u00a0<\/span><\/span><span class=\"s4\"><span class=\"bumpedFont15\">los defensores p\u00fablicos\u00a0<\/span><\/span><span class=\"s4\"><span class=\"bumpedFont15\">Guido Quezada, Ana<\/span><\/span><span class=\"s4\"><span class=\"bumpedFont15\">\u00a0Mestanza, Wilson Ruiz y Holg<\/span><\/span><span class=\"s4\"><span class=\"bumpedFont15\">er L\u00f3pez<\/span><\/span><span class=\"s4\"><span class=\"bumpedFont15\">; \u00a0y, el consultor en Movilidad Humana,\u00a0<\/span><\/span><span class=\"s4\"><span class=\"bumpedFont15\">Jean Jaramillo<\/span><\/span><span class=\"s4\"><span class=\"bumpedFont15\">.<\/span><\/span><\/span><\/p>\n<p class=\"s3\" style=\"text-align: justify;\"><span><span class=\"s4\"><span class=\"bumpedFont15\">La Defensor\u00eda P\u00fablica\u00a0<\/span><\/span><span class=\"s4\"><span class=\"bumpedFont15\">mantiene una perma<\/span><\/span><span class=\"s4\"><span class=\"bumpedFont15\">nente capacitaci\u00f3n al personal\u00a0<\/span><\/span><span class=\"s4\"><span class=\"bumpedFont15\">misional, para mejorar la atenci\u00f3n a los usuar<\/span><\/span><span class=\"s4\"><span class=\"bumpedFont15\">ios con un servicio eficiente y<\/span><\/span><span class=\"s4\"><span class=\"bumpedFont15\">\u00a0eficaz.<\/span><\/span><\/span><\/p>\n<p>[\/et_pb_text][et_pb_gallery _builder_version=\u00bb3.28&#8243; gallery_ids=\u00bb7578&#8243; hover_enabled=\u00bb0&#8243;][\/et_pb_gallery][\/et_pb_column][et_pb_column _builder_version=\u00bb3.28&#8243; type=\u00bb1_4&#8243;][\/et_pb_column][\/et_pb_row][\/et_pb_section]<\/p>\n","protected":false},"excerpt":{"rendered":"<p>El\u00a0equipo t\u00e9cnico\u00a0de la Defensor\u00eda P\u00fablica de Sucumb\u00edos particip\u00f3 en el taller\u00a0de Movilidad Humana, que dictaron\u00a0facilitadores del\u00a0Alto Comisionado de las Naciones Unidas para los Refugiados (ACNUR)\u00a0y del\u00a0Consejo Noruego para los Refugiados [&hellip;]<\/p>\n","protected":false},"author":1,"featured_media":7578,"comment_status":"open","ping_status":"closed","template":"","meta":{"_et_pb_use_builder":"on","_et_pb_old_content":"","_et_gb_content_width":"","footnotes":""},"project_category":[8,5],"project_tag":[],"class_list":["post-7577","project","type-project","status-publish","has-post-thumbnail","hentry","project_category-cerca-a-ti","project_category-noticias"],"_links":{"self":[{"href":"https:\/\/www.defensoria.gob.ec\/index.php?rest_route=\/wp\/v2\/project\/7577","targetHints":{"allow":["GET"]}}],"collection":[{"href":"https:\/\/www.defensoria.gob.ec\/index.php?rest_route=\/wp\/v2\/project"}],"about":[{"href":"https:\/\/www.defensoria.gob.ec\/index.php?rest_route=\/wp\/v2\/types\/project"}],"author":[{"embeddable":true,"href":"https:\/\/www.defensoria.gob.ec\/index.php?rest_route=\/wp\/v2\/users\/1"}],"replies":[{"embeddable":true,"href":"https:\/\/www.defensoria.gob.ec\/index.php?rest_route=%2Fwp%2Fv2%2Fcomments&post=7577"}],"version-history":[{"count":0,"href":"https:\/\/www.defensoria.gob.ec\/index.php?rest_route=\/wp\/v2\/project\/7577\/revisions"}],"wp:featuredmedia":[{"embeddable":true,"href":"https:\/\/www.defensoria.gob.ec\/index.php?rest_route=\/wp\/v2\/media\/7578"}],"wp:attachment":[{"href":"https:\/\/www.defensoria.gob.ec\/index.php?rest_route=%2Fwp%2Fv2%2Fmedia&parent=7577"}],"wp:term":[{"taxonomy":"project_category","embeddable":true,"href":"https:\/\/www.defensoria.gob.ec\/index.php?rest_route=%2Fwp%2Fv2%2Fproject_category&post=7577"},{"taxonomy":"project_tag","embeddable":true,"href":"https:\/\/www.defensoria.gob.ec\/index.php?rest_route=%2Fwp%2Fv2%2Fproject_tag&post=7577"}],"curies":[{"name":"wp","href":"https:\/\/api.w.org\/{rel}","templated":true}]}}

Sucumbíos: Defensores públicos se capacitaron en Movilidad Humana

<p>[et_pb_section fb_built=»1&#8243; _builder_version=»3.28&#8243;][et_pb_row _builder_version=»3.28&#8243; column_structure=»3_4,1_4&#8243;][et_pb_column _builder_version=»3.28&#8243; type=»3_4&#8243;][et_pb_post_title _builder_version=»3.28&#8243; meta=»off» featured_image=»off» hover_enabled=»0&#8243;][/et_pb_post_title][et_pb_text _builder_version=»3.28&#8243; hover_enabled=»0&#8243;]</p>
<p class="s3" style="text-align: justify;"><span><span class="s4"><span class="bumpedFont15">El </span></span><span class="s4"><span class="bumpedFont15">equipo técnico </span></span><span class="s4"><span class="bumpedFont15">de la Defensoría Públi</span></span><span class="s4"><span class="bumpedFont15">ca de Sucumbíos participó en el taller</span></span><span class="s4"><span class="bumpedFont15"> de Movilidad H</span></span><span class="s4"><span class="bumpedFont15">umana, que dictaron </span></span><span class="s4"><span class="bumpedFont15">facilitadores del </span></span><span class="s4"><span class="bumpedFont15">Alto Comisionado de las Naciones Unidas para los Refugiados (ACNUR)</span></span><span class="s4"><span class="bumpedFont15"> y del </span></span><span class="s4"><span class="bumpedFont15">Consejo No</span></span><span class="s4"><span class="bumpedFont15">ruego para los Refugiados (NRC)</span></span><span class="s4"><span class="bumpedFont15">, </span></span><span class="s4"><span class="bumpedFont15">el  <span class="Object" role="link" id="OBJ_PREFIX_DWT376_com_zimbra_date"><span class="Object" role="link" id="OBJ_PREFIX_DWT380_com_zimbra_date">11 de noviembre</span></span> de 2019.</span></span></span></p>
<p class="s3" style="text-align: justify;"><span class="s4"><span class="bumpedFont15">En la jornada se profundizó  el conocimiento del Decreto Ejecutivo 826 que dispone el censo migratorio y el otorgamiento de la visa residencial temporal de excepción, por razones humanitarias para ciudadanos venezolanos.</span></span></p>
<p class="s3" style="text-align: justify;"><span><span class="s4"><span class="bumpedFont15">En el taller</span></span><span class="s4"><span class="bumpedFont15"> estuvieron la defensora pública provincial, </span></span><span class="s4"><span class="bumpedFont15"></span></span><span class="s4"><span class="bumpedFont15">Edilma Borja Paredes;</span></span><span class="s4"><span class="bumpedFont15"> </span></span><span class="s4"><span class="bumpedFont15">los defensores públicos </span></span><span class="s4"><span class="bumpedFont15">Guido Quezada, Ana</span></span><span class="s4"><span class="bumpedFont15"> Mestanza, Wilson Ruiz y Holg</span></span><span class="s4"><span class="bumpedFont15">er López</span></span><span class="s4"><span class="bumpedFont15">;  y, el consultor en Movilidad Humana, </span></span><span class="s4"><span class="bumpedFont15">Jean Jaramillo</span></span><span class="s4"><span class="bumpedFont15">.</span></span></span></p>
<p class="s3" style="text-align: justify;"><span><span class="s4"><span class="bumpedFont15">La Defensoría Pública </span></span><span class="s4"><span class="bumpedFont15">mantiene una perma</span></span><span class="s4"><span class="bumpedFont15">nente capacitación al personal </span></span><span class="s4"><span class="bumpedFont15">misional, para mejorar la atención a los usuar</span></span><span class="s4"><span class="bumpedFont15">ios con un servicio eficiente y</span></span><span class="s4"><span class="bumpedFont15"> eficaz.</span></span></span></p>
<p>[/et_pb_text][et_pb_gallery _builder_version=»3.28&#8243; gallery_ids=»7578&#8243; hover_enabled=»0&#8243;][/et_pb_gallery][/et_pb_column][et_pb_column _builder_version=»3.28&#8243; type=»1_4&#8243;][/et_pb_column][/et_pb_row][/et_pb_section]</p>

<p>El equipo técnico de la Defensoría Pública de Sucumbíos participó en el taller de Movilidad Humana, que dictaron facilitadores del Alto Comisionado de las Naciones Unidas para los Refugiados (ACNUR) y del Consejo Noruego para los Refugiados [&hellip;]</p>
