{"id":7555,"date":"2019-11-14T20:48:22","date_gmt":"2019-11-14T20:48:22","guid":{"rendered":"https:\/\/www.defensoria.gob.ec\/?post_type=project&#038;p=7555"},"modified":"2019-11-14T20:48:22","modified_gmt":"2019-11-14T20:48:22","slug":"santa-elena-usuarios-de-chanduy-recibieron-capacitacion-sobre-violencia-intrafamiliar","status":"publish","type":"project","link":"https:\/\/www.defensoria.gob.ec\/?project=santa-elena-usuarios-de-chanduy-recibieron-capacitacion-sobre-violencia-intrafamiliar","title":{"rendered":"Santa Elena: Usuarios de Chanduy recibieron capacitaci\u00f3n sobre violencia intrafamiliar"},"content":{"rendered":"<p>[et_pb_section fb_built=\u00bb1&#8243; _builder_version=\u00bb3.28&#8243;][et_pb_row _builder_version=\u00bb3.28&#8243; column_structure=\u00bb3_4,1_4&#8243;][et_pb_column _builder_version=\u00bb3.28&#8243; type=\u00bb3_4&#8243;][et_pb_post_title _builder_version=\u00bb3.28&#8243; meta=\u00bboff\u00bb featured_image=\u00bboff\u00bb hover_enabled=\u00bb0&#8243;][\/et_pb_post_title][et_pb_text _builder_version=\u00bb3.28&#8243; hover_enabled=\u00bb0&#8243;]<\/p>\n<p style=\"text-align: justify;\">La comunidad de la parroquia rural de Chanduy, del cant\u00f3n Santa Elena, particip\u00f3 en la charla\u00a0 sobre violencia intrafamiliar que dictaron los defensores p\u00fablicos Jos\u00e9 Ram\u00edrez, Diana Alvarado, Sandra Bravo, Mar\u00eda Fernanda Zhi\u00f1in y Freddy Zhindon, el 12 de noviembre de 2019.<\/p>\n<p style=\"text-align: justify;\">Los asistentes conocieron los protocolos y rutas a seguir en casos de violencia intrafamiliar, los procedimientos para diferenciar cuando se trata de una contravenci\u00f3n o un delito; y, las medidas de protecci\u00f3n que se disponen para esos casos.<\/p>\n<p style=\"text-align: justify;\">Adem\u00e1s, el personal misional respondi\u00f3 las inquietudes de la ciudadan\u00eda e inform\u00f3 sobre los servicios gratuitos que ofrece la Defensor\u00eda P\u00fablica en tres puntos de atenci\u00f3n.<\/p>\n<p>[\/et_pb_text][et_pb_gallery _builder_version=\u00bb3.28&#8243; gallery_ids=\u00bb7556&#8243; hover_enabled=\u00bb0&#8243;][\/et_pb_gallery][\/et_pb_column][et_pb_column _builder_version=\u00bb3.28&#8243; type=\u00bb1_4&#8243;][\/et_pb_column][\/et_pb_row][\/et_pb_section]<\/p>\n","protected":false},"excerpt":{"rendered":"<p>La comunidad de la parroquia rural de Chanduy, del cant\u00f3n Santa Elena, particip\u00f3 en la charla\u00a0 sobre violencia intrafamiliar que dictaron los defensores p\u00fablicos Jos\u00e9 Ram\u00edrez, Diana Alvarado, Sandra Bravo, [&hellip;]<\/p>\n","protected":false},"author":1,"featured_media":7556,"comment_status":"open","ping_status":"closed","template":"","meta":{"_et_pb_use_builder":"on","_et_pb_old_content":"","_et_gb_content_width":"","footnotes":""},"project_category":[8,5],"project_tag":[],"class_list":["post-7555","project","type-project","status-publish","has-post-thumbnail","hentry","project_category-cerca-a-ti","project_category-noticias"],"_links":{"self":[{"href":"https:\/\/www.defensoria.gob.ec\/index.php?rest_route=\/wp\/v2\/project\/7555","targetHints":{"allow":["GET"]}}],"collection":[{"href":"https:\/\/www.defensoria.gob.ec\/index.php?rest_route=\/wp\/v2\/project"}],"about":[{"href":"https:\/\/www.defensoria.gob.ec\/index.php?rest_route=\/wp\/v2\/types\/project"}],"author":[{"embeddable":true,"href":"https:\/\/www.defensoria.gob.ec\/index.php?rest_route=\/wp\/v2\/users\/1"}],"replies":[{"embeddable":true,"href":"https:\/\/www.defensoria.gob.ec\/index.php?rest_route=%2Fwp%2Fv2%2Fcomments&post=7555"}],"version-history":[{"count":0,"href":"https:\/\/www.defensoria.gob.ec\/index.php?rest_route=\/wp\/v2\/project\/7555\/revisions"}],"wp:featuredmedia":[{"embeddable":true,"href":"https:\/\/www.defensoria.gob.ec\/index.php?rest_route=\/wp\/v2\/media\/7556"}],"wp:attachment":[{"href":"https:\/\/www.defensoria.gob.ec\/index.php?rest_route=%2Fwp%2Fv2%2Fmedia&parent=7555"}],"wp:term":[{"taxonomy":"project_category","embeddable":true,"href":"https:\/\/www.defensoria.gob.ec\/index.php?rest_route=%2Fwp%2Fv2%2Fproject_category&post=7555"},{"taxonomy":"project_tag","embeddable":true,"href":"https:\/\/www.defensoria.gob.ec\/index.php?rest_route=%2Fwp%2Fv2%2Fproject_tag&post=7555"}],"curies":[{"name":"wp","href":"https:\/\/api.w.org\/{rel}","templated":true}]}}

Santa Elena: Usuarios de Chanduy recibieron capacitación sobre violencia intrafamiliar

<p>[et_pb_section fb_built=»1&#8243; _builder_version=»3.28&#8243;][et_pb_row _builder_version=»3.28&#8243; column_structure=»3_4,1_4&#8243;][et_pb_column _builder_version=»3.28&#8243; type=»3_4&#8243;][et_pb_post_title _builder_version=»3.28&#8243; meta=»off» featured_image=»off» hover_enabled=»0&#8243;][/et_pb_post_title][et_pb_text _builder_version=»3.28&#8243; hover_enabled=»0&#8243;]</p>
<p style="text-align: justify;">La comunidad de la parroquia rural de Chanduy, del cantón Santa Elena, participó en la charla  sobre violencia intrafamiliar que dictaron los defensores públicos José Ramírez, Diana Alvarado, Sandra Bravo, María Fernanda Zhiñin y Freddy Zhindon, el 12 de noviembre de 2019.</p>
<p style="text-align: justify;">Los asistentes conocieron los protocolos y rutas a seguir en casos de violencia intrafamiliar, los procedimientos para diferenciar cuando se trata de una contravención o un delito; y, las medidas de protección que se disponen para esos casos.</p>
<p style="text-align: justify;">Además, el personal misional respondió las inquietudes de la ciudadanía e informó sobre los servicios gratuitos que ofrece la Defensoría Pública en tres puntos de atención.</p>
<p>[/et_pb_text][et_pb_gallery _builder_version=»3.28&#8243; gallery_ids=»7556&#8243; hover_enabled=»0&#8243;][/et_pb_gallery][/et_pb_column][et_pb_column _builder_version=»3.28&#8243; type=»1_4&#8243;][/et_pb_column][/et_pb_row][/et_pb_section]</p>

<p>La comunidad de la parroquia rural de Chanduy, del cantón Santa Elena, participó en la charla  sobre violencia intrafamiliar que dictaron los defensores públicos José Ramírez, Diana Alvarado, Sandra Bravo, [&hellip;]</p>
