{"id":7508,"date":"2019-11-11T20:33:44","date_gmt":"2019-11-11T20:33:44","guid":{"rendered":"https:\/\/www.defensoria.gob.ec\/?post_type=project&#038;p=7508"},"modified":"2019-11-11T20:33:45","modified_gmt":"2019-11-11T20:33:45","slug":"santa-elena-autoridades-analizaron-el-incremento-de-casos-de-adolescentes-embarazadas","status":"publish","type":"project","link":"https:\/\/www.defensoria.gob.ec\/?project=santa-elena-autoridades-analizaron-el-incremento-de-casos-de-adolescentes-embarazadas","title":{"rendered":"Santa Elena: Autoridades analizaron el incremento de casos de adolescentes embarazadas"},"content":{"rendered":"<p>[et_pb_section fb_built=\u00bb1&#8243; _builder_version=\u00bb3.28&#8243;][et_pb_row _builder_version=\u00bb3.28&#8243; column_structure=\u00bb3_4,1_4&#8243;][et_pb_column _builder_version=\u00bb3.28&#8243; type=\u00bb3_4&#8243;][et_pb_post_title _builder_version=\u00bb3.28&#8243; meta=\u00bboff\u00bb featured_image=\u00bboff\u00bb hover_enabled=\u00bb0&#8243;][\/et_pb_post_title][et_pb_text _builder_version=\u00bb3.28&#8243; hover_enabled=\u00bb0&#8243;]<\/p>\n<p style=\"text-align: justify;\"><span>Con la presencia del defensor p\u00fablico provincial de Santa Elena, Jos\u00e9 Ram\u00edrez, las autoridades locales de Educaci\u00f3n, Salud y Consejo de la Judicatura analizaron la problem\u00e1tica de adolescentes embarazadas. <\/span><\/p>\n<p style=\"text-align: justify;\"><span>En la reuni\u00f3n se plante\u00f3 el acompa\u00f1amiento a las menores de edad y la adopci\u00f3n de acciones interinstitucionales, para prevenir la recurrencia de estos casos.<\/span><\/p>\n<p style=\"text-align: justify;\">Seg\u00fan la Gu\u00eda Metodol\u00f3gica de Prevenci\u00f3n del Embarazo de Ni\u00f1as y Adolescentes, del Ministerio de Educaci\u00f3n, <span>en el a\u00f1o 2017 se registraron 2,247 nacidos vivos de madres de 10 a 14 a\u00f1os de edad que corresponden a 2,8 nacidos vivos por cada 1.000 mujeres en ese rango de edad.<\/span><\/p>\n<p style=\"text-align: justify;\"><span>En el mismo a\u00f1o, hubo 54.051 nacidos vivos de madres de 15 a 19 a\u00f1os de edad, que corresponden a una tasa de 70,1 nacidos vivos por cada 1.000 mujeres en ese rango de edad.<\/span><\/p>\n<p>[\/et_pb_text][et_pb_gallery _builder_version=\u00bb3.28&#8243; gallery_ids=\u00bb7509&#8243; hover_enabled=\u00bb0&#8243;][\/et_pb_gallery][\/et_pb_column][et_pb_column _builder_version=\u00bb3.28&#8243; type=\u00bb1_4&#8243;][et_pb_sidebar _builder_version=\u00bb3.28&#8243; hover_enabled=\u00bb0&#8243;][\/et_pb_sidebar][\/et_pb_column][\/et_pb_row][\/et_pb_section]<\/p>\n","protected":false},"excerpt":{"rendered":"<p>Con la presencia del defensor p\u00fablico provincial de Santa Elena, Jos\u00e9 Ram\u00edrez, las autoridades locales de Educaci\u00f3n, Salud y Consejo de la Judicatura analizaron la problem\u00e1tica de adolescentes embarazadas. En [&hellip;]<\/p>\n","protected":false},"author":1,"featured_media":7509,"comment_status":"open","ping_status":"closed","template":"","meta":{"_et_pb_use_builder":"on","_et_pb_old_content":"","_et_gb_content_width":"","footnotes":""},"project_category":[8,5],"project_tag":[],"class_list":["post-7508","project","type-project","status-publish","has-post-thumbnail","hentry","project_category-cerca-a-ti","project_category-noticias"],"_links":{"self":[{"href":"https:\/\/www.defensoria.gob.ec\/index.php?rest_route=\/wp\/v2\/project\/7508","targetHints":{"allow":["GET"]}}],"collection":[{"href":"https:\/\/www.defensoria.gob.ec\/index.php?rest_route=\/wp\/v2\/project"}],"about":[{"href":"https:\/\/www.defensoria.gob.ec\/index.php?rest_route=\/wp\/v2\/types\/project"}],"author":[{"embeddable":true,"href":"https:\/\/www.defensoria.gob.ec\/index.php?rest_route=\/wp\/v2\/users\/1"}],"replies":[{"embeddable":true,"href":"https:\/\/www.defensoria.gob.ec\/index.php?rest_route=%2Fwp%2Fv2%2Fcomments&post=7508"}],"version-history":[{"count":0,"href":"https:\/\/www.defensoria.gob.ec\/index.php?rest_route=\/wp\/v2\/project\/7508\/revisions"}],"wp:featuredmedia":[{"embeddable":true,"href":"https:\/\/www.defensoria.gob.ec\/index.php?rest_route=\/wp\/v2\/media\/7509"}],"wp:attachment":[{"href":"https:\/\/www.defensoria.gob.ec\/index.php?rest_route=%2Fwp%2Fv2%2Fmedia&parent=7508"}],"wp:term":[{"taxonomy":"project_category","embeddable":true,"href":"https:\/\/www.defensoria.gob.ec\/index.php?rest_route=%2Fwp%2Fv2%2Fproject_category&post=7508"},{"taxonomy":"project_tag","embeddable":true,"href":"https:\/\/www.defensoria.gob.ec\/index.php?rest_route=%2Fwp%2Fv2%2Fproject_tag&post=7508"}],"curies":[{"name":"wp","href":"https:\/\/api.w.org\/{rel}","templated":true}]}}

<p>[et_pb_section fb_built=»1&#8243; _builder_version=»3.28&#8243;][et_pb_row _builder_version=»3.28&#8243; column_structure=»3_4,1_4&#8243;][et_pb_column _builder_version=»3.28&#8243; type=»3_4&#8243;][et_pb_post_title _builder_version=»3.28&#8243; meta=»off» featured_image=»off» hover_enabled=»0&#8243;][/et_pb_post_title][et_pb_text _builder_version=»3.28&#8243; hover_enabled=»0&#8243;]</p>
<p style="text-align: justify;"><span>Con la presencia del defensor público provincial de Santa Elena, José Ramírez, las autoridades locales de Educación, Salud y Consejo de la Judicatura analizaron la problemática de adolescentes embarazadas. </span></p>
<p style="text-align: justify;"><span>En la reunión se planteó el acompañamiento a las menores de edad y la adopción de acciones interinstitucionales, para prevenir la recurrencia de estos casos.</span></p>
<p style="text-align: justify;">Según la Guía Metodológica de Prevención del Embarazo de Niñas y Adolescentes, del Ministerio de Educación, <span>en el año 2017 se registraron 2,247 nacidos vivos de madres de 10 a 14 años de edad que corresponden a 2,8 nacidos vivos por cada 1.000 mujeres en ese rango de edad.</span></p>
<p style="text-align: justify;"><span>En el mismo año, hubo 54.051 nacidos vivos de madres de 15 a 19 años de edad, que corresponden a una tasa de 70,1 nacidos vivos por cada 1.000 mujeres en ese rango de edad.</span></p>
<p>[/et_pb_text][et_pb_gallery _builder_version=»3.28&#8243; gallery_ids=»7509&#8243; hover_enabled=»0&#8243;][/et_pb_gallery][/et_pb_column][et_pb_column _builder_version=»3.28&#8243; type=»1_4&#8243;][et_pb_sidebar _builder_version=»3.28&#8243; hover_enabled=»0&#8243;][/et_pb_sidebar][/et_pb_column][/et_pb_row][/et_pb_section]</p>

<p>Con la presencia del defensor público provincial de Santa Elena, José Ramírez, las autoridades locales de Educación, Salud y Consejo de la Judicatura analizaron la problemática de adolescentes embarazadas. En [&hellip;]</p>
