{"id":7485,"date":"2019-11-08T16:20:51","date_gmt":"2019-11-08T16:20:51","guid":{"rendered":"https:\/\/www.defensoria.gob.ec\/?post_type=project&#038;p=7485"},"modified":"2019-11-08T16:24:36","modified_gmt":"2019-11-08T16:24:36","slug":"santo-domingo-estudiantes-recibieron-charla-preventiva-sobre-violencia-de-genero","status":"publish","type":"project","link":"https:\/\/www.defensoria.gob.ec\/?project=santo-domingo-estudiantes-recibieron-charla-preventiva-sobre-violencia-de-genero","title":{"rendered":"Santo Domingo: Estudiantes recibieron charla preventiva sobre violencia de g\u00e9nero"},"content":{"rendered":"<p>[et_pb_section fb_built=\u00bb1&#8243; _builder_version=\u00bb3.28&#8243;][et_pb_row _builder_version=\u00bb3.28&#8243; column_structure=\u00bb3_4,1_4&#8243;][et_pb_column _builder_version=\u00bb3.28&#8243; type=\u00bb3_4&#8243;][et_pb_post_title _builder_version=\u00bb3.28&#8243; meta=\u00bboff\u00bb featured_image=\u00bboff\u00bb hover_enabled=\u00bb0&#8243;][\/et_pb_post_title][et_pb_text _builder_version=\u00bb3.28&#8243; hover_enabled=\u00bb0&#8243;]<\/p>\n<p style=\"text-align: justify;\">El personal docente y estudiantes de la Unidad Educativa Monse\u00f1or Lorenzo Stehle participaron en la charla sobre Violencia de G\u00e9nero, que dict\u00f3 la Defensor\u00eda P\u00fablica de Santo Domingo de los Ts\u00e1chilas con el apoyo del Consejo Cantonal de Protecci\u00f3n de Derechos.<\/p>\n<p style=\"text-align: justify;\">El conversatorio tuvo como objetivos prevenir todo tipo de violencia al interior de los centros educativos e informar los pasos que se deben cumplir, en caso de presentar una denuncia.<\/p>\n<p>[\/et_pb_text][et_pb_gallery _builder_version=\u00bb3.28&#8243; gallery_ids=\u00bb7489&#8243; hover_enabled=\u00bb0&#8243;][\/et_pb_gallery][\/et_pb_column][et_pb_column _builder_version=\u00bb3.28&#8243; type=\u00bb1_4&#8243;][\/et_pb_column][\/et_pb_row][\/et_pb_section]<\/p>\n","protected":false},"excerpt":{"rendered":"<p>El personal docente y estudiantes de la Unidad Educativa Monse\u00f1or Lorenzo Stehle participaron en la charla sobre Violencia de G\u00e9nero, que dict\u00f3 la Defensor\u00eda P\u00fablica de Santo Domingo de los [&hellip;]<\/p>\n","protected":false},"author":1,"featured_media":7486,"comment_status":"open","ping_status":"closed","template":"","meta":{"_et_pb_use_builder":"on","_et_pb_old_content":"","_et_gb_content_width":"","footnotes":""},"project_category":[8,5],"project_tag":[],"class_list":["post-7485","project","type-project","status-publish","has-post-thumbnail","hentry","project_category-cerca-a-ti","project_category-noticias"],"_links":{"self":[{"href":"https:\/\/www.defensoria.gob.ec\/index.php?rest_route=\/wp\/v2\/project\/7485","targetHints":{"allow":["GET"]}}],"collection":[{"href":"https:\/\/www.defensoria.gob.ec\/index.php?rest_route=\/wp\/v2\/project"}],"about":[{"href":"https:\/\/www.defensoria.gob.ec\/index.php?rest_route=\/wp\/v2\/types\/project"}],"author":[{"embeddable":true,"href":"https:\/\/www.defensoria.gob.ec\/index.php?rest_route=\/wp\/v2\/users\/1"}],"replies":[{"embeddable":true,"href":"https:\/\/www.defensoria.gob.ec\/index.php?rest_route=%2Fwp%2Fv2%2Fcomments&post=7485"}],"version-history":[{"count":0,"href":"https:\/\/www.defensoria.gob.ec\/index.php?rest_route=\/wp\/v2\/project\/7485\/revisions"}],"wp:featuredmedia":[{"embeddable":true,"href":"https:\/\/www.defensoria.gob.ec\/index.php?rest_route=\/wp\/v2\/media\/7486"}],"wp:attachment":[{"href":"https:\/\/www.defensoria.gob.ec\/index.php?rest_route=%2Fwp%2Fv2%2Fmedia&parent=7485"}],"wp:term":[{"taxonomy":"project_category","embeddable":true,"href":"https:\/\/www.defensoria.gob.ec\/index.php?rest_route=%2Fwp%2Fv2%2Fproject_category&post=7485"},{"taxonomy":"project_tag","embeddable":true,"href":"https:\/\/www.defensoria.gob.ec\/index.php?rest_route=%2Fwp%2Fv2%2Fproject_tag&post=7485"}],"curies":[{"name":"wp","href":"https:\/\/api.w.org\/{rel}","templated":true}]}}

Santo Domingo: Estudiantes recibieron charla preventiva sobre violencia de género

<p>[et_pb_section fb_built=»1&#8243; _builder_version=»3.28&#8243;][et_pb_row _builder_version=»3.28&#8243; column_structure=»3_4,1_4&#8243;][et_pb_column _builder_version=»3.28&#8243; type=»3_4&#8243;][et_pb_post_title _builder_version=»3.28&#8243; meta=»off» featured_image=»off» hover_enabled=»0&#8243;][/et_pb_post_title][et_pb_text _builder_version=»3.28&#8243; hover_enabled=»0&#8243;]</p>
<p style="text-align: justify;">El personal docente y estudiantes de la Unidad Educativa Monseñor Lorenzo Stehle participaron en la charla sobre Violencia de Género, que dictó la Defensoría Pública de Santo Domingo de los Tsáchilas con el apoyo del Consejo Cantonal de Protección de Derechos.</p>
<p style="text-align: justify;">El conversatorio tuvo como objetivos prevenir todo tipo de violencia al interior de los centros educativos e informar los pasos que se deben cumplir, en caso de presentar una denuncia.</p>
<p>[/et_pb_text][et_pb_gallery _builder_version=»3.28&#8243; gallery_ids=»7489&#8243; hover_enabled=»0&#8243;][/et_pb_gallery][/et_pb_column][et_pb_column _builder_version=»3.28&#8243; type=»1_4&#8243;][/et_pb_column][/et_pb_row][/et_pb_section]</p>

<p>El personal docente y estudiantes de la Unidad Educativa Monseñor Lorenzo Stehle participaron en la charla sobre Violencia de Género, que dictó la Defensoría Pública de Santo Domingo de los [&hellip;]</p>
