{"id":7362,"date":"2019-10-31T21:44:50","date_gmt":"2019-10-31T21:44:50","guid":{"rendered":"https:\/\/www.defensoria.gob.ec\/?post_type=project&#038;p=7362"},"modified":"2019-11-06T21:13:00","modified_gmt":"2019-11-06T21:13:00","slug":"pichincha-personal-misional-se-capacito-en-movilidad-humana-y-refugio","status":"publish","type":"project","link":"https:\/\/www.defensoria.gob.ec\/?project=pichincha-personal-misional-se-capacito-en-movilidad-humana-y-refugio","title":{"rendered":"Pichincha: Personal misional se capacit\u00f3 en movilidad humana y refugio"},"content":{"rendered":"<p>[et_pb_section fb_built=\u00bb1&#8243; _builder_version=\u00bb3.28&#8243; fb_built=\u00bb1&#8243; _i=\u00bb0&#8243; _address=\u00bb0&#8243;][et_pb_row column_structure=\u00bb3_4,1_4&#8243; _builder_version=\u00bb3.28&#8243; _i=\u00bb0&#8243; _address=\u00bb0.0&#8243;][et_pb_column type=\u00bb3_4&#8243; _builder_version=\u00bb3.28&#8243; _i=\u00bb0&#8243; _address=\u00bb0.0.0&#8243;][et_pb_post_title meta=\u00bboff\u00bb featured_image=\u00bboff\u00bb _builder_version=\u00bb3.28&#8243; _i=\u00bb0&#8243; _address=\u00bb0.0.0.0&#8243;][\/et_pb_post_title][et_pb_text _builder_version=\u00bb3.28&#8243; _i=\u00bb1&#8243; _address=\u00bb0.0.0.1&#8243;]<\/p>\n<p style=\"text-align: justify;\">Asistentes legales y defensores p\u00fablicos de la provincia de Pichincha se capacitaron en la tem\u00e1tica <em>Determinaci\u00f3n de la Condici\u00f3n de Refugiado<\/em>, que tuvo como facilitadores al delegado del Alto Comisionado de las Naciones Unidas para los Refugiados (ACNUR), Pedro Velasco; al jefe del \u00c1rea de V\u00edctimas y Movilidad Humana, Andr\u00e9s Aguirre; y a la defensora p\u00fablica especialista en temas de movilidad humana, Nina Guerrero.<\/p>\n<p style=\"text-align: justify;\">Las jornadas de capacitaci\u00f3n tienen como objetivo mejorar la atenci\u00f3n a las personas en condici\u00f3n de movilidad\u00a0 humana y garantizar la defensa, en los procesos administrativos o judiciales,\u00a0 tras el incremento de usuarios en la Unidad de Movilidad Humana de la Defensor\u00eda P\u00fablica.<\/p>\n<p>[\/et_pb_text][et_pb_gallery gallery_ids=\u00bb7367&#8243; _builder_version=\u00bb3.28&#8243; _i=\u00bb2&#8243; _address=\u00bb0.0.0.2&#8243;][\/et_pb_gallery][et_pb_gallery gallery_ids=\u00bb7363&#8243; _builder_version=\u00bb3.28&#8243; _i=\u00bb3&#8243; _address=\u00bb0.0.0.3&#8243;][\/et_pb_gallery][\/et_pb_column][et_pb_column type=\u00bb1_4&#8243; _builder_version=\u00bb3.28&#8243; _i=\u00bb1&#8243; _address=\u00bb0.0.1&#8243;][et_pb_sidebar _builder_version=\u00bb3.28&#8243; hover_enabled=\u00bb0&#8243;][\/et_pb_sidebar][\/et_pb_column][\/et_pb_row][\/et_pb_section]<\/p>\n","protected":false},"excerpt":{"rendered":"<p>Asistentes legales y defensores p\u00fablicos de la provincia de Pichincha se capacitaron en la tem\u00e1tica Determinaci\u00f3n de la Condici\u00f3n de Refugiado, que tuvo como facilitadores al delegado del Alto Comisionado [&hellip;]<\/p>\n","protected":false},"author":1,"featured_media":7367,"comment_status":"open","ping_status":"closed","template":"","meta":{"_et_pb_use_builder":"on","_et_pb_old_content":"","_et_gb_content_width":"","footnotes":""},"project_category":[8,5],"project_tag":[],"class_list":["post-7362","project","type-project","status-publish","has-post-thumbnail","hentry","project_category-cerca-a-ti","project_category-noticias"],"_links":{"self":[{"href":"https:\/\/www.defensoria.gob.ec\/index.php?rest_route=\/wp\/v2\/project\/7362","targetHints":{"allow":["GET"]}}],"collection":[{"href":"https:\/\/www.defensoria.gob.ec\/index.php?rest_route=\/wp\/v2\/project"}],"about":[{"href":"https:\/\/www.defensoria.gob.ec\/index.php?rest_route=\/wp\/v2\/types\/project"}],"author":[{"embeddable":true,"href":"https:\/\/www.defensoria.gob.ec\/index.php?rest_route=\/wp\/v2\/users\/1"}],"replies":[{"embeddable":true,"href":"https:\/\/www.defensoria.gob.ec\/index.php?rest_route=%2Fwp%2Fv2%2Fcomments&post=7362"}],"version-history":[{"count":0,"href":"https:\/\/www.defensoria.gob.ec\/index.php?rest_route=\/wp\/v2\/project\/7362\/revisions"}],"wp:featuredmedia":[{"embeddable":true,"href":"https:\/\/www.defensoria.gob.ec\/index.php?rest_route=\/wp\/v2\/media\/7367"}],"wp:attachment":[{"href":"https:\/\/www.defensoria.gob.ec\/index.php?rest_route=%2Fwp%2Fv2%2Fmedia&parent=7362"}],"wp:term":[{"taxonomy":"project_category","embeddable":true,"href":"https:\/\/www.defensoria.gob.ec\/index.php?rest_route=%2Fwp%2Fv2%2Fproject_category&post=7362"},{"taxonomy":"project_tag","embeddable":true,"href":"https:\/\/www.defensoria.gob.ec\/index.php?rest_route=%2Fwp%2Fv2%2Fproject_tag&post=7362"}],"curies":[{"name":"wp","href":"https:\/\/api.w.org\/{rel}","templated":true}]}}

Pichincha: Personal misional se capacitó en movilidad humana y refugio

<p>[et_pb_section fb_built=»1&#8243; _builder_version=»3.28&#8243; fb_built=»1&#8243; _i=»0&#8243; _address=»0&#8243;][et_pb_row column_structure=»3_4,1_4&#8243; _builder_version=»3.28&#8243; _i=»0&#8243; _address=»0.0&#8243;][et_pb_column type=»3_4&#8243; _builder_version=»3.28&#8243; _i=»0&#8243; _address=»0.0.0&#8243;][et_pb_post_title meta=»off» featured_image=»off» _builder_version=»3.28&#8243; _i=»0&#8243; _address=»0.0.0.0&#8243;][/et_pb_post_title][et_pb_text _builder_version=»3.28&#8243; _i=»1&#8243; _address=»0.0.0.1&#8243;]</p>
<p style="text-align: justify;">Asistentes legales y defensores públicos de la provincia de Pichincha se capacitaron en la temática <em>Determinación de la Condición de Refugiado</em>, que tuvo como facilitadores al delegado del Alto Comisionado de las Naciones Unidas para los Refugiados (ACNUR), Pedro Velasco; al jefe del Área de Víctimas y Movilidad Humana, Andrés Aguirre; y a la defensora pública especialista en temas de movilidad humana, Nina Guerrero.</p>
<p style="text-align: justify;">Las jornadas de capacitación tienen como objetivo mejorar la atención a las personas en condición de movilidad  humana y garantizar la defensa, en los procesos administrativos o judiciales,  tras el incremento de usuarios en la Unidad de Movilidad Humana de la Defensoría Pública.</p>
<p>[/et_pb_text][et_pb_gallery gallery_ids=»7367&#8243; _builder_version=»3.28&#8243; _i=»2&#8243; _address=»0.0.0.2&#8243;][/et_pb_gallery][et_pb_gallery gallery_ids=»7363&#8243; _builder_version=»3.28&#8243; _i=»3&#8243; _address=»0.0.0.3&#8243;][/et_pb_gallery][/et_pb_column][et_pb_column type=»1_4&#8243; _builder_version=»3.28&#8243; _i=»1&#8243; _address=»0.0.1&#8243;][et_pb_sidebar _builder_version=»3.28&#8243; hover_enabled=»0&#8243;][/et_pb_sidebar][/et_pb_column][/et_pb_row][/et_pb_section]</p>

<p>Asistentes legales y defensores públicos de la provincia de Pichincha se capacitaron en la temática Determinación de la Condición de Refugiado, que tuvo como facilitadores al delegado del Alto Comisionado [&hellip;]</p>
