{"id":7328,"date":"2019-10-30T12:58:29","date_gmt":"2019-10-30T12:58:29","guid":{"rendered":"https:\/\/www.defensoria.gob.ec\/?post_type=project&#038;p=7328"},"modified":"2019-10-30T12:58:29","modified_gmt":"2019-10-30T12:58:29","slug":"bolivar-defensoria-publica-realiza-feria-informativa-en-centro-de-adultos","status":"publish","type":"project","link":"https:\/\/www.defensoria.gob.ec\/?project=bolivar-defensoria-publica-realiza-feria-informativa-en-centro-de-adultos","title":{"rendered":"Bol\u00edvar: Defensor\u00eda P\u00fablica realiza feria informativa en centro de adultos"},"content":{"rendered":"<p>[et_pb_section fb_built=\u00bb1&#8243; _builder_version=\u00bb3.28&#8243;][et_pb_row _builder_version=\u00bb3.28&#8243; column_structure=\u00bb3_4,1_4&#8243;][et_pb_column _builder_version=\u00bb3.28&#8243; type=\u00bb3_4&#8243;][et_pb_post_title _builder_version=\u00bb3.28&#8243; meta=\u00bboff\u00bb featured_image=\u00bboff\u00bb hover_enabled=\u00bb0&#8243;][\/et_pb_post_title][et_pb_text _builder_version=\u00bb3.28&#8243; hover_enabled=\u00bb0&#8243;]<\/p>\n<p style=\"text-align: justify;\"><span>La Defensor\u00eda P\u00fablica de Bol\u00edvar realiz\u00f3 una feria informativa, en el Centro Gerontol\u00f3gico Residencial del Buen Vivir para Adultos Mayores del Ministerio de Inclusi\u00f3n Econ\u00f3mica y\u00a0 Social (MIES), el 25 de octubre de 2019.<\/span><\/p>\n<p style=\"text-align: justify;\"><span>Usuarios y personal administrativo conocieron los servicios que ofrece la Instituci\u00f3n, tanto en el \u00e1mbito social como en materia penal.<\/span><\/p>\n<p>[\/et_pb_text][et_pb_gallery _builder_version=\u00bb3.28&#8243; gallery_ids=\u00bb7329&#8243; hover_enabled=\u00bb0&#8243;][\/et_pb_gallery][\/et_pb_column][et_pb_column _builder_version=\u00bb3.28&#8243; type=\u00bb1_4&#8243;][et_pb_sidebar _builder_version=\u00bb3.28&#8243; hover_enabled=\u00bb0&#8243;][\/et_pb_sidebar][\/et_pb_column][\/et_pb_row][\/et_pb_section]<\/p>\n","protected":false},"excerpt":{"rendered":"<p>La Defensor\u00eda P\u00fablica de Bol\u00edvar realiz\u00f3 una feria informativa, en el Centro Gerontol\u00f3gico Residencial del Buen Vivir para Adultos Mayores del Ministerio de Inclusi\u00f3n Econ\u00f3mica y\u00a0 Social (MIES), el 25 [&hellip;]<\/p>\n","protected":false},"author":1,"featured_media":7329,"comment_status":"open","ping_status":"closed","template":"","meta":{"_et_pb_use_builder":"on","_et_pb_old_content":"","_et_gb_content_width":"","footnotes":""},"project_category":[8,5],"project_tag":[],"class_list":["post-7328","project","type-project","status-publish","has-post-thumbnail","hentry","project_category-cerca-a-ti","project_category-noticias"],"_links":{"self":[{"href":"https:\/\/www.defensoria.gob.ec\/index.php?rest_route=\/wp\/v2\/project\/7328","targetHints":{"allow":["GET"]}}],"collection":[{"href":"https:\/\/www.defensoria.gob.ec\/index.php?rest_route=\/wp\/v2\/project"}],"about":[{"href":"https:\/\/www.defensoria.gob.ec\/index.php?rest_route=\/wp\/v2\/types\/project"}],"author":[{"embeddable":true,"href":"https:\/\/www.defensoria.gob.ec\/index.php?rest_route=\/wp\/v2\/users\/1"}],"replies":[{"embeddable":true,"href":"https:\/\/www.defensoria.gob.ec\/index.php?rest_route=%2Fwp%2Fv2%2Fcomments&post=7328"}],"version-history":[{"count":0,"href":"https:\/\/www.defensoria.gob.ec\/index.php?rest_route=\/wp\/v2\/project\/7328\/revisions"}],"wp:featuredmedia":[{"embeddable":true,"href":"https:\/\/www.defensoria.gob.ec\/index.php?rest_route=\/wp\/v2\/media\/7329"}],"wp:attachment":[{"href":"https:\/\/www.defensoria.gob.ec\/index.php?rest_route=%2Fwp%2Fv2%2Fmedia&parent=7328"}],"wp:term":[{"taxonomy":"project_category","embeddable":true,"href":"https:\/\/www.defensoria.gob.ec\/index.php?rest_route=%2Fwp%2Fv2%2Fproject_category&post=7328"},{"taxonomy":"project_tag","embeddable":true,"href":"https:\/\/www.defensoria.gob.ec\/index.php?rest_route=%2Fwp%2Fv2%2Fproject_tag&post=7328"}],"curies":[{"name":"wp","href":"https:\/\/api.w.org\/{rel}","templated":true}]}}

Bolívar: Defensoría Pública realiza feria informativa en centro de adultos

<p>[et_pb_section fb_built=»1&#8243; _builder_version=»3.28&#8243;][et_pb_row _builder_version=»3.28&#8243; column_structure=»3_4,1_4&#8243;][et_pb_column _builder_version=»3.28&#8243; type=»3_4&#8243;][et_pb_post_title _builder_version=»3.28&#8243; meta=»off» featured_image=»off» hover_enabled=»0&#8243;][/et_pb_post_title][et_pb_text _builder_version=»3.28&#8243; hover_enabled=»0&#8243;]</p>
<p style="text-align: justify;"><span>La Defensoría Pública de Bolívar realizó una feria informativa, en el Centro Gerontológico Residencial del Buen Vivir para Adultos Mayores del Ministerio de Inclusión Económica y  Social (MIES), el 25 de octubre de 2019.</span></p>
<p style="text-align: justify;"><span>Usuarios y personal administrativo conocieron los servicios que ofrece la Institución, tanto en el ámbito social como en materia penal.</span></p>
<p>[/et_pb_text][et_pb_gallery _builder_version=»3.28&#8243; gallery_ids=»7329&#8243; hover_enabled=»0&#8243;][/et_pb_gallery][/et_pb_column][et_pb_column _builder_version=»3.28&#8243; type=»1_4&#8243;][et_pb_sidebar _builder_version=»3.28&#8243; hover_enabled=»0&#8243;][/et_pb_sidebar][/et_pb_column][/et_pb_row][/et_pb_section]</p>

<p>La Defensoría Pública de Bolívar realizó una feria informativa, en el Centro Gerontológico Residencial del Buen Vivir para Adultos Mayores del Ministerio de Inclusión Económica y  Social (MIES), el 25 [&hellip;]</p>
