{"id":7261,"date":"2019-10-28T14:02:50","date_gmt":"2019-10-28T14:02:50","guid":{"rendered":"https:\/\/www.defensoria.gob.ec\/?post_type=project&#038;p=7261"},"modified":"2019-10-28T14:02:50","modified_gmt":"2019-10-28T14:02:50","slug":"defensoria-publica-difunde-servicios-en-feria-ciudadana-en-los-rios","status":"publish","type":"project","link":"https:\/\/www.defensoria.gob.ec\/?project=defensoria-publica-difunde-servicios-en-feria-ciudadana-en-los-rios","title":{"rendered":"Defensor\u00eda P\u00fablica difunde servicios en feria ciudadana en Los R\u00edos"},"content":{"rendered":"<p>[et_pb_section fb_built=\u00bb1&#8243; _builder_version=\u00bb3.28&#8243;][et_pb_row _builder_version=\u00bb3.28&#8243; column_structure=\u00bb3_4,1_4&#8243;][et_pb_column _builder_version=\u00bb3.28&#8243; type=\u00bb3_4&#8243;][et_pb_post_title _builder_version=\u00bb3.28&#8243; meta=\u00bboff\u00bb featured_image=\u00bboff\u00bb hover_enabled=\u00bb0&#8243;][\/et_pb_post_title][et_pb_text _builder_version=\u00bb3.28&#8243; hover_enabled=\u00bb0&#8243;]<\/p>\n<p style=\"text-align: justify;\">La Defensor\u00eda P\u00fablica Provincial de Los R\u00edos particip\u00f3 en la feria ciudadana denominada <em>El Rol de tu Amigo Judicial,<\/em> que organiz\u00f3 la Direcci\u00f3n del Consejo de la Judicatura en la ciudad de Babahoyo, con el objetivo de conmemorar el d\u00eda del Servidor Judicial ecuatoriano, el 24 de octubre de 2019.<\/p>\n<p style=\"text-align: justify;\">En el evento inaugural participaron la Defensora P\u00fablica Regional del Litoral, Michele Portaluppi; Esteban Saltos, director del Consejo de la Judicatura de Los R\u00edos; Nelson Campbell, presidente subrogante de la Corte de Justicia de Los R\u00edos; Crnel. Rafael A\u00f1azco, Jefe de la Polic\u00eda del Distrito Babahoyo; Ver\u00f3nica Valencia, representante de la Universidad Regional Aut\u00f3noma de Los Andes; y Luis Pesantes, Fiscal de Los R\u00edos.<\/p>\n<p style=\"text-align: justify;\">Cerca de 200 estudiantes universitarios y de bachillerato se dieron cita en la feria en la que la Defensora P\u00fablica del Litoral destac\u00f3 la misi\u00f3n de la defensa p\u00fablica, que radica en \u201cdefender gratuitamente a las personas de escasos recursos que se encuentren en condici\u00f3n de vulnerabilidad, ya sea econ\u00f3mica, social o pol\u00edtica\u201d. Agreg\u00f3 que se trata de un trabajo social dedicado a los grupos vulnerables y m\u00e1s necesitados.<\/p>\n<p>[\/et_pb_text][et_pb_gallery _builder_version=\u00bb3.28&#8243; gallery_ids=\u00bb7262,7265&#8243; hover_enabled=\u00bb0&#8243;][\/et_pb_gallery][\/et_pb_column][et_pb_column _builder_version=\u00bb3.28&#8243; type=\u00bb1_4&#8243;][\/et_pb_column][\/et_pb_row][\/et_pb_section]<\/p>\n","protected":false},"excerpt":{"rendered":"<p>La Defensor\u00eda P\u00fablica Provincial de Los R\u00edos particip\u00f3 en la feria ciudadana denominada El Rol de tu Amigo Judicial, que organiz\u00f3 la Direcci\u00f3n del Consejo de la Judicatura en la [&hellip;]<\/p>\n","protected":false},"author":1,"featured_media":7262,"comment_status":"open","ping_status":"closed","template":"","meta":{"_et_pb_use_builder":"on","_et_pb_old_content":"","_et_gb_content_width":"","footnotes":""},"project_category":[8,5],"project_tag":[],"class_list":["post-7261","project","type-project","status-publish","has-post-thumbnail","hentry","project_category-cerca-a-ti","project_category-noticias"],"_links":{"self":[{"href":"https:\/\/www.defensoria.gob.ec\/index.php?rest_route=\/wp\/v2\/project\/7261","targetHints":{"allow":["GET"]}}],"collection":[{"href":"https:\/\/www.defensoria.gob.ec\/index.php?rest_route=\/wp\/v2\/project"}],"about":[{"href":"https:\/\/www.defensoria.gob.ec\/index.php?rest_route=\/wp\/v2\/types\/project"}],"author":[{"embeddable":true,"href":"https:\/\/www.defensoria.gob.ec\/index.php?rest_route=\/wp\/v2\/users\/1"}],"replies":[{"embeddable":true,"href":"https:\/\/www.defensoria.gob.ec\/index.php?rest_route=%2Fwp%2Fv2%2Fcomments&post=7261"}],"version-history":[{"count":0,"href":"https:\/\/www.defensoria.gob.ec\/index.php?rest_route=\/wp\/v2\/project\/7261\/revisions"}],"wp:featuredmedia":[{"embeddable":true,"href":"https:\/\/www.defensoria.gob.ec\/index.php?rest_route=\/wp\/v2\/media\/7262"}],"wp:attachment":[{"href":"https:\/\/www.defensoria.gob.ec\/index.php?rest_route=%2Fwp%2Fv2%2Fmedia&parent=7261"}],"wp:term":[{"taxonomy":"project_category","embeddable":true,"href":"https:\/\/www.defensoria.gob.ec\/index.php?rest_route=%2Fwp%2Fv2%2Fproject_category&post=7261"},{"taxonomy":"project_tag","embeddable":true,"href":"https:\/\/www.defensoria.gob.ec\/index.php?rest_route=%2Fwp%2Fv2%2Fproject_tag&post=7261"}],"curies":[{"name":"wp","href":"https:\/\/api.w.org\/{rel}","templated":true}]}}

Defensoría Pública difunde servicios en feria ciudadana en Los Ríos

<p>[et_pb_section fb_built=»1&#8243; _builder_version=»3.28&#8243;][et_pb_row _builder_version=»3.28&#8243; column_structure=»3_4,1_4&#8243;][et_pb_column _builder_version=»3.28&#8243; type=»3_4&#8243;][et_pb_post_title _builder_version=»3.28&#8243; meta=»off» featured_image=»off» hover_enabled=»0&#8243;][/et_pb_post_title][et_pb_text _builder_version=»3.28&#8243; hover_enabled=»0&#8243;]</p>
<p style="text-align: justify;">La Defensoría Pública Provincial de Los Ríos participó en la feria ciudadana denominada <em>El Rol de tu Amigo Judicial,</em> que organizó la Dirección del Consejo de la Judicatura en la ciudad de Babahoyo, con el objetivo de conmemorar el día del Servidor Judicial ecuatoriano, el 24 de octubre de 2019.</p>
<p style="text-align: justify;">En el evento inaugural participaron la Defensora Pública Regional del Litoral, Michele Portaluppi; Esteban Saltos, director del Consejo de la Judicatura de Los Ríos; Nelson Campbell, presidente subrogante de la Corte de Justicia de Los Ríos; Crnel. Rafael Añazco, Jefe de la Policía del Distrito Babahoyo; Verónica Valencia, representante de la Universidad Regional Autónoma de Los Andes; y Luis Pesantes, Fiscal de Los Ríos.</p>
<p style="text-align: justify;">Cerca de 200 estudiantes universitarios y de bachillerato se dieron cita en la feria en la que la Defensora Pública del Litoral destacó la misión de la defensa pública, que radica en “defender gratuitamente a las personas de escasos recursos que se encuentren en condición de vulnerabilidad, ya sea económica, social o política”. Agregó que se trata de un trabajo social dedicado a los grupos vulnerables y más necesitados.</p>
<p>[/et_pb_text][et_pb_gallery _builder_version=»3.28&#8243; gallery_ids=»7262,7265&#8243; hover_enabled=»0&#8243;][/et_pb_gallery][/et_pb_column][et_pb_column _builder_version=»3.28&#8243; type=»1_4&#8243;][/et_pb_column][/et_pb_row][/et_pb_section]</p>

<p>La Defensoría Pública Provincial de Los Ríos participó en la feria ciudadana denominada El Rol de tu Amigo Judicial, que organizó la Dirección del Consejo de la Judicatura en la [&hellip;]</p>
