{"id":7256,"date":"2019-10-28T13:51:48","date_gmt":"2019-10-28T13:51:48","guid":{"rendered":"https:\/\/www.defensoria.gob.ec\/?post_type=project&#038;p=7256"},"modified":"2019-10-28T13:51:48","modified_gmt":"2019-10-28T13:51:48","slug":"imbabura-estudiantes-conocen-los-servicios-de-la-defensoria-publica-en-feria-ciudadana","status":"publish","type":"project","link":"https:\/\/www.defensoria.gob.ec\/?project=imbabura-estudiantes-conocen-los-servicios-de-la-defensoria-publica-en-feria-ciudadana","title":{"rendered":"Imbabura: Estudiantes conocen los servicios de la Defensor\u00eda P\u00fablica en feria ciudadana"},"content":{"rendered":"<p>[et_pb_section fb_built=\u00bb1&#8243; _builder_version=\u00bb3.28&#8243;][et_pb_row _builder_version=\u00bb3.28&#8243; column_structure=\u00bb3_4,1_4&#8243;][et_pb_column _builder_version=\u00bb3.28&#8243; type=\u00bb3_4&#8243;][et_pb_post_title _builder_version=\u00bb3.28&#8243; meta=\u00bboff\u00bb featured_image=\u00bboff\u00bb hover_enabled=\u00bb0&#8243;][\/et_pb_post_title][et_pb_text _builder_version=\u00bb3.28&#8243; hover_enabled=\u00bb0&#8243;]<\/p>\n<p style=\"text-align: justify;\">Estudiantes de la Unidad Educativa Teodoro G\u00f3mez de la Torre, de la ciudad de Ibarra, participaron en la feria ciudadana, que organiz\u00f3 el Consejo de la Judicatura, el 23 de octubre de 2019, con la participaci\u00f3n de funcionarios de la Defensor\u00eda P\u00fablica, para dar a conocer sobre la labor que realiza la instituci\u00f3n en la localidad.<\/p>\n<p style=\"text-align: justify;\">\u201cEs importante, para la instituci\u00f3n, tener estos espacios porque permiten que los estudiantes aprendan sobre sus Derechos, c\u00f3mo reconocer las formas de violencia y qu\u00e9 hacer si son v\u00edctimas de violencia\u201d, se\u00f1al\u00f3 el Defensor P\u00fablico de la provincia de Imbabura, Dr. Carlos Espinoza.<\/p>\n<p style=\"text-align: justify;\">Durante la jornada, los defensores p\u00fablicos hablaron sobre las diferentes manifestaciones de violencia y resaltaron la importancia de mantener una convivencia pac\u00edfica. Adem\u00e1s, estudiantes y maestros recibieron material informativo.\u00a0<\/p>\n<p style=\"text-align: justify;\">La feria cont\u00f3 con espacios informativos de la Fiscal\u00eda provincial, Polic\u00eda Nacional, Consejo de la Judicatura y Defensor\u00eda P\u00fablica\u00a0 a donde llegaron m\u00e1s de 300 estudiantes.<\/p>\n<p>[\/et_pb_text][et_pb_gallery _builder_version=\u00bb3.28&#8243; gallery_ids=\u00bb7257&#8243; hover_enabled=\u00bb0&#8243;][\/et_pb_gallery][\/et_pb_column][et_pb_column _builder_version=\u00bb3.28&#8243; type=\u00bb1_4&#8243;][et_pb_sidebar _builder_version=\u00bb3.28&#8243; hover_enabled=\u00bb0&#8243;][\/et_pb_sidebar][\/et_pb_column][\/et_pb_row][\/et_pb_section]<\/p>\n","protected":false},"excerpt":{"rendered":"<p>Estudiantes de la Unidad Educativa Teodoro G\u00f3mez de la Torre, de la ciudad de Ibarra, participaron en la feria ciudadana, que organiz\u00f3 el Consejo de la Judicatura, el 23 de [&hellip;]<\/p>\n","protected":false},"author":1,"featured_media":7257,"comment_status":"open","ping_status":"closed","template":"","meta":{"_et_pb_use_builder":"on","_et_pb_old_content":"","_et_gb_content_width":"","footnotes":""},"project_category":[8,5],"project_tag":[],"class_list":["post-7256","project","type-project","status-publish","has-post-thumbnail","hentry","project_category-cerca-a-ti","project_category-noticias"],"_links":{"self":[{"href":"https:\/\/www.defensoria.gob.ec\/index.php?rest_route=\/wp\/v2\/project\/7256","targetHints":{"allow":["GET"]}}],"collection":[{"href":"https:\/\/www.defensoria.gob.ec\/index.php?rest_route=\/wp\/v2\/project"}],"about":[{"href":"https:\/\/www.defensoria.gob.ec\/index.php?rest_route=\/wp\/v2\/types\/project"}],"author":[{"embeddable":true,"href":"https:\/\/www.defensoria.gob.ec\/index.php?rest_route=\/wp\/v2\/users\/1"}],"replies":[{"embeddable":true,"href":"https:\/\/www.defensoria.gob.ec\/index.php?rest_route=%2Fwp%2Fv2%2Fcomments&post=7256"}],"version-history":[{"count":0,"href":"https:\/\/www.defensoria.gob.ec\/index.php?rest_route=\/wp\/v2\/project\/7256\/revisions"}],"wp:featuredmedia":[{"embeddable":true,"href":"https:\/\/www.defensoria.gob.ec\/index.php?rest_route=\/wp\/v2\/media\/7257"}],"wp:attachment":[{"href":"https:\/\/www.defensoria.gob.ec\/index.php?rest_route=%2Fwp%2Fv2%2Fmedia&parent=7256"}],"wp:term":[{"taxonomy":"project_category","embeddable":true,"href":"https:\/\/www.defensoria.gob.ec\/index.php?rest_route=%2Fwp%2Fv2%2Fproject_category&post=7256"},{"taxonomy":"project_tag","embeddable":true,"href":"https:\/\/www.defensoria.gob.ec\/index.php?rest_route=%2Fwp%2Fv2%2Fproject_tag&post=7256"}],"curies":[{"name":"wp","href":"https:\/\/api.w.org\/{rel}","templated":true}]}}

Imbabura: Estudiantes conocen los servicios de la Defensoría Pública en feria ciudadana

<p>[et_pb_section fb_built=»1&#8243; _builder_version=»3.28&#8243;][et_pb_row _builder_version=»3.28&#8243; column_structure=»3_4,1_4&#8243;][et_pb_column _builder_version=»3.28&#8243; type=»3_4&#8243;][et_pb_post_title _builder_version=»3.28&#8243; meta=»off» featured_image=»off» hover_enabled=»0&#8243;][/et_pb_post_title][et_pb_text _builder_version=»3.28&#8243; hover_enabled=»0&#8243;]</p>
<p style="text-align: justify;">Estudiantes de la Unidad Educativa Teodoro Gómez de la Torre, de la ciudad de Ibarra, participaron en la feria ciudadana, que organizó el Consejo de la Judicatura, el 23 de octubre de 2019, con la participación de funcionarios de la Defensoría Pública, para dar a conocer sobre la labor que realiza la institución en la localidad.</p>
<p style="text-align: justify;">“Es importante, para la institución, tener estos espacios porque permiten que los estudiantes aprendan sobre sus Derechos, cómo reconocer las formas de violencia y qué hacer si son víctimas de violencia”, señaló el Defensor Público de la provincia de Imbabura, Dr. Carlos Espinoza.</p>
<p style="text-align: justify;">Durante la jornada, los defensores públicos hablaron sobre las diferentes manifestaciones de violencia y resaltaron la importancia de mantener una convivencia pacífica. Además, estudiantes y maestros recibieron material informativo. </p>
<p style="text-align: justify;">La feria contó con espacios informativos de la Fiscalía provincial, Policía Nacional, Consejo de la Judicatura y Defensoría Pública  a donde llegaron más de 300 estudiantes.</p>
<p>[/et_pb_text][et_pb_gallery _builder_version=»3.28&#8243; gallery_ids=»7257&#8243; hover_enabled=»0&#8243;][/et_pb_gallery][/et_pb_column][et_pb_column _builder_version=»3.28&#8243; type=»1_4&#8243;][et_pb_sidebar _builder_version=»3.28&#8243; hover_enabled=»0&#8243;][/et_pb_sidebar][/et_pb_column][/et_pb_row][/et_pb_section]</p>

<p>Estudiantes de la Unidad Educativa Teodoro Gómez de la Torre, de la ciudad de Ibarra, participaron en la feria ciudadana, que organizó el Consejo de la Judicatura, el 23 de [&hellip;]</p>
