{"id":7199,"date":"2019-10-22T21:44:08","date_gmt":"2019-10-22T21:44:08","guid":{"rendered":"https:\/\/www.defensoria.gob.ec\/?post_type=project&#038;p=7199"},"modified":"2019-10-22T21:44:08","modified_gmt":"2019-10-22T21:44:08","slug":"defensoria-movil-atiende-consultas-en-materia-laboral","status":"publish","type":"project","link":"https:\/\/www.defensoria.gob.ec\/?project=defensoria-movil-atiende-consultas-en-materia-laboral","title":{"rendered":"Defensor\u00eda M\u00f3vil atiende consultas en materia laboral"},"content":{"rendered":"<p>[et_pb_section fb_built=\u00bb1&#8243; _builder_version=\u00bb3.28&#8243;][et_pb_row _builder_version=\u00bb3.28&#8243;][et_pb_column _builder_version=\u00bb3.28&#8243; type=\u00bb4_4&#8243;][et_pb_post_title _builder_version=\u00bb3.28&#8243; meta=\u00bboff\u00bb featured_image=\u00bboff\u00bb hover_enabled=\u00bb0&#8243;][\/et_pb_post_title][et_pb_text _builder_version=\u00bb3.28&#8243; hover_enabled=\u00bb0&#8243;]<\/p>\n<p style=\"text-align: justify;\">Como parte de un plan piloto entre la Defensor\u00eda P\u00fablica y el Ministerio de Trabajo, una de las dos unidades m\u00f3viles atender\u00e1 a la ciudadan\u00eda, hasta el viernes 25 de octubre de 2019, en los exteriores de la Direcci\u00f3n Regional del Trabajo y Servicio P\u00fablico de Quito, en la calle Clemente Ponce y Piedrahita, Edificio G\u00e9minis.<\/p>\n<p style=\"text-align: justify;\">Al lugar asisti\u00f3 el Defensor P\u00fablico General, Dr. \u00c1ngel Torres Machuca, quien constat\u00f3\u00a0 el servicio que se ofrece a los\u00a0 usuarios y dio a conocer que, en lo que va del a\u00f1o, las Defensor\u00edas M\u00f3viles atendieron a alrededor de 2.600 personas.<\/p>\n<p style=\"text-align: justify;\">As\u00ed mismo, indic\u00f3 que la Defensor\u00eda P\u00fablica trabaja en un convenio de cooperaci\u00f3n interinstitucional con el Ministerio de Trabajo, para habilitar un punto de atenci\u00f3n permanente, en el edificio de la Direcci\u00f3n Regional del Trabajo de Quito, con el\u00a0 fin de que los defensores p\u00fablicos asistan a las audiencias y entreguen patrocinio en materia laboral.<\/p>\n<p style=\"text-align: justify;\">La directora Regional del Trabajo y Servicio P\u00fablico de Quito, Carla Navarrete, destac\u00f3 la cooperaci\u00f3n interinstitucional, para la prestaci\u00f3n oportuna y gratuita de asesor\u00eda legal y patrocinio a los ciudadanos que, en su mayor\u00eda, termin\u00f3 su relaci\u00f3n laboral o fue despedido.<\/p>\n<p style=\"text-align: justify;\">Las personas que acudieron a la Defensor\u00eda M\u00f3vil expresaron su satisfacci\u00f3n por tener un punto de atenci\u00f3n que les oriente en sus tr\u00e1mites laborales. A la unidad m\u00f3vil se acerc\u00f3 Luis,\u00a0 quien fue despedido de la empresa en la que trabajaba, para conocer los tr\u00e1mites que debe realizar con el fin de lograr el pago de su indemnizaci\u00f3n.<\/p>\n<p style=\"text-align: justify;\">En tanto, Kevin, quien tambi\u00e9n fue despedido, agradeci\u00f3 la atenci\u00f3n recibida por los asistentes legales de la Defensor\u00eda P\u00fablica, quienes le guiaron para lograr el pago de su liquidaci\u00f3n, que gestiona desde hace m\u00e1s de un a\u00f1o.<\/p>\n<p style=\"text-align: justify;\">La Defensor\u00eda M\u00f3vil, durante esta semana, brindar\u00e1 asesor\u00eda legal en temas laborales, tales como reclamaciones de despido intempestivo e impugnaci\u00f3n por visto bueno, acta de finiquito y desahucio.<\/p>\n<p>[\/et_pb_text][et_pb_gallery _builder_version=\u00bb3.28&#8243; gallery_ids=\u00bb7200,7202&#8243; hover_enabled=\u00bb0&#8243;][\/et_pb_gallery][\/et_pb_column][\/et_pb_row][\/et_pb_section]<\/p>\n","protected":false},"excerpt":{"rendered":"<p>Como parte de un plan piloto entre la Defensor\u00eda P\u00fablica y el Ministerio de Trabajo, una de las dos unidades m\u00f3viles atender\u00e1 a la ciudadan\u00eda, hasta el viernes 25 de [&hellip;]<\/p>\n","protected":false},"author":1,"featured_media":7202,"comment_status":"open","ping_status":"closed","template":"","meta":{"_et_pb_use_builder":"on","_et_pb_old_content":"","_et_gb_content_width":"","footnotes":""},"project_category":[12,5],"project_tag":[],"class_list":["post-7199","project","type-project","status-publish","has-post-thumbnail","hentry","project_category-defensorias-moviles","project_category-noticias"],"_links":{"self":[{"href":"https:\/\/www.defensoria.gob.ec\/index.php?rest_route=\/wp\/v2\/project\/7199","targetHints":{"allow":["GET"]}}],"collection":[{"href":"https:\/\/www.defensoria.gob.ec\/index.php?rest_route=\/wp\/v2\/project"}],"about":[{"href":"https:\/\/www.defensoria.gob.ec\/index.php?rest_route=\/wp\/v2\/types\/project"}],"author":[{"embeddable":true,"href":"https:\/\/www.defensoria.gob.ec\/index.php?rest_route=\/wp\/v2\/users\/1"}],"replies":[{"embeddable":true,"href":"https:\/\/www.defensoria.gob.ec\/index.php?rest_route=%2Fwp%2Fv2%2Fcomments&post=7199"}],"version-history":[{"count":0,"href":"https:\/\/www.defensoria.gob.ec\/index.php?rest_route=\/wp\/v2\/project\/7199\/revisions"}],"wp:featuredmedia":[{"embeddable":true,"href":"https:\/\/www.defensoria.gob.ec\/index.php?rest_route=\/wp\/v2\/media\/7202"}],"wp:attachment":[{"href":"https:\/\/www.defensoria.gob.ec\/index.php?rest_route=%2Fwp%2Fv2%2Fmedia&parent=7199"}],"wp:term":[{"taxonomy":"project_category","embeddable":true,"href":"https:\/\/www.defensoria.gob.ec\/index.php?rest_route=%2Fwp%2Fv2%2Fproject_category&post=7199"},{"taxonomy":"project_tag","embeddable":true,"href":"https:\/\/www.defensoria.gob.ec\/index.php?rest_route=%2Fwp%2Fv2%2Fproject_tag&post=7199"}],"curies":[{"name":"wp","href":"https:\/\/api.w.org\/{rel}","templated":true}]}}

Defensoría Móvil atiende consultas en materia laboral

<p>[et_pb_section fb_built=»1&#8243; _builder_version=»3.28&#8243;][et_pb_row _builder_version=»3.28&#8243;][et_pb_column _builder_version=»3.28&#8243; type=»4_4&#8243;][et_pb_post_title _builder_version=»3.28&#8243; meta=»off» featured_image=»off» hover_enabled=»0&#8243;][/et_pb_post_title][et_pb_text _builder_version=»3.28&#8243; hover_enabled=»0&#8243;]</p>
<p style="text-align: justify;">Como parte de un plan piloto entre la Defensoría Pública y el Ministerio de Trabajo, una de las dos unidades móviles atenderá a la ciudadanía, hasta el viernes 25 de octubre de 2019, en los exteriores de la Dirección Regional del Trabajo y Servicio Público de Quito, en la calle Clemente Ponce y Piedrahita, Edificio Géminis.</p>
<p style="text-align: justify;">Al lugar asistió el Defensor Público General, Dr. Ángel Torres Machuca, quien constató  el servicio que se ofrece a los  usuarios y dio a conocer que, en lo que va del año, las Defensorías Móviles atendieron a alrededor de 2.600 personas.</p>
<p style="text-align: justify;">Así mismo, indicó que la Defensoría Pública trabaja en un convenio de cooperación interinstitucional con el Ministerio de Trabajo, para habilitar un punto de atención permanente, en el edificio de la Dirección Regional del Trabajo de Quito, con el  fin de que los defensores públicos asistan a las audiencias y entreguen patrocinio en materia laboral.</p>
<p style="text-align: justify;">La directora Regional del Trabajo y Servicio Público de Quito, Carla Navarrete, destacó la cooperación interinstitucional, para la prestación oportuna y gratuita de asesoría legal y patrocinio a los ciudadanos que, en su mayoría, terminó su relación laboral o fue despedido.</p>
<p style="text-align: justify;">Las personas que acudieron a la Defensoría Móvil expresaron su satisfacción por tener un punto de atención que les oriente en sus trámites laborales. A la unidad móvil se acercó Luis,  quien fue despedido de la empresa en la que trabajaba, para conocer los trámites que debe realizar con el fin de lograr el pago de su indemnización.</p>
<p style="text-align: justify;">En tanto, Kevin, quien también fue despedido, agradeció la atención recibida por los asistentes legales de la Defensoría Pública, quienes le guiaron para lograr el pago de su liquidación, que gestiona desde hace más de un año.</p>
<p style="text-align: justify;">La Defensoría Móvil, durante esta semana, brindará asesoría legal en temas laborales, tales como reclamaciones de despido intempestivo e impugnación por visto bueno, acta de finiquito y desahucio.</p>
<p>[/et_pb_text][et_pb_gallery _builder_version=»3.28&#8243; gallery_ids=»7200,7202&#8243; hover_enabled=»0&#8243;][/et_pb_gallery][/et_pb_column][/et_pb_row][/et_pb_section]</p>

<p>Como parte de un plan piloto entre la Defensoría Pública y el Ministerio de Trabajo, una de las dos unidades móviles atenderá a la ciudadanía, hasta el viernes 25 de [&hellip;]</p>
