{"id":7191,"date":"2019-10-22T21:22:18","date_gmt":"2019-10-22T21:22:18","guid":{"rendered":"https:\/\/www.defensoria.gob.ec\/?post_type=project&#038;p=7191"},"modified":"2019-10-22T21:22:18","modified_gmt":"2019-10-22T21:22:18","slug":"cotopaxi-defensoria-publica-impulsa-acciones-frente-a-la-violencia-de-genero","status":"publish","type":"project","link":"https:\/\/www.defensoria.gob.ec\/?project=cotopaxi-defensoria-publica-impulsa-acciones-frente-a-la-violencia-de-genero","title":{"rendered":"Cotopaxi: Defensor\u00eda P\u00fablica impulsa acciones frente a la violencia de g\u00e9nero"},"content":{"rendered":"<p>[et_pb_section fb_built=\u00bb1&#8243; _builder_version=\u00bb3.28&#8243;][et_pb_row _builder_version=\u00bb3.28&#8243; column_structure=\u00bb3_4,1_4&#8243;][et_pb_column _builder_version=\u00bb3.28&#8243; type=\u00bb3_4&#8243;][et_pb_post_title _builder_version=\u00bb3.28&#8243; meta=\u00bboff\u00bb featured_image=\u00bboff\u00bb hover_enabled=\u00bb0&#8243;][\/et_pb_post_title][et_pb_text _builder_version=\u00bb3.28&#8243; hover_enabled=\u00bb0&#8243;]<\/p>\n<p style=\"text-align: justify;\">El 02 de octubre de 2019, el Defensor P\u00fablico de la provincia de Cotopaxi, Santiago Chipantasig, mantuvo una\u00a0 reuni\u00f3n de trabajo con el gobernador de la provincia, Jorge Mi\u00f1o, con la finalidad de coordinar acciones en el marco del D\u00eda Internacional de la Eliminaci\u00f3n de la Violencia contra la Mujer, que se conmemora el 25 de noviembre.<\/p>\n<p style=\"text-align: justify;\">La Defensor\u00eda P\u00fablica junto a otras instituciones prepara una agenda de actividades que iniciar\u00e1 con un foro con el tema \u201cNo a la\u00a0violencia contra la mujer y miembros del n\u00facleo familiar\u201d, que tendr\u00e1 lugar en la ciudad de Latacunga.<\/p>\n<p style=\"text-align: justify;\">As\u00ed tambi\u00e9n, el 03 de noviembre, se instal\u00f3 una mesa de trabajo para definir una hoja de ruta que permita brindar una atenci\u00f3n integral y especializada a las v\u00edctimas de violencia y grupos de atenci\u00f3n prioritaria. A este encuentro asistieron representantes de la Secretar\u00eda de Derechos Humanos.<\/p>\n<p style=\"text-align: justify;\">La autoridad provincial de la Defensor\u00eda P\u00fablica, expres\u00f3 que la instituci\u00f3n cuenta con personal t\u00e9cnico que brinda asesor\u00eda y patrocinio tanto a la v\u00edctima como a sus familiares y se\u00f1al\u00f3 que \u201cestamos comprometidos con la promoci\u00f3n y el respeto de los Derechos. Nuestro trabajo es\u00a0 oportuno y de calidad\u201d.<\/p>\n<p>[\/et_pb_text][et_pb_gallery _builder_version=\u00bb3.28&#8243; gallery_ids=\u00bb7195,7194&#8243; hover_enabled=\u00bb0&#8243;][\/et_pb_gallery][\/et_pb_column][et_pb_column _builder_version=\u00bb3.28&#8243; type=\u00bb1_4&#8243;][et_pb_sidebar _builder_version=\u00bb3.28&#8243; hover_enabled=\u00bb0&#8243;][\/et_pb_sidebar][\/et_pb_column][\/et_pb_row][\/et_pb_section]<\/p>\n","protected":false},"excerpt":{"rendered":"<p>El 02 de octubre de 2019, el Defensor P\u00fablico de la provincia de Cotopaxi, Santiago Chipantasig, mantuvo una\u00a0 reuni\u00f3n de trabajo con el gobernador de la provincia, Jorge Mi\u00f1o, con [&hellip;]<\/p>\n","protected":false},"author":1,"featured_media":7195,"comment_status":"open","ping_status":"closed","template":"","meta":{"_et_pb_use_builder":"on","_et_pb_old_content":"","_et_gb_content_width":"","footnotes":""},"project_category":[8,5],"project_tag":[],"class_list":["post-7191","project","type-project","status-publish","has-post-thumbnail","hentry","project_category-cerca-a-ti","project_category-noticias"],"_links":{"self":[{"href":"https:\/\/www.defensoria.gob.ec\/index.php?rest_route=\/wp\/v2\/project\/7191","targetHints":{"allow":["GET"]}}],"collection":[{"href":"https:\/\/www.defensoria.gob.ec\/index.php?rest_route=\/wp\/v2\/project"}],"about":[{"href":"https:\/\/www.defensoria.gob.ec\/index.php?rest_route=\/wp\/v2\/types\/project"}],"author":[{"embeddable":true,"href":"https:\/\/www.defensoria.gob.ec\/index.php?rest_route=\/wp\/v2\/users\/1"}],"replies":[{"embeddable":true,"href":"https:\/\/www.defensoria.gob.ec\/index.php?rest_route=%2Fwp%2Fv2%2Fcomments&post=7191"}],"version-history":[{"count":0,"href":"https:\/\/www.defensoria.gob.ec\/index.php?rest_route=\/wp\/v2\/project\/7191\/revisions"}],"wp:featuredmedia":[{"embeddable":true,"href":"https:\/\/www.defensoria.gob.ec\/index.php?rest_route=\/wp\/v2\/media\/7195"}],"wp:attachment":[{"href":"https:\/\/www.defensoria.gob.ec\/index.php?rest_route=%2Fwp%2Fv2%2Fmedia&parent=7191"}],"wp:term":[{"taxonomy":"project_category","embeddable":true,"href":"https:\/\/www.defensoria.gob.ec\/index.php?rest_route=%2Fwp%2Fv2%2Fproject_category&post=7191"},{"taxonomy":"project_tag","embeddable":true,"href":"https:\/\/www.defensoria.gob.ec\/index.php?rest_route=%2Fwp%2Fv2%2Fproject_tag&post=7191"}],"curies":[{"name":"wp","href":"https:\/\/api.w.org\/{rel}","templated":true}]}}

Cotopaxi: Defensoría Pública impulsa acciones frente a la violencia de género

<p>[et_pb_section fb_built=»1&#8243; _builder_version=»3.28&#8243;][et_pb_row _builder_version=»3.28&#8243; column_structure=»3_4,1_4&#8243;][et_pb_column _builder_version=»3.28&#8243; type=»3_4&#8243;][et_pb_post_title _builder_version=»3.28&#8243; meta=»off» featured_image=»off» hover_enabled=»0&#8243;][/et_pb_post_title][et_pb_text _builder_version=»3.28&#8243; hover_enabled=»0&#8243;]</p>
<p style="text-align: justify;">El 02 de octubre de 2019, el Defensor Público de la provincia de Cotopaxi, Santiago Chipantasig, mantuvo una  reunión de trabajo con el gobernador de la provincia, Jorge Miño, con la finalidad de coordinar acciones en el marco del Día Internacional de la Eliminación de la Violencia contra la Mujer, que se conmemora el 25 de noviembre.</p>
<p style="text-align: justify;">La Defensoría Pública junto a otras instituciones prepara una agenda de actividades que iniciará con un foro con el tema “No a la violencia contra la mujer y miembros del núcleo familiar”, que tendrá lugar en la ciudad de Latacunga.</p>
<p style="text-align: justify;">Así también, el 03 de noviembre, se instaló una mesa de trabajo para definir una hoja de ruta que permita brindar una atención integral y especializada a las víctimas de violencia y grupos de atención prioritaria. A este encuentro asistieron representantes de la Secretaría de Derechos Humanos.</p>
<p style="text-align: justify;">La autoridad provincial de la Defensoría Pública, expresó que la institución cuenta con personal técnico que brinda asesoría y patrocinio tanto a la víctima como a sus familiares y señaló que “estamos comprometidos con la promoción y el respeto de los Derechos. Nuestro trabajo es  oportuno y de calidad”.</p>
<p>[/et_pb_text][et_pb_gallery _builder_version=»3.28&#8243; gallery_ids=»7195,7194&#8243; hover_enabled=»0&#8243;][/et_pb_gallery][/et_pb_column][et_pb_column _builder_version=»3.28&#8243; type=»1_4&#8243;][et_pb_sidebar _builder_version=»3.28&#8243; hover_enabled=»0&#8243;][/et_pb_sidebar][/et_pb_column][/et_pb_row][/et_pb_section]</p>

<p>El 02 de octubre de 2019, el Defensor Público de la provincia de Cotopaxi, Santiago Chipantasig, mantuvo una  reunión de trabajo con el gobernador de la provincia, Jorge Miño, con [&hellip;]</p>
