{"id":7106,"date":"2019-10-18T18:16:30","date_gmt":"2019-10-18T18:16:30","guid":{"rendered":"https:\/\/www.defensoria.gob.ec\/?post_type=project&#038;p=7106"},"modified":"2019-10-18T18:16:30","modified_gmt":"2019-10-18T18:16:30","slug":"20-de-octubre-dia-del-defensor-publico-ecuatoriano","status":"publish","type":"project","link":"https:\/\/www.defensoria.gob.ec\/?project=20-de-octubre-dia-del-defensor-publico-ecuatoriano","title":{"rendered":"20 de octubre, D\u00eda del Defensor P\u00fablico ecuatoriano"},"content":{"rendered":"<p>[et_pb_section fb_built=\u00bb1&#8243; _builder_version=\u00bb3.28&#8243;][et_pb_row _builder_version=\u00bb3.28&#8243;][et_pb_column _builder_version=\u00bb3.28&#8243; type=\u00bb4_4&#8243;][et_pb_post_title _builder_version=\u00bb3.28&#8243; meta=\u00bboff\u00bb featured_image=\u00bboff\u00bb hover_enabled=\u00bb0&#8243;][\/et_pb_post_title][et_pb_text _builder_version=\u00bb3.28&#8243; hover_enabled=\u00bb0&#8243;]<\/p>\n<p style=\"text-align: justify;\">Con una sesi\u00f3n solemne, la Defensor\u00eda P\u00fablica General del Ecuador, conmemora el D\u00eda del Defensor P\u00fablico, el lunes 21 de octubre de 2019.<\/p>\n<p style=\"text-align: justify;\">En el encuentro, que se realizar\u00e1 en el Auditorio de uso m\u00faltiple del Complejo Judicial Norte en Quito, se reconocer\u00e1 la labor de quienes sirven a la ciudadan\u00eda por medio de asesor\u00eda y patrocinio legal.<\/p>\n<p style=\"text-align: justify;\">As\u00ed tambi\u00e9n, se destacar\u00e1 el trabajo de los defensores p\u00fablicos quienes, pese a las situaciones adversas como las recientes manifestaciones, patrocinaron a cerca de 585 personas, velando por el debido proceso y el acceso a la justicia como establece la Constituci\u00f3n del Ecuador.<\/p>\n<p style=\"text-align: justify;\">El Defensor P\u00fablico General (e), Dr. \u00c1ngel Torres Machuca, resaltar\u00e1 los principales logros y desaf\u00edos de su gesti\u00f3n, entre ellos, la presentaci\u00f3n del proyecto de Ley Org\u00e1nica de Defensor\u00eda P\u00fablica que est\u00e1 en la Asamblea Nacional para su an\u00e1lisis y aprobaci\u00f3n.<\/p>\n<p style=\"text-align: justify;\">De septiembre de 2018 a septiembre de 2019, m\u00e1s de 260 mil personas en condici\u00f3n de vulnerabilidad han recibido atenci\u00f3n de la Defensor\u00eda P\u00fablica, tanto en sus dependencias institucionales como a trav\u00e9s de las unidades m\u00f3viles que han recorrido m\u00e1s de 100 barrios y sectores.<\/p>\n<p>[\/et_pb_text][\/et_pb_column][\/et_pb_row][\/et_pb_section]<\/p>\n","protected":false},"excerpt":{"rendered":"<p>Con una sesi\u00f3n solemne, la Defensor\u00eda P\u00fablica General del Ecuador, conmemora el D\u00eda del Defensor P\u00fablico, el lunes 21 de octubre de 2019. En el encuentro, que se realizar\u00e1 en [&hellip;]<\/p>\n","protected":false},"author":1,"featured_media":7107,"comment_status":"open","ping_status":"closed","template":"","meta":{"_et_pb_use_builder":"on","_et_pb_old_content":"","_et_gb_content_width":"","footnotes":""},"project_category":[5],"project_tag":[],"class_list":["post-7106","project","type-project","status-publish","has-post-thumbnail","hentry","project_category-noticias"],"_links":{"self":[{"href":"https:\/\/www.defensoria.gob.ec\/index.php?rest_route=\/wp\/v2\/project\/7106","targetHints":{"allow":["GET"]}}],"collection":[{"href":"https:\/\/www.defensoria.gob.ec\/index.php?rest_route=\/wp\/v2\/project"}],"about":[{"href":"https:\/\/www.defensoria.gob.ec\/index.php?rest_route=\/wp\/v2\/types\/project"}],"author":[{"embeddable":true,"href":"https:\/\/www.defensoria.gob.ec\/index.php?rest_route=\/wp\/v2\/users\/1"}],"replies":[{"embeddable":true,"href":"https:\/\/www.defensoria.gob.ec\/index.php?rest_route=%2Fwp%2Fv2%2Fcomments&post=7106"}],"version-history":[{"count":0,"href":"https:\/\/www.defensoria.gob.ec\/index.php?rest_route=\/wp\/v2\/project\/7106\/revisions"}],"wp:featuredmedia":[{"embeddable":true,"href":"https:\/\/www.defensoria.gob.ec\/index.php?rest_route=\/wp\/v2\/media\/7107"}],"wp:attachment":[{"href":"https:\/\/www.defensoria.gob.ec\/index.php?rest_route=%2Fwp%2Fv2%2Fmedia&parent=7106"}],"wp:term":[{"taxonomy":"project_category","embeddable":true,"href":"https:\/\/www.defensoria.gob.ec\/index.php?rest_route=%2Fwp%2Fv2%2Fproject_category&post=7106"},{"taxonomy":"project_tag","embeddable":true,"href":"https:\/\/www.defensoria.gob.ec\/index.php?rest_route=%2Fwp%2Fv2%2Fproject_tag&post=7106"}],"curies":[{"name":"wp","href":"https:\/\/api.w.org\/{rel}","templated":true}]}}

20 de octubre, Día del Defensor Público ecuatoriano

<p>[et_pb_section fb_built=»1&#8243; _builder_version=»3.28&#8243;][et_pb_row _builder_version=»3.28&#8243;][et_pb_column _builder_version=»3.28&#8243; type=»4_4&#8243;][et_pb_post_title _builder_version=»3.28&#8243; meta=»off» featured_image=»off» hover_enabled=»0&#8243;][/et_pb_post_title][et_pb_text _builder_version=»3.28&#8243; hover_enabled=»0&#8243;]</p>
<p style="text-align: justify;">Con una sesión solemne, la Defensoría Pública General del Ecuador, conmemora el Día del Defensor Público, el lunes 21 de octubre de 2019.</p>
<p style="text-align: justify;">En el encuentro, que se realizará en el Auditorio de uso múltiple del Complejo Judicial Norte en Quito, se reconocerá la labor de quienes sirven a la ciudadanía por medio de asesoría y patrocinio legal.</p>
<p style="text-align: justify;">Así también, se destacará el trabajo de los defensores públicos quienes, pese a las situaciones adversas como las recientes manifestaciones, patrocinaron a cerca de 585 personas, velando por el debido proceso y el acceso a la justicia como establece la Constitución del Ecuador.</p>
<p style="text-align: justify;">El Defensor Público General (e), Dr. Ángel Torres Machuca, resaltará los principales logros y desafíos de su gestión, entre ellos, la presentación del proyecto de Ley Orgánica de Defensoría Pública que está en la Asamblea Nacional para su análisis y aprobación.</p>
<p style="text-align: justify;">De septiembre de 2018 a septiembre de 2019, más de 260 mil personas en condición de vulnerabilidad han recibido atención de la Defensoría Pública, tanto en sus dependencias institucionales como a través de las unidades móviles que han recorrido más de 100 barrios y sectores.</p>
<p>[/et_pb_text][/et_pb_column][/et_pb_row][/et_pb_section]</p>

<p>Con una sesión solemne, la Defensoría Pública General del Ecuador, conmemora el Día del Defensor Público, el lunes 21 de octubre de 2019. En el encuentro, que se realizará en [&hellip;]</p>
