{"id":7089,"date":"2019-10-17T16:01:30","date_gmt":"2019-10-17T16:01:30","guid":{"rendered":"https:\/\/www.defensoria.gob.ec\/?post_type=project&#038;p=7089"},"modified":"2019-10-17T16:01:30","modified_gmt":"2019-10-17T16:01:30","slug":"santa-elena-evaluacion-de-los-servicios-de-justicia","status":"publish","type":"project","link":"https:\/\/www.defensoria.gob.ec\/?project=santa-elena-evaluacion-de-los-servicios-de-justicia","title":{"rendered":"Santa Elena: Evaluaci\u00f3n de los servicios de justicia"},"content":{"rendered":"<p>[et_pb_section fb_built=\u00bb1&#8243; _builder_version=\u00bb3.28&#8243;][et_pb_row _builder_version=\u00bb3.28&#8243; column_structure=\u00bb3_4,1_4&#8243;][et_pb_column _builder_version=\u00bb3.28&#8243; type=\u00bb3_4&#8243;][et_pb_post_title _builder_version=\u00bb3.28&#8243; meta=\u00bboff\u00bb featured_image=\u00bboff\u00bb hover_enabled=\u00bb0&#8243;][\/et_pb_post_title][et_pb_text _builder_version=\u00bb3.28&#8243; hover_enabled=\u00bb0&#8243;]<\/p>\n<p style=\"text-align: justify;\">Con el\u00a0 objetivo de evaluar los resultados en el servicio de justicia y coordinar acciones interinstitucionales, se reuni\u00f3 la Mesa de Justicia en el Consejo de la Judicatura de Santa Elena.<\/p>\n<p style=\"text-align: justify;\">El defensor p\u00fablico provincial, Jos\u00e9 Ram\u00edrez, expuso el trabajo que realiza la Instituci\u00f3n, para fortalecer la atenci\u00f3n a los usuarios y solicit\u00f3\u00a0 la colaboraci\u00f3n coordinada de los operadores de justicia para dar celeridad a los procesos.<\/p>\n<p style=\"text-align: justify;\">En la cita estuvieron tambi\u00e9n el delegado del Consejo de la Judicatura, Augusto Pino;\u00a0 el Fiscal Provincial de Santa Elena, Edmundo\u00a0 Briones; y, dem\u00e1s autoridades del\u00a0 sector justicia provincial.<\/p>\n<p>[\/et_pb_text][et_pb_gallery _builder_version=\u00bb3.28&#8243; gallery_ids=\u00bb7090&#8243; hover_enabled=\u00bb0&#8243;][\/et_pb_gallery][\/et_pb_column][et_pb_column _builder_version=\u00bb3.28&#8243; type=\u00bb1_4&#8243;][et_pb_sidebar _builder_version=\u00bb3.28&#8243; hover_enabled=\u00bb0&#8243;][\/et_pb_sidebar][\/et_pb_column][\/et_pb_row][\/et_pb_section]<\/p>\n","protected":false},"excerpt":{"rendered":"<p>Con el\u00a0 objetivo de evaluar los resultados en el servicio de justicia y coordinar acciones interinstitucionales, se reuni\u00f3 la Mesa de Justicia en el Consejo de la Judicatura de Santa [&hellip;]<\/p>\n","protected":false},"author":1,"featured_media":7090,"comment_status":"open","ping_status":"closed","template":"","meta":{"_et_pb_use_builder":"on","_et_pb_old_content":"","_et_gb_content_width":"","footnotes":""},"project_category":[8,5],"project_tag":[],"class_list":["post-7089","project","type-project","status-publish","has-post-thumbnail","hentry","project_category-cerca-a-ti","project_category-noticias"],"_links":{"self":[{"href":"https:\/\/www.defensoria.gob.ec\/index.php?rest_route=\/wp\/v2\/project\/7089","targetHints":{"allow":["GET"]}}],"collection":[{"href":"https:\/\/www.defensoria.gob.ec\/index.php?rest_route=\/wp\/v2\/project"}],"about":[{"href":"https:\/\/www.defensoria.gob.ec\/index.php?rest_route=\/wp\/v2\/types\/project"}],"author":[{"embeddable":true,"href":"https:\/\/www.defensoria.gob.ec\/index.php?rest_route=\/wp\/v2\/users\/1"}],"replies":[{"embeddable":true,"href":"https:\/\/www.defensoria.gob.ec\/index.php?rest_route=%2Fwp%2Fv2%2Fcomments&post=7089"}],"version-history":[{"count":0,"href":"https:\/\/www.defensoria.gob.ec\/index.php?rest_route=\/wp\/v2\/project\/7089\/revisions"}],"wp:featuredmedia":[{"embeddable":true,"href":"https:\/\/www.defensoria.gob.ec\/index.php?rest_route=\/wp\/v2\/media\/7090"}],"wp:attachment":[{"href":"https:\/\/www.defensoria.gob.ec\/index.php?rest_route=%2Fwp%2Fv2%2Fmedia&parent=7089"}],"wp:term":[{"taxonomy":"project_category","embeddable":true,"href":"https:\/\/www.defensoria.gob.ec\/index.php?rest_route=%2Fwp%2Fv2%2Fproject_category&post=7089"},{"taxonomy":"project_tag","embeddable":true,"href":"https:\/\/www.defensoria.gob.ec\/index.php?rest_route=%2Fwp%2Fv2%2Fproject_tag&post=7089"}],"curies":[{"name":"wp","href":"https:\/\/api.w.org\/{rel}","templated":true}]}}

Santa Elena: Evaluación de los servicios de justicia

<p>[et_pb_section fb_built=»1&#8243; _builder_version=»3.28&#8243;][et_pb_row _builder_version=»3.28&#8243; column_structure=»3_4,1_4&#8243;][et_pb_column _builder_version=»3.28&#8243; type=»3_4&#8243;][et_pb_post_title _builder_version=»3.28&#8243; meta=»off» featured_image=»off» hover_enabled=»0&#8243;][/et_pb_post_title][et_pb_text _builder_version=»3.28&#8243; hover_enabled=»0&#8243;]</p>
<p style="text-align: justify;">Con el  objetivo de evaluar los resultados en el servicio de justicia y coordinar acciones interinstitucionales, se reunió la Mesa de Justicia en el Consejo de la Judicatura de Santa Elena.</p>
<p style="text-align: justify;">El defensor público provincial, José Ramírez, expuso el trabajo que realiza la Institución, para fortalecer la atención a los usuarios y solicitó  la colaboración coordinada de los operadores de justicia para dar celeridad a los procesos.</p>
<p style="text-align: justify;">En la cita estuvieron también el delegado del Consejo de la Judicatura, Augusto Pino;  el Fiscal Provincial de Santa Elena, Edmundo  Briones; y, demás autoridades del  sector justicia provincial.</p>
<p>[/et_pb_text][et_pb_gallery _builder_version=»3.28&#8243; gallery_ids=»7090&#8243; hover_enabled=»0&#8243;][/et_pb_gallery][/et_pb_column][et_pb_column _builder_version=»3.28&#8243; type=»1_4&#8243;][et_pb_sidebar _builder_version=»3.28&#8243; hover_enabled=»0&#8243;][/et_pb_sidebar][/et_pb_column][/et_pb_row][/et_pb_section]</p>

<p>Con el  objetivo de evaluar los resultados en el servicio de justicia y coordinar acciones interinstitucionales, se reunió la Mesa de Justicia en el Consejo de la Judicatura de Santa [&hellip;]</p>
