{"id":7069,"date":"2019-10-16T22:00:43","date_gmt":"2019-10-16T22:00:43","guid":{"rendered":"https:\/\/www.defensoria.gob.ec\/?post_type=project&#038;p=7069"},"modified":"2019-10-16T22:02:01","modified_gmt":"2019-10-16T22:02:01","slug":"la-defensoria-movil-presta-servicios-legales-en-la-parroquia-de-nayon","status":"publish","type":"project","link":"https:\/\/www.defensoria.gob.ec\/?project=la-defensoria-movil-presta-servicios-legales-en-la-parroquia-de-nayon","title":{"rendered":"La Defensor\u00eda M\u00f3vil presta servicios legales en la parroquia de Nay\u00f3n"},"content":{"rendered":"<p>[et_pb_section fb_built=\u00bb1&#8243; _builder_version=\u00bb3.28&#8243;][et_pb_row _builder_version=\u00bb3.28&#8243;][et_pb_column _builder_version=\u00bb3.28&#8243; type=\u00bb4_4&#8243;][et_pb_post_title _builder_version=\u00bb3.28&#8243; meta=\u00bboff\u00bb featured_image=\u00bboff\u00bb hover_enabled=\u00bb0&#8243;][\/et_pb_post_title][et_pb_text _builder_version=\u00bb3.28&#8243; hover_enabled=\u00bb0&#8243;]<\/p>\n<p style=\"text-align: justify;\">Entre el mi\u00e9rcoles 16 y viernes 18 de octubre de 2019, una de las unidades m\u00f3viles de la Defensor\u00eda P\u00fablica brinda servicio de asesor\u00eda legal gratuita a la comunidad de la parroquia de Nay\u00f3n, al nororiente de Quito.<\/p>\n<p style=\"text-align: justify;\">Desde las 09:00 hasta las 16:00, el defensor p\u00fablico, Fernando J\u00e1come, atiende consultas en demanda de alimentos, derechos laborales, violencia intrafamiliar, delitos sexuales, legalizaci\u00f3n de tierras no invadidas, inquilinato, movilidad humana y refugio.<\/p>\n<p style=\"text-align: justify;\">En lo que va del a\u00f1o, las unidades m\u00f3viles registran 2.022 asesor\u00edas legales, para fortalecer el acceso a la justicia a las personas que m\u00e1s lo necesitan.<\/p>\n<p>[\/et_pb_text][et_pb_gallery _builder_version=\u00bb3.28&#8243; gallery_ids=\u00bb7071&#8243; hover_enabled=\u00bb0&#8243;][\/et_pb_gallery][\/et_pb_column][\/et_pb_row][\/et_pb_section]<\/p>\n","protected":false},"excerpt":{"rendered":"<p>Entre el mi\u00e9rcoles 16 y viernes 18 de octubre de 2019, una de las unidades m\u00f3viles de la Defensor\u00eda P\u00fablica brinda servicio de asesor\u00eda legal gratuita a la comunidad de [&hellip;]<\/p>\n","protected":false},"author":1,"featured_media":7070,"comment_status":"open","ping_status":"closed","template":"","meta":{"_et_pb_use_builder":"on","_et_pb_old_content":"","_et_gb_content_width":"","footnotes":""},"project_category":[12,5],"project_tag":[],"class_list":["post-7069","project","type-project","status-publish","has-post-thumbnail","hentry","project_category-defensorias-moviles","project_category-noticias"],"_links":{"self":[{"href":"https:\/\/www.defensoria.gob.ec\/index.php?rest_route=\/wp\/v2\/project\/7069","targetHints":{"allow":["GET"]}}],"collection":[{"href":"https:\/\/www.defensoria.gob.ec\/index.php?rest_route=\/wp\/v2\/project"}],"about":[{"href":"https:\/\/www.defensoria.gob.ec\/index.php?rest_route=\/wp\/v2\/types\/project"}],"author":[{"embeddable":true,"href":"https:\/\/www.defensoria.gob.ec\/index.php?rest_route=\/wp\/v2\/users\/1"}],"replies":[{"embeddable":true,"href":"https:\/\/www.defensoria.gob.ec\/index.php?rest_route=%2Fwp%2Fv2%2Fcomments&post=7069"}],"version-history":[{"count":0,"href":"https:\/\/www.defensoria.gob.ec\/index.php?rest_route=\/wp\/v2\/project\/7069\/revisions"}],"wp:featuredmedia":[{"embeddable":true,"href":"https:\/\/www.defensoria.gob.ec\/index.php?rest_route=\/wp\/v2\/media\/7070"}],"wp:attachment":[{"href":"https:\/\/www.defensoria.gob.ec\/index.php?rest_route=%2Fwp%2Fv2%2Fmedia&parent=7069"}],"wp:term":[{"taxonomy":"project_category","embeddable":true,"href":"https:\/\/www.defensoria.gob.ec\/index.php?rest_route=%2Fwp%2Fv2%2Fproject_category&post=7069"},{"taxonomy":"project_tag","embeddable":true,"href":"https:\/\/www.defensoria.gob.ec\/index.php?rest_route=%2Fwp%2Fv2%2Fproject_tag&post=7069"}],"curies":[{"name":"wp","href":"https:\/\/api.w.org\/{rel}","templated":true}]}}

La Defensoría Móvil presta servicios legales en la parroquia de Nayón

<p>[et_pb_section fb_built=»1&#8243; _builder_version=»3.28&#8243;][et_pb_row _builder_version=»3.28&#8243;][et_pb_column _builder_version=»3.28&#8243; type=»4_4&#8243;][et_pb_post_title _builder_version=»3.28&#8243; meta=»off» featured_image=»off» hover_enabled=»0&#8243;][/et_pb_post_title][et_pb_text _builder_version=»3.28&#8243; hover_enabled=»0&#8243;]</p>
<p style="text-align: justify;">Entre el miércoles 16 y viernes 18 de octubre de 2019, una de las unidades móviles de la Defensoría Pública brinda servicio de asesoría legal gratuita a la comunidad de la parroquia de Nayón, al nororiente de Quito.</p>
<p style="text-align: justify;">Desde las 09:00 hasta las 16:00, el defensor público, Fernando Jácome, atiende consultas en demanda de alimentos, derechos laborales, violencia intrafamiliar, delitos sexuales, legalización de tierras no invadidas, inquilinato, movilidad humana y refugio.</p>
<p style="text-align: justify;">En lo que va del año, las unidades móviles registran 2.022 asesorías legales, para fortalecer el acceso a la justicia a las personas que más lo necesitan.</p>
<p>[/et_pb_text][et_pb_gallery _builder_version=»3.28&#8243; gallery_ids=»7071&#8243; hover_enabled=»0&#8243;][/et_pb_gallery][/et_pb_column][/et_pb_row][/et_pb_section]</p>

<p>Entre el miércoles 16 y viernes 18 de octubre de 2019, una de las unidades móviles de la Defensoría Pública brinda servicio de asesoría legal gratuita a la comunidad de [&hellip;]</p>
