{"id":7048,"date":"2019-10-14T23:03:02","date_gmt":"2019-10-14T23:03:02","guid":{"rendered":"https:\/\/www.defensoria.gob.ec\/?post_type=project&#038;p=7048"},"modified":"2019-10-14T23:18:08","modified_gmt":"2019-10-14T23:18:08","slug":"informacion-de-patrocinios-durante-las-manifestaciones","status":"publish","type":"project","link":"https:\/\/www.defensoria.gob.ec\/?project=informacion-de-patrocinios-durante-las-manifestaciones","title":{"rendered":"Informaci\u00f3n de patrocinios durante las manifestaciones"},"content":{"rendered":"<p>[et_pb_section fb_built=\u00bb1&#8243; _builder_version=\u00bb3.28&#8243; fb_built=\u00bb1&#8243; _i=\u00bb0&#8243; _address=\u00bb0&#8243;][et_pb_row _builder_version=\u00bb3.28&#8243; _i=\u00bb0&#8243; _address=\u00bb0.0&#8243;][et_pb_column type=\u00bb4_4&#8243; _builder_version=\u00bb3.28&#8243; _i=\u00bb0&#8243; _address=\u00bb0.0.0&#8243;][et_pb_post_title meta=\u00bboff\u00bb featured_image=\u00bboff\u00bb _builder_version=\u00bb3.28&#8243; _i=\u00bb0&#8243; _address=\u00bb0.0.0.0&#8243;][\/et_pb_post_title][et_pb_text _builder_version=\u00bb3.28&#8243; hover_enabled=\u00bb0&#8243; _i=\u00bb1&#8243; _address=\u00bb0.0.0.1&#8243;]<\/p>\n<p style=\"text-align: justify;\">La Defensor\u00eda P\u00fablica ha patrocinado a 585 personas aprehendidas, de un total de 1.192, durante las manifestaciones registradas en el pa\u00eds, del 03 al 13 de octubre de 2019.<\/p>\n<p style=\"text-align: justify;\">La atenci\u00f3n a los ciudadanos detenidos se realiz\u00f3 en medio del estado de excepci\u00f3n, toque de queda y restricci\u00f3n a la movilidad, las 24 horas del d\u00eda, en las diferentes unidades de flagrancia.<\/p>\n<p style=\"text-align: justify;\">La Defensor\u00eda P\u00fablica contin\u00faa brindando el servicio de asesor\u00edas y patrocinios legales en todas las unidades defensoriales a escala nacional.<\/p>\n<p style=\"text-align: justify;\"><img loading=\"lazy\" decoding=\"async\" src=\"https:\/\/www.defensoria.gob.ec\/wp-content\/uploads\/2019\/10\/Infografi\u0301a-Patrocinios-Paro-Nacional-.jpg\" width=\"1200\" height=\"930\" alt=\"\" class=\"wp-image-7050 alignnone size-full\" srcset=\"https:\/\/www.defensoria.gob.ec\/wp-content\/uploads\/2019\/10\/Infografi\u0301a-Patrocinios-Paro-Nacional-.jpg 1200w, https:\/\/www.defensoria.gob.ec\/wp-content\/uploads\/2019\/10\/Infografi\u0301a-Patrocinios-Paro-Nacional--300x233.jpg 300w, https:\/\/www.defensoria.gob.ec\/wp-content\/uploads\/2019\/10\/Infografi\u0301a-Patrocinios-Paro-Nacional--768x595.jpg 768w, https:\/\/www.defensoria.gob.ec\/wp-content\/uploads\/2019\/10\/Infografi\u0301a-Patrocinios-Paro-Nacional--1024x794.jpg 1024w, https:\/\/www.defensoria.gob.ec\/wp-content\/uploads\/2019\/10\/Infografi\u0301a-Patrocinios-Paro-Nacional--1080x837.jpg 1080w, https:\/\/www.defensoria.gob.ec\/wp-content\/uploads\/2019\/10\/Infografi\u0301a-Patrocinios-Paro-Nacional--980x760.jpg 980w, https:\/\/www.defensoria.gob.ec\/wp-content\/uploads\/2019\/10\/Infografi\u0301a-Patrocinios-Paro-Nacional--480x372.jpg 480w\" sizes=\"(max-width: 1200px) 100vw, 1200px\" \/><\/p>\n<p>[\/et_pb_text][\/et_pb_column][\/et_pb_row][\/et_pb_section]<\/p>\n","protected":false},"excerpt":{"rendered":"<p>La Defensor\u00eda P\u00fablica ha patrocinado a 585 personas aprehendidas, de un total de 1.192, durante las manifestaciones registradas en el pa\u00eds, del 03 al 13 de octubre de 2019. La [&hellip;]<\/p>\n","protected":false},"author":1,"featured_media":7050,"comment_status":"open","ping_status":"closed","template":"","meta":{"_et_pb_use_builder":"on","_et_pb_old_content":"","_et_gb_content_width":"","footnotes":""},"project_category":[5],"project_tag":[],"class_list":["post-7048","project","type-project","status-publish","has-post-thumbnail","hentry","project_category-noticias"],"_links":{"self":[{"href":"https:\/\/www.defensoria.gob.ec\/index.php?rest_route=\/wp\/v2\/project\/7048","targetHints":{"allow":["GET"]}}],"collection":[{"href":"https:\/\/www.defensoria.gob.ec\/index.php?rest_route=\/wp\/v2\/project"}],"about":[{"href":"https:\/\/www.defensoria.gob.ec\/index.php?rest_route=\/wp\/v2\/types\/project"}],"author":[{"embeddable":true,"href":"https:\/\/www.defensoria.gob.ec\/index.php?rest_route=\/wp\/v2\/users\/1"}],"replies":[{"embeddable":true,"href":"https:\/\/www.defensoria.gob.ec\/index.php?rest_route=%2Fwp%2Fv2%2Fcomments&post=7048"}],"version-history":[{"count":0,"href":"https:\/\/www.defensoria.gob.ec\/index.php?rest_route=\/wp\/v2\/project\/7048\/revisions"}],"wp:featuredmedia":[{"embeddable":true,"href":"https:\/\/www.defensoria.gob.ec\/index.php?rest_route=\/wp\/v2\/media\/7050"}],"wp:attachment":[{"href":"https:\/\/www.defensoria.gob.ec\/index.php?rest_route=%2Fwp%2Fv2%2Fmedia&parent=7048"}],"wp:term":[{"taxonomy":"project_category","embeddable":true,"href":"https:\/\/www.defensoria.gob.ec\/index.php?rest_route=%2Fwp%2Fv2%2Fproject_category&post=7048"},{"taxonomy":"project_tag","embeddable":true,"href":"https:\/\/www.defensoria.gob.ec\/index.php?rest_route=%2Fwp%2Fv2%2Fproject_tag&post=7048"}],"curies":[{"name":"wp","href":"https:\/\/api.w.org\/{rel}","templated":true}]}}

Información de patrocinios durante las manifestaciones

<p>[et_pb_section fb_built=»1&#8243; _builder_version=»3.28&#8243; fb_built=»1&#8243; _i=»0&#8243; _address=»0&#8243;][et_pb_row _builder_version=»3.28&#8243; _i=»0&#8243; _address=»0.0&#8243;][et_pb_column type=»4_4&#8243; _builder_version=»3.28&#8243; _i=»0&#8243; _address=»0.0.0&#8243;][et_pb_post_title meta=»off» featured_image=»off» _builder_version=»3.28&#8243; _i=»0&#8243; _address=»0.0.0.0&#8243;][/et_pb_post_title][et_pb_text _builder_version=»3.28&#8243; hover_enabled=»0&#8243; _i=»1&#8243; _address=»0.0.0.1&#8243;]</p>
<p style="text-align: justify;">La Defensoría Pública ha patrocinado a 585 personas aprehendidas, de un total de 1.192, durante las manifestaciones registradas en el país, del 03 al 13 de octubre de 2019.</p>
<p style="text-align: justify;">La atención a los ciudadanos detenidos se realizó en medio del estado de excepción, toque de queda y restricción a la movilidad, las 24 horas del día, en las diferentes unidades de flagrancia.</p>
<p style="text-align: justify;">La Defensoría Pública continúa brindando el servicio de asesorías y patrocinios legales en todas las unidades defensoriales a escala nacional.</p>
<p style="text-align: justify;"><img loading="lazy" decoding="async" src="https://www.defensoria.gob.ec/wp-content/uploads/2019/10/Infografía-Patrocinios-Paro-Nacional-.jpg" width="1200" height="930" alt="" class="wp-image-7050 alignnone size-full" srcset="https://www.defensoria.gob.ec/wp-content/uploads/2019/10/Infografía-Patrocinios-Paro-Nacional-.jpg 1200w, https://www.defensoria.gob.ec/wp-content/uploads/2019/10/Infografía-Patrocinios-Paro-Nacional--300x233.jpg 300w, https://www.defensoria.gob.ec/wp-content/uploads/2019/10/Infografía-Patrocinios-Paro-Nacional--768x595.jpg 768w, https://www.defensoria.gob.ec/wp-content/uploads/2019/10/Infografía-Patrocinios-Paro-Nacional--1024x794.jpg 1024w, https://www.defensoria.gob.ec/wp-content/uploads/2019/10/Infografía-Patrocinios-Paro-Nacional--1080x837.jpg 1080w, https://www.defensoria.gob.ec/wp-content/uploads/2019/10/Infografía-Patrocinios-Paro-Nacional--980x760.jpg 980w, https://www.defensoria.gob.ec/wp-content/uploads/2019/10/Infografía-Patrocinios-Paro-Nacional--480x372.jpg 480w" sizes="(max-width: 1200px) 100vw, 1200px" /></p>
<p>[/et_pb_text][/et_pb_column][/et_pb_row][/et_pb_section]</p>

<p>La Defensoría Pública ha patrocinado a 585 personas aprehendidas, de un total de 1.192, durante las manifestaciones registradas en el país, del 03 al 13 de octubre de 2019. La [&hellip;]</p>
