{"id":6946,"date":"2019-10-11T00:36:48","date_gmt":"2019-10-11T00:36:48","guid":{"rendered":"https:\/\/www.defensoria.gob.ec\/?post_type=project&#038;p=6946"},"modified":"2019-10-11T00:58:36","modified_gmt":"2019-10-11T00:58:36","slug":"grupos-vulnerables-reciben-patrocinio-de-defensores-publicos","status":"publish","type":"project","link":"https:\/\/www.defensoria.gob.ec\/?project=grupos-vulnerables-reciben-patrocinio-de-defensores-publicos","title":{"rendered":"Grupos vulnerables reciben patrocinio de defensores p\u00fablicos"},"content":{"rendered":"<p>[et_pb_section fb_built=\u00bb1&#8243; _builder_version=\u00bb3.28&#8243; fb_built=\u00bb1&#8243; _i=\u00bb0&#8243; _address=\u00bb0&#8243;][et_pb_row _builder_version=\u00bb3.28&#8243; _i=\u00bb0&#8243; _address=\u00bb0.0&#8243;][et_pb_column type=\u00bb4_4&#8243; _builder_version=\u00bb3.28&#8243; _i=\u00bb0&#8243; _address=\u00bb0.0.0&#8243;][et_pb_post_title meta=\u00bboff\u00bb featured_image=\u00bboff\u00bb _builder_version=\u00bb3.28&#8243; _i=\u00bb0&#8243; _address=\u00bb0.0.0.0&#8243;][\/et_pb_post_title][et_pb_text _builder_version=\u00bb3.28&#8243; _i=\u00bb1&#8243; _address=\u00bb0.0.0.1&#8243;]<\/p>\n<p style=\"text-align: justify;\">Desde el inicio de las protestas, la Defensor\u00eda P\u00fablica intensific\u00f3 su trabajo en las unidades de flagrancia para brindar patrocinio a cerca de 500 personas, de m\u00e1s de 766 detenidas en todo el pa\u00eds, inclusive en idioma kichwa, conforme determina la Constituci\u00f3n de la Rep\u00fablica. La mayor\u00eda de las aprehensiones ha ocurrido bajo la causal de paralizaci\u00f3n de servicios p\u00fablicos.<\/p>\n<p style=\"text-align: justify;\">En la Casa de la Justicia de Carcel\u00e9n, el mi\u00e9rcoles 9 de octubre, 54 de 72 detenidos, que equivale al 75%, optaron por el patrocinio de diez defensores p\u00fablicos por no contar con recursos para pagar a un abogado particular y estar en riesgo de indefensi\u00f3n. En Quito, hasta la fecha, en total se ha asistido a 318 personas.<\/p>\n<p style=\"text-align: justify;\">La audiencia se realiz\u00f3 con la intervenci\u00f3n especializada de los defensores p\u00fablicos. Uno de ellos explic\u00f3 a los ind\u00edgenas aprehendidos, en idioma kichwa, sobre los servicios gratuitos que ofrece la Instituci\u00f3n y asisti\u00f3 en su defensa, seg\u00fan dispone el art\u00edculo 76 de la norma constitucional.\u00a0<\/p>\n<p style=\"text-align: justify;\">\u201cFueron v\u00edctimas de lesiones en su humanidad y eso no consta en los certificados m\u00e9dicos realizados durante la flagrancia\u201d, argument\u00f3 otra de las defensoras p\u00fablicas, ante el Juez de Flagrancia de Quitumbe.<\/p>\n<p style=\"text-align: justify;\">El Defensor P\u00fablico General, Dr. \u00c1ngel Torres Machuca, y dem\u00e1s autoridades, con su presencia, brind\u00f3 respaldo a los defensores p\u00fablicos y expres\u00f3 su sentido reconocimiento por la defensa de los derechos humanos, en estos dif\u00edciles momentos que vive el pa\u00eds, e hizo un llamado por la paz y la justicia.<\/p>\n<p>[\/et_pb_text][et_pb_gallery _builder_version=\u00bb3.28&#8243; gallery_ids=\u00bb6975,6956&#8243; hover_enabled=\u00bb0&#8243;][\/et_pb_gallery][et_pb_gallery gallery_ids=\u00bb6951,6950&#8243; _builder_version=\u00bb3.28&#8243; _i=\u00bb2&#8243; _address=\u00bb0.0.0.2&#8243;][\/et_pb_gallery][\/et_pb_column][\/et_pb_row][\/et_pb_section]<\/p>\n","protected":false},"excerpt":{"rendered":"<p>Desde el inicio de las protestas, la Defensor\u00eda P\u00fablica intensific\u00f3 su trabajo en las unidades de flagrancia para brindar patrocinio a cerca de 500 personas, de m\u00e1s de 766 detenidas [&hellip;]<\/p>\n","protected":false},"author":1,"featured_media":6956,"comment_status":"open","ping_status":"closed","template":"","meta":{"_et_pb_use_builder":"on","_et_pb_old_content":"","_et_gb_content_width":"","footnotes":""},"project_category":[5],"project_tag":[],"class_list":["post-6946","project","type-project","status-publish","has-post-thumbnail","hentry","project_category-noticias"],"_links":{"self":[{"href":"https:\/\/www.defensoria.gob.ec\/index.php?rest_route=\/wp\/v2\/project\/6946","targetHints":{"allow":["GET"]}}],"collection":[{"href":"https:\/\/www.defensoria.gob.ec\/index.php?rest_route=\/wp\/v2\/project"}],"about":[{"href":"https:\/\/www.defensoria.gob.ec\/index.php?rest_route=\/wp\/v2\/types\/project"}],"author":[{"embeddable":true,"href":"https:\/\/www.defensoria.gob.ec\/index.php?rest_route=\/wp\/v2\/users\/1"}],"replies":[{"embeddable":true,"href":"https:\/\/www.defensoria.gob.ec\/index.php?rest_route=%2Fwp%2Fv2%2Fcomments&post=6946"}],"version-history":[{"count":0,"href":"https:\/\/www.defensoria.gob.ec\/index.php?rest_route=\/wp\/v2\/project\/6946\/revisions"}],"wp:featuredmedia":[{"embeddable":true,"href":"https:\/\/www.defensoria.gob.ec\/index.php?rest_route=\/wp\/v2\/media\/6956"}],"wp:attachment":[{"href":"https:\/\/www.defensoria.gob.ec\/index.php?rest_route=%2Fwp%2Fv2%2Fmedia&parent=6946"}],"wp:term":[{"taxonomy":"project_category","embeddable":true,"href":"https:\/\/www.defensoria.gob.ec\/index.php?rest_route=%2Fwp%2Fv2%2Fproject_category&post=6946"},{"taxonomy":"project_tag","embeddable":true,"href":"https:\/\/www.defensoria.gob.ec\/index.php?rest_route=%2Fwp%2Fv2%2Fproject_tag&post=6946"}],"curies":[{"name":"wp","href":"https:\/\/api.w.org\/{rel}","templated":true}]}}

Grupos vulnerables reciben patrocinio de defensores públicos

<p>[et_pb_section fb_built=»1&#8243; _builder_version=»3.28&#8243; fb_built=»1&#8243; _i=»0&#8243; _address=»0&#8243;][et_pb_row _builder_version=»3.28&#8243; _i=»0&#8243; _address=»0.0&#8243;][et_pb_column type=»4_4&#8243; _builder_version=»3.28&#8243; _i=»0&#8243; _address=»0.0.0&#8243;][et_pb_post_title meta=»off» featured_image=»off» _builder_version=»3.28&#8243; _i=»0&#8243; _address=»0.0.0.0&#8243;][/et_pb_post_title][et_pb_text _builder_version=»3.28&#8243; _i=»1&#8243; _address=»0.0.0.1&#8243;]</p>
<p style="text-align: justify;">Desde el inicio de las protestas, la Defensoría Pública intensificó su trabajo en las unidades de flagrancia para brindar patrocinio a cerca de 500 personas, de más de 766 detenidas en todo el país, inclusive en idioma kichwa, conforme determina la Constitución de la República. La mayoría de las aprehensiones ha ocurrido bajo la causal de paralización de servicios públicos.</p>
<p style="text-align: justify;">En la Casa de la Justicia de Carcelén, el miércoles 9 de octubre, 54 de 72 detenidos, que equivale al 75%, optaron por el patrocinio de diez defensores públicos por no contar con recursos para pagar a un abogado particular y estar en riesgo de indefensión. En Quito, hasta la fecha, en total se ha asistido a 318 personas.</p>
<p style="text-align: justify;">La audiencia se realizó con la intervención especializada de los defensores públicos. Uno de ellos explicó a los indígenas aprehendidos, en idioma kichwa, sobre los servicios gratuitos que ofrece la Institución y asistió en su defensa, según dispone el artículo 76 de la norma constitucional. </p>
<p style="text-align: justify;">“Fueron víctimas de lesiones en su humanidad y eso no consta en los certificados médicos realizados durante la flagrancia”, argumentó otra de las defensoras públicas, ante el Juez de Flagrancia de Quitumbe.</p>
<p style="text-align: justify;">El Defensor Público General, Dr. Ángel Torres Machuca, y demás autoridades, con su presencia, brindó respaldo a los defensores públicos y expresó su sentido reconocimiento por la defensa de los derechos humanos, en estos difíciles momentos que vive el país, e hizo un llamado por la paz y la justicia.</p>
<p>[/et_pb_text][et_pb_gallery _builder_version=»3.28&#8243; gallery_ids=»6975,6956&#8243; hover_enabled=»0&#8243;][/et_pb_gallery][et_pb_gallery gallery_ids=»6951,6950&#8243; _builder_version=»3.28&#8243; _i=»2&#8243; _address=»0.0.0.2&#8243;][/et_pb_gallery][/et_pb_column][/et_pb_row][/et_pb_section]</p>

<p>Desde el inicio de las protestas, la Defensoría Pública intensificó su trabajo en las unidades de flagrancia para brindar patrocinio a cerca de 500 personas, de más de 766 detenidas [&hellip;]</p>
