{"id":6908,"date":"2019-10-10T01:29:21","date_gmt":"2019-10-10T01:29:21","guid":{"rendered":"https:\/\/www.defensoria.gob.ec\/?post_type=project&#038;p=6908"},"modified":"2019-10-10T14:12:05","modified_gmt":"2019-10-10T14:12:05","slug":"mas-de-400-personas-atendidas-por-defensores-publicos-en-unidades-de-flagrancia","status":"publish","type":"project","link":"https:\/\/www.defensoria.gob.ec\/?project=mas-de-400-personas-atendidas-por-defensores-publicos-en-unidades-de-flagrancia","title":{"rendered":"M\u00e1s de 400 personas atendidas por defensores p\u00fablicos en unidades de flagrancia"},"content":{"rendered":"<p>[et_pb_section fb_built=\u00bb1&#8243; _builder_version=\u00bb3.28&#8243; fb_built=\u00bb1&#8243; _i=\u00bb0&#8243; _address=\u00bb0&#8243;][et_pb_row _builder_version=\u00bb3.28&#8243; _i=\u00bb0&#8243; _address=\u00bb0.0&#8243;][et_pb_column type=\u00bb4_4&#8243; _builder_version=\u00bb3.28&#8243; _i=\u00bb0&#8243; _address=\u00bb0.0.0&#8243;][et_pb_post_title meta=\u00bboff\u00bb featured_image=\u00bboff\u00bb _builder_version=\u00bb3.28&#8243; _i=\u00bb0&#8243; _address=\u00bb0.0.0.0&#8243;][\/et_pb_post_title][et_pb_text _builder_version=\u00bb3.28&#8243; hover_enabled=\u00bb0&#8243; _i=\u00bb1&#8243; _address=\u00bb0.0.0.1&#8243;]<\/p>\n<p style=\"text-align: justify;\">El Defensor P\u00fablico General (e), Dr. \u00c1ngel Torres Machuca, presenci\u00f3 las audiencias de flagrancia de 54 de 73 personas, aprehendidas en las \u00faltimas horas en Quito, durante las manifestaciones que se registran el mi\u00e9rcoles 9 de octubre de 2019.<\/p>\n<p style=\"text-align: justify;\">Desde el 3 de octubre, m\u00e1s de 400 personas detenidas por las protestas, de un total que sobrepasa las 700, han recibido patrocinio en las audiencias de flagrancia, que se realizan en varias provincias del pa\u00eds.<\/p>\n<p style=\"text-align: justify;\">Los defensores p\u00fablicos contin\u00faan con su labor, pese a la convulsi\u00f3n social, para promover el acceso a la justicia y velar por el respeto a los derechos humanos, seg\u00fan determina la Constituci\u00f3n de la Rep\u00fablica.<\/p>\n<p style=\"text-align: justify;\">La Instituci\u00f3n aboga por el ejercicio de las garant\u00edas constitucionales, la no violencia y la paz social.<\/p>\n<p>[\/et_pb_text][et_pb_gallery gallery_ids=\u00bb6911,6909,6912&#8243; _builder_version=\u00bb3.28&#8243; _i=\u00bb2&#8243; _address=\u00bb0.0.0.2&#8243;][\/et_pb_gallery][\/et_pb_column][\/et_pb_row][\/et_pb_section]<\/p>\n","protected":false},"excerpt":{"rendered":"<p>El Defensor P\u00fablico General (e), Dr. \u00c1ngel Torres Machuca, presenci\u00f3 las audiencias de flagrancia de 54 de 73 personas, aprehendidas en las \u00faltimas horas en Quito, durante las manifestaciones que [&hellip;]<\/p>\n","protected":false},"author":1,"featured_media":6912,"comment_status":"open","ping_status":"closed","template":"","meta":{"_et_pb_use_builder":"on","_et_pb_old_content":"","_et_gb_content_width":"","footnotes":""},"project_category":[5],"project_tag":[],"class_list":["post-6908","project","type-project","status-publish","has-post-thumbnail","hentry","project_category-noticias"],"_links":{"self":[{"href":"https:\/\/www.defensoria.gob.ec\/index.php?rest_route=\/wp\/v2\/project\/6908","targetHints":{"allow":["GET"]}}],"collection":[{"href":"https:\/\/www.defensoria.gob.ec\/index.php?rest_route=\/wp\/v2\/project"}],"about":[{"href":"https:\/\/www.defensoria.gob.ec\/index.php?rest_route=\/wp\/v2\/types\/project"}],"author":[{"embeddable":true,"href":"https:\/\/www.defensoria.gob.ec\/index.php?rest_route=\/wp\/v2\/users\/1"}],"replies":[{"embeddable":true,"href":"https:\/\/www.defensoria.gob.ec\/index.php?rest_route=%2Fwp%2Fv2%2Fcomments&post=6908"}],"version-history":[{"count":0,"href":"https:\/\/www.defensoria.gob.ec\/index.php?rest_route=\/wp\/v2\/project\/6908\/revisions"}],"wp:featuredmedia":[{"embeddable":true,"href":"https:\/\/www.defensoria.gob.ec\/index.php?rest_route=\/wp\/v2\/media\/6912"}],"wp:attachment":[{"href":"https:\/\/www.defensoria.gob.ec\/index.php?rest_route=%2Fwp%2Fv2%2Fmedia&parent=6908"}],"wp:term":[{"taxonomy":"project_category","embeddable":true,"href":"https:\/\/www.defensoria.gob.ec\/index.php?rest_route=%2Fwp%2Fv2%2Fproject_category&post=6908"},{"taxonomy":"project_tag","embeddable":true,"href":"https:\/\/www.defensoria.gob.ec\/index.php?rest_route=%2Fwp%2Fv2%2Fproject_tag&post=6908"}],"curies":[{"name":"wp","href":"https:\/\/api.w.org\/{rel}","templated":true}]}}

Más de 400 personas atendidas por defensores públicos en unidades de flagrancia

<p>[et_pb_section fb_built=»1&#8243; _builder_version=»3.28&#8243; fb_built=»1&#8243; _i=»0&#8243; _address=»0&#8243;][et_pb_row _builder_version=»3.28&#8243; _i=»0&#8243; _address=»0.0&#8243;][et_pb_column type=»4_4&#8243; _builder_version=»3.28&#8243; _i=»0&#8243; _address=»0.0.0&#8243;][et_pb_post_title meta=»off» featured_image=»off» _builder_version=»3.28&#8243; _i=»0&#8243; _address=»0.0.0.0&#8243;][/et_pb_post_title][et_pb_text _builder_version=»3.28&#8243; hover_enabled=»0&#8243; _i=»1&#8243; _address=»0.0.0.1&#8243;]</p>
<p style="text-align: justify;">El Defensor Público General (e), Dr. Ángel Torres Machuca, presenció las audiencias de flagrancia de 54 de 73 personas, aprehendidas en las últimas horas en Quito, durante las manifestaciones que se registran el miércoles 9 de octubre de 2019.</p>
<p style="text-align: justify;">Desde el 3 de octubre, más de 400 personas detenidas por las protestas, de un total que sobrepasa las 700, han recibido patrocinio en las audiencias de flagrancia, que se realizan en varias provincias del país.</p>
<p style="text-align: justify;">Los defensores públicos continúan con su labor, pese a la convulsión social, para promover el acceso a la justicia y velar por el respeto a los derechos humanos, según determina la Constitución de la República.</p>
<p style="text-align: justify;">La Institución aboga por el ejercicio de las garantías constitucionales, la no violencia y la paz social.</p>
<p>[/et_pb_text][et_pb_gallery gallery_ids=»6911,6909,6912&#8243; _builder_version=»3.28&#8243; _i=»2&#8243; _address=»0.0.0.2&#8243;][/et_pb_gallery][/et_pb_column][/et_pb_row][/et_pb_section]</p>

<p>El Defensor Público General (e), Dr. Ángel Torres Machuca, presenció las audiencias de flagrancia de 54 de 73 personas, aprehendidas en las últimas horas en Quito, durante las manifestaciones que [&hellip;]</p>
