{"id":6725,"date":"2019-09-30T22:11:30","date_gmt":"2019-09-30T22:11:30","guid":{"rendered":"https:\/\/www.defensoria.gob.ec\/?post_type=project&#038;p=6725"},"modified":"2019-09-30T22:11:31","modified_gmt":"2019-09-30T22:11:31","slug":"santa-elena-personal-juridico-se-capacito-en-minima-intervencion-penal","status":"publish","type":"project","link":"https:\/\/www.defensoria.gob.ec\/?project=santa-elena-personal-juridico-se-capacito-en-minima-intervencion-penal","title":{"rendered":"Santa Elena: Personal jur\u00eddico se capacit\u00f3 en \u201cM\u00ednima intervenci\u00f3n penal\u201d"},"content":{"rendered":"<p>[et_pb_section fb_built=\u00bb1&#8243; _builder_version=\u00bb3.28&#8243;][et_pb_row _builder_version=\u00bb3.28&#8243; column_structure=\u00bb3_4,1_4&#8243;][et_pb_column _builder_version=\u00bb3.28&#8243; type=\u00bb3_4&#8243;][et_pb_post_title _builder_version=\u00bb3.28&#8243; meta=\u00bboff\u00bb featured_image=\u00bboff\u00bb hover_enabled=\u00bb0&#8243;][\/et_pb_post_title][et_pb_text _builder_version=\u00bb3.28&#8243; hover_enabled=\u00bb0&#8243;]<\/p>\n<p style=\"text-align: justify;\">Como parte de la capacitaci\u00f3n permanente del personal misional, el defensor p\u00fablico provincial de Santa Elena, Jos\u00e9 Ram\u00edrez, asisti\u00f3 al Conversatorio Jur\u00eddico C\u00f3digo Integral Penal (COIP) sobre el tema:\u00a0 \u201cM\u00ednima intervenci\u00f3n penal\u201d\u00b8 desarrollado el viernes 25 de septiembre.<\/p>\n<p style=\"text-align: justify;\">En el evento, que organiz\u00f3 el Consejo de la Judicatura, se compartieron experticias y se conocieron nuevas herramientas jur\u00eddicas,\u00a0 para la aplicaci\u00f3n de una adecuada defensa t\u00e9cnica.<\/p>\n<p>[\/et_pb_text][et_pb_gallery _builder_version=\u00bb3.28&#8243; gallery_ids=\u00bb6721&#8243; hover_enabled=\u00bb0&#8243;][\/et_pb_gallery][\/et_pb_column][et_pb_column _builder_version=\u00bb3.28&#8243; type=\u00bb1_4&#8243;][et_pb_sidebar _builder_version=\u00bb3.28&#8243; hover_enabled=\u00bb0&#8243;][\/et_pb_sidebar][\/et_pb_column][\/et_pb_row][\/et_pb_section]<\/p>\n","protected":false},"excerpt":{"rendered":"<p>Como parte de la capacitaci\u00f3n permanente del personal misional, el defensor p\u00fablico provincial de Santa Elena, Jos\u00e9 Ram\u00edrez, asisti\u00f3 al Conversatorio Jur\u00eddico C\u00f3digo Integral Penal (COIP) sobre el tema:\u00a0 \u201cM\u00ednima [&hellip;]<\/p>\n","protected":false},"author":1,"featured_media":6721,"comment_status":"open","ping_status":"closed","template":"","meta":{"_et_pb_use_builder":"on","_et_pb_old_content":"","_et_gb_content_width":"","footnotes":""},"project_category":[8,5],"project_tag":[],"class_list":["post-6725","project","type-project","status-publish","has-post-thumbnail","hentry","project_category-cerca-a-ti","project_category-noticias"],"_links":{"self":[{"href":"https:\/\/www.defensoria.gob.ec\/index.php?rest_route=\/wp\/v2\/project\/6725","targetHints":{"allow":["GET"]}}],"collection":[{"href":"https:\/\/www.defensoria.gob.ec\/index.php?rest_route=\/wp\/v2\/project"}],"about":[{"href":"https:\/\/www.defensoria.gob.ec\/index.php?rest_route=\/wp\/v2\/types\/project"}],"author":[{"embeddable":true,"href":"https:\/\/www.defensoria.gob.ec\/index.php?rest_route=\/wp\/v2\/users\/1"}],"replies":[{"embeddable":true,"href":"https:\/\/www.defensoria.gob.ec\/index.php?rest_route=%2Fwp%2Fv2%2Fcomments&post=6725"}],"version-history":[{"count":0,"href":"https:\/\/www.defensoria.gob.ec\/index.php?rest_route=\/wp\/v2\/project\/6725\/revisions"}],"wp:featuredmedia":[{"embeddable":true,"href":"https:\/\/www.defensoria.gob.ec\/index.php?rest_route=\/wp\/v2\/media\/6721"}],"wp:attachment":[{"href":"https:\/\/www.defensoria.gob.ec\/index.php?rest_route=%2Fwp%2Fv2%2Fmedia&parent=6725"}],"wp:term":[{"taxonomy":"project_category","embeddable":true,"href":"https:\/\/www.defensoria.gob.ec\/index.php?rest_route=%2Fwp%2Fv2%2Fproject_category&post=6725"},{"taxonomy":"project_tag","embeddable":true,"href":"https:\/\/www.defensoria.gob.ec\/index.php?rest_route=%2Fwp%2Fv2%2Fproject_tag&post=6725"}],"curies":[{"name":"wp","href":"https:\/\/api.w.org\/{rel}","templated":true}]}}

Santa Elena: Personal jurídico se capacitó en “Mínima intervención penal”

<p>[et_pb_section fb_built=»1&#8243; _builder_version=»3.28&#8243;][et_pb_row _builder_version=»3.28&#8243; column_structure=»3_4,1_4&#8243;][et_pb_column _builder_version=»3.28&#8243; type=»3_4&#8243;][et_pb_post_title _builder_version=»3.28&#8243; meta=»off» featured_image=»off» hover_enabled=»0&#8243;][/et_pb_post_title][et_pb_text _builder_version=»3.28&#8243; hover_enabled=»0&#8243;]</p>
<p style="text-align: justify;">Como parte de la capacitación permanente del personal misional, el defensor público provincial de Santa Elena, José Ramírez, asistió al Conversatorio Jurídico Código Integral Penal (COIP) sobre el tema:  “Mínima intervención penal”¸ desarrollado el viernes 25 de septiembre.</p>
<p style="text-align: justify;">En el evento, que organizó el Consejo de la Judicatura, se compartieron experticias y se conocieron nuevas herramientas jurídicas,  para la aplicación de una adecuada defensa técnica.</p>
<p>[/et_pb_text][et_pb_gallery _builder_version=»3.28&#8243; gallery_ids=»6721&#8243; hover_enabled=»0&#8243;][/et_pb_gallery][/et_pb_column][et_pb_column _builder_version=»3.28&#8243; type=»1_4&#8243;][et_pb_sidebar _builder_version=»3.28&#8243; hover_enabled=»0&#8243;][/et_pb_sidebar][/et_pb_column][/et_pb_row][/et_pb_section]</p>

<p>Como parte de la capacitación permanente del personal misional, el defensor público provincial de Santa Elena, José Ramírez, asistió al Conversatorio Jurídico Código Integral Penal (COIP) sobre el tema:  “Mínima [&hellip;]</p>
