{"id":6719,"date":"2019-09-30T22:09:28","date_gmt":"2019-09-30T22:09:28","guid":{"rendered":"https:\/\/www.defensoria.gob.ec\/?post_type=project&#038;p=6719"},"modified":"2019-09-30T22:09:29","modified_gmt":"2019-09-30T22:09:29","slug":"santa-elena-pobladores-de-la-parroquia-prosperidad-recibieron-asesoria-legal","status":"publish","type":"project","link":"https:\/\/www.defensoria.gob.ec\/?project=santa-elena-pobladores-de-la-parroquia-prosperidad-recibieron-asesoria-legal","title":{"rendered":"Santa Elena: Pobladores de la parroquia Prosperidad recibieron asesor\u00eda legal"},"content":{"rendered":"<p>[et_pb_section fb_built=\u00bb1&#8243; _builder_version=\u00bb3.28&#8243;][et_pb_row _builder_version=\u00bb3.28&#8243; column_structure=\u00bb3_4,1_4&#8243;][et_pb_column _builder_version=\u00bb3.28&#8243; type=\u00bb3_4&#8243;][et_pb_post_title _builder_version=\u00bb3.28&#8243; meta=\u00bboff\u00bb featured_image=\u00bboff\u00bb hover_enabled=\u00bb0&#8243;][\/et_pb_post_title][et_pb_text _builder_version=\u00bb3.28&#8243; hover_enabled=\u00bb0&#8243;]<\/p>\n<p style=\"text-align: justify;\">Usuarios de la parroquia Prosperidad, del cant\u00f3n Santa Elena, recibieron asesor\u00eda legal de la Defensor\u00eda P\u00fablica, en la \u201cV Feria de Seguridad Ciudadana y\u00a0 Servicio P\u00fablico\u201d, realizada el viernes 27 de septiembre.<\/p>\n<p style=\"text-align: justify;\">Adem\u00e1s, el equipo\u00a0 misional difundi\u00f3 los servicios gratuitos que ofrece la Instituci\u00f3n en las materias penal y social en los tres puntos de atenci\u00f3n que tiene la Defensor\u00eda P\u00fablica de Santa Elena, en los cantones: Manglaralto, Libertad y Santa Elena.<\/p>\n<p>[\/et_pb_text][et_pb_gallery _builder_version=\u00bb3.28&#8243; gallery_ids=\u00bb6720&#8243; hover_enabled=\u00bb0&#8243;][\/et_pb_gallery][\/et_pb_column][et_pb_column _builder_version=\u00bb3.28&#8243; type=\u00bb1_4&#8243;][et_pb_sidebar _builder_version=\u00bb3.28&#8243; hover_enabled=\u00bb0&#8243;][\/et_pb_sidebar][\/et_pb_column][\/et_pb_row][\/et_pb_section]<\/p>\n","protected":false},"excerpt":{"rendered":"<p>Usuarios de la parroquia Prosperidad, del cant\u00f3n Santa Elena, recibieron asesor\u00eda legal de la Defensor\u00eda P\u00fablica, en la \u201cV Feria de Seguridad Ciudadana y\u00a0 Servicio P\u00fablico\u201d, realizada el viernes 27 [&hellip;]<\/p>\n","protected":false},"author":1,"featured_media":6720,"comment_status":"open","ping_status":"closed","template":"","meta":{"_et_pb_use_builder":"on","_et_pb_old_content":"","_et_gb_content_width":"","footnotes":""},"project_category":[8,5],"project_tag":[],"class_list":["post-6719","project","type-project","status-publish","has-post-thumbnail","hentry","project_category-cerca-a-ti","project_category-noticias"],"_links":{"self":[{"href":"https:\/\/www.defensoria.gob.ec\/index.php?rest_route=\/wp\/v2\/project\/6719","targetHints":{"allow":["GET"]}}],"collection":[{"href":"https:\/\/www.defensoria.gob.ec\/index.php?rest_route=\/wp\/v2\/project"}],"about":[{"href":"https:\/\/www.defensoria.gob.ec\/index.php?rest_route=\/wp\/v2\/types\/project"}],"author":[{"embeddable":true,"href":"https:\/\/www.defensoria.gob.ec\/index.php?rest_route=\/wp\/v2\/users\/1"}],"replies":[{"embeddable":true,"href":"https:\/\/www.defensoria.gob.ec\/index.php?rest_route=%2Fwp%2Fv2%2Fcomments&post=6719"}],"version-history":[{"count":0,"href":"https:\/\/www.defensoria.gob.ec\/index.php?rest_route=\/wp\/v2\/project\/6719\/revisions"}],"wp:featuredmedia":[{"embeddable":true,"href":"https:\/\/www.defensoria.gob.ec\/index.php?rest_route=\/wp\/v2\/media\/6720"}],"wp:attachment":[{"href":"https:\/\/www.defensoria.gob.ec\/index.php?rest_route=%2Fwp%2Fv2%2Fmedia&parent=6719"}],"wp:term":[{"taxonomy":"project_category","embeddable":true,"href":"https:\/\/www.defensoria.gob.ec\/index.php?rest_route=%2Fwp%2Fv2%2Fproject_category&post=6719"},{"taxonomy":"project_tag","embeddable":true,"href":"https:\/\/www.defensoria.gob.ec\/index.php?rest_route=%2Fwp%2Fv2%2Fproject_tag&post=6719"}],"curies":[{"name":"wp","href":"https:\/\/api.w.org\/{rel}","templated":true}]}}

Santa Elena: Pobladores de la parroquia Prosperidad recibieron asesoría legal

<p>[et_pb_section fb_built=»1&#8243; _builder_version=»3.28&#8243;][et_pb_row _builder_version=»3.28&#8243; column_structure=»3_4,1_4&#8243;][et_pb_column _builder_version=»3.28&#8243; type=»3_4&#8243;][et_pb_post_title _builder_version=»3.28&#8243; meta=»off» featured_image=»off» hover_enabled=»0&#8243;][/et_pb_post_title][et_pb_text _builder_version=»3.28&#8243; hover_enabled=»0&#8243;]</p>
<p style="text-align: justify;">Usuarios de la parroquia Prosperidad, del cantón Santa Elena, recibieron asesoría legal de la Defensoría Pública, en la “V Feria de Seguridad Ciudadana y  Servicio Público”, realizada el viernes 27 de septiembre.</p>
<p style="text-align: justify;">Además, el equipo  misional difundió los servicios gratuitos que ofrece la Institución en las materias penal y social en los tres puntos de atención que tiene la Defensoría Pública de Santa Elena, en los cantones: Manglaralto, Libertad y Santa Elena.</p>
<p>[/et_pb_text][et_pb_gallery _builder_version=»3.28&#8243; gallery_ids=»6720&#8243; hover_enabled=»0&#8243;][/et_pb_gallery][/et_pb_column][et_pb_column _builder_version=»3.28&#8243; type=»1_4&#8243;][et_pb_sidebar _builder_version=»3.28&#8243; hover_enabled=»0&#8243;][/et_pb_sidebar][/et_pb_column][/et_pb_row][/et_pb_section]</p>

<p>Usuarios de la parroquia Prosperidad, del cantón Santa Elena, recibieron asesoría legal de la Defensoría Pública, en la “V Feria de Seguridad Ciudadana y  Servicio Público”, realizada el viernes 27 [&hellip;]</p>
