{"id":6560,"date":"2019-09-24T21:48:46","date_gmt":"2019-09-24T21:48:46","guid":{"rendered":"https:\/\/www.defensoria.gob.ec\/?post_type=project&#038;p=6560"},"modified":"2019-09-24T21:48:46","modified_gmt":"2019-09-24T21:48:46","slug":"regional-del-litoral-defensoria-publica-plantea-un-plan-de-fortalecimiento-regional","status":"publish","type":"project","link":"https:\/\/www.defensoria.gob.ec\/?project=regional-del-litoral-defensoria-publica-plantea-un-plan-de-fortalecimiento-regional","title":{"rendered":"Regional del Litoral: Defensor\u00eda P\u00fablica plantea un plan de fortalecimiento regional"},"content":{"rendered":"<p>[et_pb_section fb_built=\u00bb1&#8243; _builder_version=\u00bb3.28&#8243;][et_pb_row _builder_version=\u00bb3.28&#8243; column_structure=\u00bb3_4,1_4&#8243;][et_pb_column _builder_version=\u00bb3.28&#8243; type=\u00bb3_4&#8243;][et_pb_post_title _builder_version=\u00bb3.28&#8243; meta=\u00bboff\u00bb featured_image=\u00bboff\u00bb hover_enabled=\u00bb0&#8243;][\/et_pb_post_title][et_pb_text _builder_version=\u00bb3.28&#8243; hover_enabled=\u00bb0&#8243;]<\/p>\n<p style=\"text-align: justify;\">El 23 de septiembre, la defensora p\u00fablica regional del Litoral, Michele Portaluppi, lider\u00f3 una reuni\u00f3n de trabajo donde participaron los Defensores P\u00fablicos de la regi\u00f3n con el objetivo de evaluar cada una de los procesos que se ejecutan en las provincias.<\/p>\n<p style=\"text-align: justify;\">Durante la cita, la autoridad regional destac\u00f3 \u201cel compromiso de cada uno de los Defensores P\u00fablicos y del personal misional en garantizar el pleno acceso a la justicia de una manera eficiente, de calidad y oportuna enmarcado en la plena protecci\u00f3n y promoci\u00f3n de los derechos\u201d, manifest\u00f3 Portaluppi.<\/p>\n<p style=\"text-align: justify;\">Durante la evaluaci\u00f3n de trabajo se estableci\u00f3 el Plan del Proyecto de Fortalecimiento Regional, con el fin\u00a0 de plantear acciones tendientes a fortalecer la labor de la Defensor\u00eda P\u00fablica en los territorios.<\/p>\n<p style=\"text-align: justify;\">A este encuentro asistieron los Defensores P\u00fablicos de El Oro, Bol\u00edvar, Santa Elena, Los R\u00edos, Manab\u00ed y Guayas.<\/p>\n<p style=\"text-align: justify;\">As\u00ed tambi\u00e9n, el 20 de septiembre, la Defensora P\u00fablica Regional del Litoral mantuvo una\u00a0 reuni\u00f3n de trabajo con la Coordinadora Regional de la Zona 5, del Ministerio de Desarrollo Urbano y Vivienda (MIDUVI).\u00a0 En el encuentro se defini\u00f3 una alianza interinstitucional en beneficio de las mujeres que han sido v\u00edctimas de violencia.<\/p>\n<p style=\"text-align: justify;\">Para Mar\u00eda Jos\u00e9 Carvajal, coordinadora del MIDUVI\u00a0 \u201ces una prioridad apoyar a este grupo de atenci\u00f3n prioritaria a trav\u00e9s de esta alianza donde las mujeres que han sido v\u00edctimas de\u00a0 violencia tengan el acceso a proyectos de vivienda de inter\u00e9s social\u201d.<\/p>\n<p style=\"text-align: justify;\">La Defensora P\u00fablica Regional del Litoral, se\u00f1al\u00f3 que el accionar de la Instituci\u00f3n no puede ser aislado de otras instituciones, es por ello que gracias a estos mecanismos de articulaci\u00f3n permiten fortalecer la labor de la Defensor\u00eda P\u00fablica. \u00a0<\/p>\n<p>[\/et_pb_text][et_pb_gallery _builder_version=\u00bb3.28&#8243; gallery_ids=\u00bb6546,6547&#8243; hover_enabled=\u00bb0&#8243;][\/et_pb_gallery][\/et_pb_column][et_pb_column _builder_version=\u00bb3.28&#8243; type=\u00bb1_4&#8243;][et_pb_sidebar _builder_version=\u00bb3.28&#8243; hover_enabled=\u00bb0&#8243;][\/et_pb_sidebar][\/et_pb_column][\/et_pb_row][\/et_pb_section]<\/p>\n","protected":false},"excerpt":{"rendered":"<p>El 23 de septiembre, la defensora p\u00fablica regional del Litoral, Michele Portaluppi, lider\u00f3 una reuni\u00f3n de trabajo donde participaron los Defensores P\u00fablicos de la regi\u00f3n con el objetivo de evaluar [&hellip;]<\/p>\n","protected":false},"author":1,"featured_media":6547,"comment_status":"open","ping_status":"closed","template":"","meta":{"_et_pb_use_builder":"on","_et_pb_old_content":"","_et_gb_content_width":"","footnotes":""},"project_category":[8,5],"project_tag":[],"class_list":["post-6560","project","type-project","status-publish","has-post-thumbnail","hentry","project_category-cerca-a-ti","project_category-noticias"],"_links":{"self":[{"href":"https:\/\/www.defensoria.gob.ec\/index.php?rest_route=\/wp\/v2\/project\/6560","targetHints":{"allow":["GET"]}}],"collection":[{"href":"https:\/\/www.defensoria.gob.ec\/index.php?rest_route=\/wp\/v2\/project"}],"about":[{"href":"https:\/\/www.defensoria.gob.ec\/index.php?rest_route=\/wp\/v2\/types\/project"}],"author":[{"embeddable":true,"href":"https:\/\/www.defensoria.gob.ec\/index.php?rest_route=\/wp\/v2\/users\/1"}],"replies":[{"embeddable":true,"href":"https:\/\/www.defensoria.gob.ec\/index.php?rest_route=%2Fwp%2Fv2%2Fcomments&post=6560"}],"version-history":[{"count":0,"href":"https:\/\/www.defensoria.gob.ec\/index.php?rest_route=\/wp\/v2\/project\/6560\/revisions"}],"wp:featuredmedia":[{"embeddable":true,"href":"https:\/\/www.defensoria.gob.ec\/index.php?rest_route=\/wp\/v2\/media\/6547"}],"wp:attachment":[{"href":"https:\/\/www.defensoria.gob.ec\/index.php?rest_route=%2Fwp%2Fv2%2Fmedia&parent=6560"}],"wp:term":[{"taxonomy":"project_category","embeddable":true,"href":"https:\/\/www.defensoria.gob.ec\/index.php?rest_route=%2Fwp%2Fv2%2Fproject_category&post=6560"},{"taxonomy":"project_tag","embeddable":true,"href":"https:\/\/www.defensoria.gob.ec\/index.php?rest_route=%2Fwp%2Fv2%2Fproject_tag&post=6560"}],"curies":[{"name":"wp","href":"https:\/\/api.w.org\/{rel}","templated":true}]}}

Regional del Litoral: Defensoría Pública plantea un plan de fortalecimiento regional

<p>[et_pb_section fb_built=»1&#8243; _builder_version=»3.28&#8243;][et_pb_row _builder_version=»3.28&#8243; column_structure=»3_4,1_4&#8243;][et_pb_column _builder_version=»3.28&#8243; type=»3_4&#8243;][et_pb_post_title _builder_version=»3.28&#8243; meta=»off» featured_image=»off» hover_enabled=»0&#8243;][/et_pb_post_title][et_pb_text _builder_version=»3.28&#8243; hover_enabled=»0&#8243;]</p>
<p style="text-align: justify;">El 23 de septiembre, la defensora pública regional del Litoral, Michele Portaluppi, lideró una reunión de trabajo donde participaron los Defensores Públicos de la región con el objetivo de evaluar cada una de los procesos que se ejecutan en las provincias.</p>
<p style="text-align: justify;">Durante la cita, la autoridad regional destacó “el compromiso de cada uno de los Defensores Públicos y del personal misional en garantizar el pleno acceso a la justicia de una manera eficiente, de calidad y oportuna enmarcado en la plena protección y promoción de los derechos”, manifestó Portaluppi.</p>
<p style="text-align: justify;">Durante la evaluación de trabajo se estableció el Plan del Proyecto de Fortalecimiento Regional, con el fin  de plantear acciones tendientes a fortalecer la labor de la Defensoría Pública en los territorios.</p>
<p style="text-align: justify;">A este encuentro asistieron los Defensores Públicos de El Oro, Bolívar, Santa Elena, Los Ríos, Manabí y Guayas.</p>
<p style="text-align: justify;">Así también, el 20 de septiembre, la Defensora Pública Regional del Litoral mantuvo una  reunión de trabajo con la Coordinadora Regional de la Zona 5, del Ministerio de Desarrollo Urbano y Vivienda (MIDUVI).  En el encuentro se definió una alianza interinstitucional en beneficio de las mujeres que han sido víctimas de violencia.</p>
<p style="text-align: justify;">Para María José Carvajal, coordinadora del MIDUVI  “es una prioridad apoyar a este grupo de atención prioritaria a través de esta alianza donde las mujeres que han sido víctimas de  violencia tengan el acceso a proyectos de vivienda de interés social”.</p>
<p style="text-align: justify;">La Defensora Pública Regional del Litoral, señaló que el accionar de la Institución no puede ser aislado de otras instituciones, es por ello que gracias a estos mecanismos de articulación permiten fortalecer la labor de la Defensoría Pública.  </p>
<p>[/et_pb_text][et_pb_gallery _builder_version=»3.28&#8243; gallery_ids=»6546,6547&#8243; hover_enabled=»0&#8243;][/et_pb_gallery][/et_pb_column][et_pb_column _builder_version=»3.28&#8243; type=»1_4&#8243;][et_pb_sidebar _builder_version=»3.28&#8243; hover_enabled=»0&#8243;][/et_pb_sidebar][/et_pb_column][/et_pb_row][/et_pb_section]</p>

<p>El 23 de septiembre, la defensora pública regional del Litoral, Michele Portaluppi, lideró una reunión de trabajo donde participaron los Defensores Públicos de la región con el objetivo de evaluar [&hellip;]</p>
