{"id":6552,"date":"2019-09-24T21:41:15","date_gmt":"2019-09-24T21:41:15","guid":{"rendered":"https:\/\/www.defensoria.gob.ec\/?post_type=project&#038;p=6552"},"modified":"2019-09-24T21:41:15","modified_gmt":"2019-09-24T21:41:15","slug":"santa-elena-capacitaciones-en-codigo-organico-integral-penal-y-mediaciones","status":"publish","type":"project","link":"https:\/\/www.defensoria.gob.ec\/?project=santa-elena-capacitaciones-en-codigo-organico-integral-penal-y-mediaciones","title":{"rendered":"Santa Elena: Capacitaciones en C\u00f3digo Org\u00e1nico Integral Penal y Mediaciones"},"content":{"rendered":"<p>[et_pb_section fb_built=\u00bb1&#8243; _builder_version=\u00bb3.28&#8243;][et_pb_row _builder_version=\u00bb3.28&#8243; column_structure=\u00bb3_4,1_4&#8243;][et_pb_column _builder_version=\u00bb3.28&#8243; type=\u00bb3_4&#8243;][et_pb_post_title _builder_version=\u00bb3.28&#8243; meta=\u00bboff\u00bb featured_image=\u00bboff\u00bb hover_enabled=\u00bb0&#8243;][\/et_pb_post_title][et_pb_text _builder_version=\u00bb3.28&#8243; hover_enabled=\u00bb0&#8243;]<\/p>\n<p style=\"text-align: justify;\">El equipo t\u00e9cnico de la Defensor\u00eda P\u00fablica de Santa Elena, conformado por Jos\u00e9 Ram\u00edrez, Freddy Zhindon, Mar\u00eda Zhi\u00f1in y \u00a0Sandra Bravo, particip\u00f3 el\u00a0 10\u00a0 de septiembre, en un conversatorio sobre el C\u00f3digo Org\u00e1nico\u00a0 Integral\u00a0 Penal (COIP) y\u00a0 las reformas planteadas en la Asamblea Nacional, organizado por el\u00a0 Consejo de la Judicatura.<\/p>\n<p style=\"text-align: justify;\">As\u00ed mismo, por el D\u00eda Nacional de la Mediaci\u00f3n que se celebra el 4 de septiembre, la defensora p\u00fablica, Sandra Bravo, asisti\u00f3 al conversatorio sobre esta tem\u00e1tica, tambi\u00e9n organizado por el Consejo de la Judicatura, en el que participaron representantes de las instituciones del sector justicia.<\/p>\n<p>[\/et_pb_text][et_pb_gallery _builder_version=\u00bb3.28&#8243; gallery_ids=\u00bb6544,6545&#8243; hover_enabled=\u00bb0&#8243;][\/et_pb_gallery][\/et_pb_column][et_pb_column _builder_version=\u00bb3.28&#8243; type=\u00bb1_4&#8243;][et_pb_sidebar _builder_version=\u00bb3.28&#8243; hover_enabled=\u00bb0&#8243;][\/et_pb_sidebar][\/et_pb_column][\/et_pb_row][\/et_pb_section]<\/p>\n","protected":false},"excerpt":{"rendered":"<p>El equipo t\u00e9cnico de la Defensor\u00eda P\u00fablica de Santa Elena, conformado por Jos\u00e9 Ram\u00edrez, Freddy Zhindon, Mar\u00eda Zhi\u00f1in y \u00a0Sandra Bravo, particip\u00f3 el\u00a0 10\u00a0 de septiembre, en un conversatorio sobre [&hellip;]<\/p>\n","protected":false},"author":1,"featured_media":6545,"comment_status":"open","ping_status":"closed","template":"","meta":{"_et_pb_use_builder":"on","_et_pb_old_content":"","_et_gb_content_width":"","footnotes":""},"project_category":[8,5],"project_tag":[],"class_list":["post-6552","project","type-project","status-publish","has-post-thumbnail","hentry","project_category-cerca-a-ti","project_category-noticias"],"_links":{"self":[{"href":"https:\/\/www.defensoria.gob.ec\/index.php?rest_route=\/wp\/v2\/project\/6552","targetHints":{"allow":["GET"]}}],"collection":[{"href":"https:\/\/www.defensoria.gob.ec\/index.php?rest_route=\/wp\/v2\/project"}],"about":[{"href":"https:\/\/www.defensoria.gob.ec\/index.php?rest_route=\/wp\/v2\/types\/project"}],"author":[{"embeddable":true,"href":"https:\/\/www.defensoria.gob.ec\/index.php?rest_route=\/wp\/v2\/users\/1"}],"replies":[{"embeddable":true,"href":"https:\/\/www.defensoria.gob.ec\/index.php?rest_route=%2Fwp%2Fv2%2Fcomments&post=6552"}],"version-history":[{"count":0,"href":"https:\/\/www.defensoria.gob.ec\/index.php?rest_route=\/wp\/v2\/project\/6552\/revisions"}],"wp:featuredmedia":[{"embeddable":true,"href":"https:\/\/www.defensoria.gob.ec\/index.php?rest_route=\/wp\/v2\/media\/6545"}],"wp:attachment":[{"href":"https:\/\/www.defensoria.gob.ec\/index.php?rest_route=%2Fwp%2Fv2%2Fmedia&parent=6552"}],"wp:term":[{"taxonomy":"project_category","embeddable":true,"href":"https:\/\/www.defensoria.gob.ec\/index.php?rest_route=%2Fwp%2Fv2%2Fproject_category&post=6552"},{"taxonomy":"project_tag","embeddable":true,"href":"https:\/\/www.defensoria.gob.ec\/index.php?rest_route=%2Fwp%2Fv2%2Fproject_tag&post=6552"}],"curies":[{"name":"wp","href":"https:\/\/api.w.org\/{rel}","templated":true}]}}

Santa Elena: Capacitaciones en Código Orgánico Integral Penal y Mediaciones

<p>[et_pb_section fb_built=»1&#8243; _builder_version=»3.28&#8243;][et_pb_row _builder_version=»3.28&#8243; column_structure=»3_4,1_4&#8243;][et_pb_column _builder_version=»3.28&#8243; type=»3_4&#8243;][et_pb_post_title _builder_version=»3.28&#8243; meta=»off» featured_image=»off» hover_enabled=»0&#8243;][/et_pb_post_title][et_pb_text _builder_version=»3.28&#8243; hover_enabled=»0&#8243;]</p>
<p style="text-align: justify;">El equipo técnico de la Defensoría Pública de Santa Elena, conformado por José Ramírez, Freddy Zhindon, María Zhiñin y  Sandra Bravo, participó el  10  de septiembre, en un conversatorio sobre el Código Orgánico  Integral  Penal (COIP) y  las reformas planteadas en la Asamblea Nacional, organizado por el  Consejo de la Judicatura.</p>
<p style="text-align: justify;">Así mismo, por el Día Nacional de la Mediación que se celebra el 4 de septiembre, la defensora pública, Sandra Bravo, asistió al conversatorio sobre esta temática, también organizado por el Consejo de la Judicatura, en el que participaron representantes de las instituciones del sector justicia.</p>
<p>[/et_pb_text][et_pb_gallery _builder_version=»3.28&#8243; gallery_ids=»6544,6545&#8243; hover_enabled=»0&#8243;][/et_pb_gallery][/et_pb_column][et_pb_column _builder_version=»3.28&#8243; type=»1_4&#8243;][et_pb_sidebar _builder_version=»3.28&#8243; hover_enabled=»0&#8243;][/et_pb_sidebar][/et_pb_column][/et_pb_row][/et_pb_section]</p>

<p>El equipo técnico de la Defensoría Pública de Santa Elena, conformado por José Ramírez, Freddy Zhindon, María Zhiñin y  Sandra Bravo, participó el  10  de septiembre, en un conversatorio sobre [&hellip;]</p>
