{"id":6540,"date":"2019-09-24T21:37:31","date_gmt":"2019-09-24T21:37:31","guid":{"rendered":"https:\/\/www.defensoria.gob.ec\/?post_type=project&#038;p=6540"},"modified":"2019-09-24T21:37:31","modified_gmt":"2019-09-24T21:37:31","slug":"tungurahua-difusion-de-servicios-en-feria-informativa-y-medios-de-comunicacion","status":"publish","type":"project","link":"https:\/\/www.defensoria.gob.ec\/?project=tungurahua-difusion-de-servicios-en-feria-informativa-y-medios-de-comunicacion","title":{"rendered":"Tungurahua: Difusi\u00f3n de servicios en feria informativa y medios de comunicaci\u00f3n"},"content":{"rendered":"<p>[et_pb_section fb_built=\u00bb1&#8243; _builder_version=\u00bb3.28&#8243;][et_pb_row _builder_version=\u00bb3.28&#8243; column_structure=\u00bb3_4,1_4&#8243;][et_pb_column _builder_version=\u00bb3.28&#8243; type=\u00bb3_4&#8243;][et_pb_post_title _builder_version=\u00bb3.28&#8243; meta=\u00bboff\u00bb featured_image=\u00bboff\u00bb hover_enabled=\u00bb0&#8243;][\/et_pb_post_title][et_pb_text _builder_version=\u00bb3.28&#8243; hover_enabled=\u00bb0&#8243;]<\/p>\n<p style=\"text-align: justify;\">A prop\u00f3sito del D\u00eda Internacional de la Paz, que se celebra cada 21 de septiembre, la Defensor\u00eda P\u00fablica de Tungurahua, conjuntamente con el Consejo de la Judicatura, la Fiscal\u00eda provincial, el Ministerio de Inclusi\u00f3n Econ\u00f3mica y Social y el Consejo de Protecci\u00f3n de Derechos cantonal, particip\u00f3 en una feria informativa.<\/p>\n<p style=\"text-align: justify;\">En el evento, alrededor de 50 personas conocieron los servicios gratuitos de asesor\u00eda legal y patrocinio, que ofrece la Instituci\u00f3n, en los siete puntos de atenci\u00f3n en la provincia; tres en Ambato y uno en cada cant\u00f3n: Pelileo, Ba\u00f1os, P\u00edllaro y\u00a0 Quero.<\/p>\n<p style=\"text-align: justify;\">Adem\u00e1s, el defensor p\u00fablico provincial, Santiago Burbano, y el defensor p\u00fablico del \u00c1rea Penal, Santiago Mart\u00ednez, participaron en entrevistas en las emisoras Radio L\u00edder y Radio Mera de Ambato, en las que explicaron el trabajo gratuito que desarrolla la Instituci\u00f3n en favor de las personas que, por su condici\u00f3n social, econ\u00f3mica o\u00a0 en estado de indefensi\u00f3n, no pueden contratar un abogado particular para su defensa t\u00e9cnica.<\/p>\n<p>[\/et_pb_text][et_pb_gallery _builder_version=\u00bb3.28&#8243; gallery_ids=\u00bb6543,6541&#8243; hover_enabled=\u00bb0&#8243;][\/et_pb_gallery][\/et_pb_column][et_pb_column _builder_version=\u00bb3.28&#8243; type=\u00bb1_4&#8243;][et_pb_sidebar _builder_version=\u00bb3.28&#8243; hover_enabled=\u00bb0&#8243;][\/et_pb_sidebar][\/et_pb_column][\/et_pb_row][\/et_pb_section]<\/p>\n","protected":false},"excerpt":{"rendered":"<p>A prop\u00f3sito del D\u00eda Internacional de la Paz, que se celebra cada 21 de septiembre, la Defensor\u00eda P\u00fablica de Tungurahua, conjuntamente con el Consejo de la Judicatura, la Fiscal\u00eda provincial, [&hellip;]<\/p>\n","protected":false},"author":1,"featured_media":6543,"comment_status":"open","ping_status":"closed","template":"","meta":{"_et_pb_use_builder":"on","_et_pb_old_content":"","_et_gb_content_width":"","footnotes":""},"project_category":[8,5],"project_tag":[],"class_list":["post-6540","project","type-project","status-publish","has-post-thumbnail","hentry","project_category-cerca-a-ti","project_category-noticias"],"_links":{"self":[{"href":"https:\/\/www.defensoria.gob.ec\/index.php?rest_route=\/wp\/v2\/project\/6540","targetHints":{"allow":["GET"]}}],"collection":[{"href":"https:\/\/www.defensoria.gob.ec\/index.php?rest_route=\/wp\/v2\/project"}],"about":[{"href":"https:\/\/www.defensoria.gob.ec\/index.php?rest_route=\/wp\/v2\/types\/project"}],"author":[{"embeddable":true,"href":"https:\/\/www.defensoria.gob.ec\/index.php?rest_route=\/wp\/v2\/users\/1"}],"replies":[{"embeddable":true,"href":"https:\/\/www.defensoria.gob.ec\/index.php?rest_route=%2Fwp%2Fv2%2Fcomments&post=6540"}],"version-history":[{"count":0,"href":"https:\/\/www.defensoria.gob.ec\/index.php?rest_route=\/wp\/v2\/project\/6540\/revisions"}],"wp:featuredmedia":[{"embeddable":true,"href":"https:\/\/www.defensoria.gob.ec\/index.php?rest_route=\/wp\/v2\/media\/6543"}],"wp:attachment":[{"href":"https:\/\/www.defensoria.gob.ec\/index.php?rest_route=%2Fwp%2Fv2%2Fmedia&parent=6540"}],"wp:term":[{"taxonomy":"project_category","embeddable":true,"href":"https:\/\/www.defensoria.gob.ec\/index.php?rest_route=%2Fwp%2Fv2%2Fproject_category&post=6540"},{"taxonomy":"project_tag","embeddable":true,"href":"https:\/\/www.defensoria.gob.ec\/index.php?rest_route=%2Fwp%2Fv2%2Fproject_tag&post=6540"}],"curies":[{"name":"wp","href":"https:\/\/api.w.org\/{rel}","templated":true}]}}

Tungurahua: Difusión de servicios en feria informativa y medios de comunicación

<p>[et_pb_section fb_built=»1&#8243; _builder_version=»3.28&#8243;][et_pb_row _builder_version=»3.28&#8243; column_structure=»3_4,1_4&#8243;][et_pb_column _builder_version=»3.28&#8243; type=»3_4&#8243;][et_pb_post_title _builder_version=»3.28&#8243; meta=»off» featured_image=»off» hover_enabled=»0&#8243;][/et_pb_post_title][et_pb_text _builder_version=»3.28&#8243; hover_enabled=»0&#8243;]</p>
<p style="text-align: justify;">A propósito del Día Internacional de la Paz, que se celebra cada 21 de septiembre, la Defensoría Pública de Tungurahua, conjuntamente con el Consejo de la Judicatura, la Fiscalía provincial, el Ministerio de Inclusión Económica y Social y el Consejo de Protección de Derechos cantonal, participó en una feria informativa.</p>
<p style="text-align: justify;">En el evento, alrededor de 50 personas conocieron los servicios gratuitos de asesoría legal y patrocinio, que ofrece la Institución, en los siete puntos de atención en la provincia; tres en Ambato y uno en cada cantón: Pelileo, Baños, Píllaro y  Quero.</p>
<p style="text-align: justify;">Además, el defensor público provincial, Santiago Burbano, y el defensor público del Área Penal, Santiago Martínez, participaron en entrevistas en las emisoras Radio Líder y Radio Mera de Ambato, en las que explicaron el trabajo gratuito que desarrolla la Institución en favor de las personas que, por su condición social, económica o  en estado de indefensión, no pueden contratar un abogado particular para su defensa técnica.</p>
<p>[/et_pb_text][et_pb_gallery _builder_version=»3.28&#8243; gallery_ids=»6543,6541&#8243; hover_enabled=»0&#8243;][/et_pb_gallery][/et_pb_column][et_pb_column _builder_version=»3.28&#8243; type=»1_4&#8243;][et_pb_sidebar _builder_version=»3.28&#8243; hover_enabled=»0&#8243;][/et_pb_sidebar][/et_pb_column][/et_pb_row][/et_pb_section]</p>

<p>A propósito del Día Internacional de la Paz, que se celebra cada 21 de septiembre, la Defensoría Pública de Tungurahua, conjuntamente con el Consejo de la Judicatura, la Fiscalía provincial, [&hellip;]</p>
