{"id":6504,"date":"2019-09-19T21:09:17","date_gmt":"2019-09-19T21:09:17","guid":{"rendered":"https:\/\/www.defensoria.gob.ec\/?post_type=project&#038;p=6504"},"modified":"2019-09-19T21:09:17","modified_gmt":"2019-09-19T21:09:17","slug":"pichincha-coordinacion-interinstitucional-para-atencion-de-casos-en-materia-laboral","status":"publish","type":"project","link":"https:\/\/www.defensoria.gob.ec\/?project=pichincha-coordinacion-interinstitucional-para-atencion-de-casos-en-materia-laboral","title":{"rendered":"Pichincha: Coordinaci\u00f3n interinstitucional para atenci\u00f3n de casos en materia laboral"},"content":{"rendered":"<p>[et_pb_section fb_built=\u00bb1&#8243; _builder_version=\u00bb3.28&#8243;][et_pb_row _builder_version=\u00bb3.28&#8243; column_structure=\u00bb3_4,1_4&#8243;][et_pb_column _builder_version=\u00bb3.28&#8243; type=\u00bb3_4&#8243;][et_pb_post_title _builder_version=\u00bb3.28&#8243; meta=\u00bboff\u00bb featured_image=\u00bboff\u00bb hover_enabled=\u00bb0&#8243;][\/et_pb_post_title][et_pb_text _builder_version=\u00bb3.28&#8243; hover_enabled=\u00bb0&#8243;]<\/p>\n<p style=\"text-align: justify;\">La defensora p\u00fablica provincial de Pichincha, Andrea Guerrero, y\u00a0 la responsable del \u00c1rea Laboral, Yolanda Yerovi, se reunieron con la directora Regional del Ministerio de Trabajo, Carla Navarrete, el mi\u00e9rcoles 18 de septiembre, para coordinar acciones tras la implementaci\u00f3n de la Boleta \u00danica, que prev\u00e9 el descongestionamiento del sistema judicial, en materia laboral.<\/p>\n<p style=\"text-align: justify;\">La defensora provincial destac\u00f3 la predisposici\u00f3n de la Defensor\u00eda P\u00fablica en fortalecer la atenci\u00f3n de casos laborales a trav\u00e9s de asesor\u00edas legales y patrocinios gratuitos.<\/p>\n<p>[\/et_pb_text][et_pb_gallery _builder_version=\u00bb3.28&#8243; gallery_ids=\u00bb6491&#8243; hover_enabled=\u00bb0&#8243;][\/et_pb_gallery][\/et_pb_column][et_pb_column _builder_version=\u00bb3.28&#8243; type=\u00bb1_4&#8243;][et_pb_sidebar _builder_version=\u00bb3.28&#8243; hover_enabled=\u00bb0&#8243;][\/et_pb_sidebar][\/et_pb_column][\/et_pb_row][\/et_pb_section]<\/p>\n","protected":false},"excerpt":{"rendered":"<p>La defensora p\u00fablica provincial de Pichincha, Andrea Guerrero, y\u00a0 la responsable del \u00c1rea Laboral, Yolanda Yerovi, se reunieron con la directora Regional del Ministerio de Trabajo, Carla Navarrete, el mi\u00e9rcoles [&hellip;]<\/p>\n","protected":false},"author":1,"featured_media":6491,"comment_status":"open","ping_status":"closed","template":"","meta":{"_et_pb_use_builder":"on","_et_pb_old_content":"","_et_gb_content_width":"","footnotes":""},"project_category":[8,5],"project_tag":[],"class_list":["post-6504","project","type-project","status-publish","has-post-thumbnail","hentry","project_category-cerca-a-ti","project_category-noticias"],"_links":{"self":[{"href":"https:\/\/www.defensoria.gob.ec\/index.php?rest_route=\/wp\/v2\/project\/6504","targetHints":{"allow":["GET"]}}],"collection":[{"href":"https:\/\/www.defensoria.gob.ec\/index.php?rest_route=\/wp\/v2\/project"}],"about":[{"href":"https:\/\/www.defensoria.gob.ec\/index.php?rest_route=\/wp\/v2\/types\/project"}],"author":[{"embeddable":true,"href":"https:\/\/www.defensoria.gob.ec\/index.php?rest_route=\/wp\/v2\/users\/1"}],"replies":[{"embeddable":true,"href":"https:\/\/www.defensoria.gob.ec\/index.php?rest_route=%2Fwp%2Fv2%2Fcomments&post=6504"}],"version-history":[{"count":0,"href":"https:\/\/www.defensoria.gob.ec\/index.php?rest_route=\/wp\/v2\/project\/6504\/revisions"}],"wp:featuredmedia":[{"embeddable":true,"href":"https:\/\/www.defensoria.gob.ec\/index.php?rest_route=\/wp\/v2\/media\/6491"}],"wp:attachment":[{"href":"https:\/\/www.defensoria.gob.ec\/index.php?rest_route=%2Fwp%2Fv2%2Fmedia&parent=6504"}],"wp:term":[{"taxonomy":"project_category","embeddable":true,"href":"https:\/\/www.defensoria.gob.ec\/index.php?rest_route=%2Fwp%2Fv2%2Fproject_category&post=6504"},{"taxonomy":"project_tag","embeddable":true,"href":"https:\/\/www.defensoria.gob.ec\/index.php?rest_route=%2Fwp%2Fv2%2Fproject_tag&post=6504"}],"curies":[{"name":"wp","href":"https:\/\/api.w.org\/{rel}","templated":true}]}}

Pichincha: Coordinación interinstitucional para atención de casos en materia laboral

<p>[et_pb_section fb_built=»1&#8243; _builder_version=»3.28&#8243;][et_pb_row _builder_version=»3.28&#8243; column_structure=»3_4,1_4&#8243;][et_pb_column _builder_version=»3.28&#8243; type=»3_4&#8243;][et_pb_post_title _builder_version=»3.28&#8243; meta=»off» featured_image=»off» hover_enabled=»0&#8243;][/et_pb_post_title][et_pb_text _builder_version=»3.28&#8243; hover_enabled=»0&#8243;]</p>
<p style="text-align: justify;">La defensora pública provincial de Pichincha, Andrea Guerrero, y  la responsable del Área Laboral, Yolanda Yerovi, se reunieron con la directora Regional del Ministerio de Trabajo, Carla Navarrete, el miércoles 18 de septiembre, para coordinar acciones tras la implementación de la Boleta Única, que prevé el descongestionamiento del sistema judicial, en materia laboral.</p>
<p style="text-align: justify;">La defensora provincial destacó la predisposición de la Defensoría Pública en fortalecer la atención de casos laborales a través de asesorías legales y patrocinios gratuitos.</p>
<p>[/et_pb_text][et_pb_gallery _builder_version=»3.28&#8243; gallery_ids=»6491&#8243; hover_enabled=»0&#8243;][/et_pb_gallery][/et_pb_column][et_pb_column _builder_version=»3.28&#8243; type=»1_4&#8243;][et_pb_sidebar _builder_version=»3.28&#8243; hover_enabled=»0&#8243;][/et_pb_sidebar][/et_pb_column][/et_pb_row][/et_pb_section]</p>

<p>La defensora pública provincial de Pichincha, Andrea Guerrero, y  la responsable del Área Laboral, Yolanda Yerovi, se reunieron con la directora Regional del Ministerio de Trabajo, Carla Navarrete, el miércoles [&hellip;]</p>
