{"id":6500,"date":"2019-09-19T21:06:53","date_gmt":"2019-09-19T21:06:53","guid":{"rendered":"https:\/\/www.defensoria.gob.ec\/?post_type=project&#038;p=6500"},"modified":"2019-09-19T21:06:53","modified_gmt":"2019-09-19T21:06:53","slug":"morona-santiago-gestion-de-comodato-para-oficina-en-el-canton-palora","status":"publish","type":"project","link":"https:\/\/www.defensoria.gob.ec\/?project=morona-santiago-gestion-de-comodato-para-oficina-en-el-canton-palora","title":{"rendered":"Morona Santiago: Gesti\u00f3n de comodato para oficina en el cant\u00f3n Palora"},"content":{"rendered":"<p>[et_pb_section fb_built=\u00bb1&#8243; _builder_version=\u00bb3.28&#8243;][et_pb_row _builder_version=\u00bb3.28&#8243; column_structure=\u00bb3_4,1_4&#8243;][et_pb_column _builder_version=\u00bb3.28&#8243; type=\u00bb3_4&#8243;][et_pb_post_title _builder_version=\u00bb3.28&#8243; meta=\u00bboff\u00bb featured_image=\u00bboff\u00bb hover_enabled=\u00bb0&#8243;][\/et_pb_post_title][et_pb_text _builder_version=\u00bb3.28&#8243; hover_enabled=\u00bb0&#8243;]<\/p>\n<p style=\"text-align: justify;\">El defensor p\u00fablico provincial de Morona Santiago, Jos\u00e9 Ram\u00edrez, se reuni\u00f3, el 13 de septiembre, con la directora del Consejo de la Judicatura, Alexandra Ord\u00f3\u00f1ez, con el objetivo\u00a0 de \u00a0plantear la necesidad de acceder a un espacio f\u00edsico para la Defensor\u00eda P\u00fablica, en el cant\u00f3n Palora, debido\u00a0 a la alta demanda de usuarios. La propuesta tuvo aceptaci\u00f3n, por lo que se prepara la suscripci\u00f3n de un convenio de comodato de un inmueble, en esta localidad. \u00a0<\/p>\n<p style=\"text-align: justify;\">As\u00ed mismo, el defensor p\u00fablico provincial particip\u00f3 en la Mesa de Seguridad, que se desarroll\u00f3 en las instalaciones del ECU 911, donde se abordaron los temas de violencia intrafamiliar y la situaci\u00f3n de las personas privadas de la libertad (PPL), en el Centro de Rehabilitaci\u00f3n Social. La Defensor\u00eda P\u00fablica dio a conocer el asesoramiento legal y patrocinio gratuito que ofrece a los PPL sobre los beneficios penitenciarios.<\/p>\n<p>[\/et_pb_text][et_pb_gallery _builder_version=\u00bb3.28&#8243; gallery_ids=\u00bb6492,6493&#8243; hover_enabled=\u00bb0&#8243;][\/et_pb_gallery][\/et_pb_column][et_pb_column _builder_version=\u00bb3.28&#8243; type=\u00bb1_4&#8243;][et_pb_sidebar _builder_version=\u00bb3.28&#8243; hover_enabled=\u00bb0&#8243;][\/et_pb_sidebar][\/et_pb_column][\/et_pb_row][\/et_pb_section]<\/p>\n","protected":false},"excerpt":{"rendered":"<p>El defensor p\u00fablico provincial de Morona Santiago, Jos\u00e9 Ram\u00edrez, se reuni\u00f3, el 13 de septiembre, con la directora del Consejo de la Judicatura, Alexandra Ord\u00f3\u00f1ez, con el objetivo\u00a0 de \u00a0plantear [&hellip;]<\/p>\n","protected":false},"author":1,"featured_media":6493,"comment_status":"open","ping_status":"closed","template":"","meta":{"_et_pb_use_builder":"on","_et_pb_old_content":"","_et_gb_content_width":"","footnotes":""},"project_category":[8,5],"project_tag":[],"class_list":["post-6500","project","type-project","status-publish","has-post-thumbnail","hentry","project_category-cerca-a-ti","project_category-noticias"],"_links":{"self":[{"href":"https:\/\/www.defensoria.gob.ec\/index.php?rest_route=\/wp\/v2\/project\/6500","targetHints":{"allow":["GET"]}}],"collection":[{"href":"https:\/\/www.defensoria.gob.ec\/index.php?rest_route=\/wp\/v2\/project"}],"about":[{"href":"https:\/\/www.defensoria.gob.ec\/index.php?rest_route=\/wp\/v2\/types\/project"}],"author":[{"embeddable":true,"href":"https:\/\/www.defensoria.gob.ec\/index.php?rest_route=\/wp\/v2\/users\/1"}],"replies":[{"embeddable":true,"href":"https:\/\/www.defensoria.gob.ec\/index.php?rest_route=%2Fwp%2Fv2%2Fcomments&post=6500"}],"version-history":[{"count":0,"href":"https:\/\/www.defensoria.gob.ec\/index.php?rest_route=\/wp\/v2\/project\/6500\/revisions"}],"wp:featuredmedia":[{"embeddable":true,"href":"https:\/\/www.defensoria.gob.ec\/index.php?rest_route=\/wp\/v2\/media\/6493"}],"wp:attachment":[{"href":"https:\/\/www.defensoria.gob.ec\/index.php?rest_route=%2Fwp%2Fv2%2Fmedia&parent=6500"}],"wp:term":[{"taxonomy":"project_category","embeddable":true,"href":"https:\/\/www.defensoria.gob.ec\/index.php?rest_route=%2Fwp%2Fv2%2Fproject_category&post=6500"},{"taxonomy":"project_tag","embeddable":true,"href":"https:\/\/www.defensoria.gob.ec\/index.php?rest_route=%2Fwp%2Fv2%2Fproject_tag&post=6500"}],"curies":[{"name":"wp","href":"https:\/\/api.w.org\/{rel}","templated":true}]}}

Morona Santiago: Gestión de comodato para oficina en el cantón Palora

<p>[et_pb_section fb_built=»1&#8243; _builder_version=»3.28&#8243;][et_pb_row _builder_version=»3.28&#8243; column_structure=»3_4,1_4&#8243;][et_pb_column _builder_version=»3.28&#8243; type=»3_4&#8243;][et_pb_post_title _builder_version=»3.28&#8243; meta=»off» featured_image=»off» hover_enabled=»0&#8243;][/et_pb_post_title][et_pb_text _builder_version=»3.28&#8243; hover_enabled=»0&#8243;]</p>
<p style="text-align: justify;">El defensor público provincial de Morona Santiago, José Ramírez, se reunió, el 13 de septiembre, con la directora del Consejo de la Judicatura, Alexandra Ordóñez, con el objetivo  de  plantear la necesidad de acceder a un espacio físico para la Defensoría Pública, en el cantón Palora, debido  a la alta demanda de usuarios. La propuesta tuvo aceptación, por lo que se prepara la suscripción de un convenio de comodato de un inmueble, en esta localidad.  </p>
<p style="text-align: justify;">Así mismo, el defensor público provincial participó en la Mesa de Seguridad, que se desarrolló en las instalaciones del ECU 911, donde se abordaron los temas de violencia intrafamiliar y la situación de las personas privadas de la libertad (PPL), en el Centro de Rehabilitación Social. La Defensoría Pública dio a conocer el asesoramiento legal y patrocinio gratuito que ofrece a los PPL sobre los beneficios penitenciarios.</p>
<p>[/et_pb_text][et_pb_gallery _builder_version=»3.28&#8243; gallery_ids=»6492,6493&#8243; hover_enabled=»0&#8243;][/et_pb_gallery][/et_pb_column][et_pb_column _builder_version=»3.28&#8243; type=»1_4&#8243;][et_pb_sidebar _builder_version=»3.28&#8243; hover_enabled=»0&#8243;][/et_pb_sidebar][/et_pb_column][/et_pb_row][/et_pb_section]</p>

<p>El defensor público provincial de Morona Santiago, José Ramírez, se reunió, el 13 de septiembre, con la directora del Consejo de la Judicatura, Alexandra Ordóñez, con el objetivo  de  plantear [&hellip;]</p>
