{"id":6488,"date":"2019-09-19T21:02:35","date_gmt":"2019-09-19T21:02:35","guid":{"rendered":"https:\/\/www.defensoria.gob.ec\/?post_type=project&#038;p=6488"},"modified":"2019-09-19T21:02:35","modified_gmt":"2019-09-19T21:02:35","slug":"regional-del-austro-fortalecimiento-del-trabajo-defensorial-en-zamora-chinchipe","status":"publish","type":"project","link":"https:\/\/www.defensoria.gob.ec\/?project=regional-del-austro-fortalecimiento-del-trabajo-defensorial-en-zamora-chinchipe","title":{"rendered":"Regional del Austro: Fortalecimiento del trabajo defensorial en Zamora Chinchipe"},"content":{"rendered":"<p>[et_pb_section fb_built=\u00bb1&#8243; _builder_version=\u00bb3.28&#8243;][et_pb_row _builder_version=\u00bb3.28&#8243; column_structure=\u00bb3_4,1_4&#8243;][et_pb_column _builder_version=\u00bb3.28&#8243; type=\u00bb3_4&#8243;][et_pb_post_title _builder_version=\u00bb3.28&#8243; meta=\u00bboff\u00bb featured_image=\u00bboff\u00bb hover_enabled=\u00bb0&#8243;][\/et_pb_post_title][et_pb_text _builder_version=\u00bb3.28&#8243; hover_enabled=\u00bb0&#8243;]<\/p>\n<p style=\"text-align: justify;\">El defensor p\u00fablico regional del Austro, Mauricio V\u00e1squez, visit\u00f3 la provincia de Zamora Chinchipe, el 11 y 12 de septiembre, con el fin de revisar la aplicaci\u00f3n de los programas y proyectos institucionales.<\/p>\n<p style=\"text-align: justify;\">La agenda incluy\u00f3 una reuni\u00f3n con los defensores p\u00fablicos y la nueva defensora provincial, Mar\u00eda Isabel Merino, para definir las prioridades de la Defensor\u00eda P\u00fablica, fortalecer las l\u00edneas de servicio y cobertura de la demanda de usuarios, en los puntos de atenci\u00f3n que se ubican en Yantzaza, Zamora y Zumba<\/p>\n<p style=\"text-align: justify;\">Adem\u00e1s, en Yantzaza, se reuni\u00f3 con el juez multicompetente, Jos\u00e9 Mallaguari, con el prop\u00f3sito de mejorar la entrega\u00a0 de las notificaciones y evitar las audiencias fallidas.<\/p>\n<p>[\/et_pb_text][et_pb_gallery _builder_version=\u00bb3.28&#8243; gallery_ids=\u00bb6489,6490&#8243; hover_enabled=\u00bb0&#8243;][\/et_pb_gallery][\/et_pb_column][et_pb_column _builder_version=\u00bb3.28&#8243; type=\u00bb1_4&#8243;][et_pb_sidebar _builder_version=\u00bb3.28&#8243; hover_enabled=\u00bb0&#8243;][\/et_pb_sidebar][\/et_pb_column][\/et_pb_row][\/et_pb_section]<\/p>\n","protected":false},"excerpt":{"rendered":"<p>El defensor p\u00fablico regional del Austro, Mauricio V\u00e1squez, visit\u00f3 la provincia de Zamora Chinchipe, el 11 y 12 de septiembre, con el fin de revisar la aplicaci\u00f3n de los programas [&hellip;]<\/p>\n","protected":false},"author":1,"featured_media":6490,"comment_status":"open","ping_status":"closed","template":"","meta":{"_et_pb_use_builder":"on","_et_pb_old_content":"","_et_gb_content_width":"","footnotes":""},"project_category":[8,5],"project_tag":[],"class_list":["post-6488","project","type-project","status-publish","has-post-thumbnail","hentry","project_category-cerca-a-ti","project_category-noticias"],"_links":{"self":[{"href":"https:\/\/www.defensoria.gob.ec\/index.php?rest_route=\/wp\/v2\/project\/6488","targetHints":{"allow":["GET"]}}],"collection":[{"href":"https:\/\/www.defensoria.gob.ec\/index.php?rest_route=\/wp\/v2\/project"}],"about":[{"href":"https:\/\/www.defensoria.gob.ec\/index.php?rest_route=\/wp\/v2\/types\/project"}],"author":[{"embeddable":true,"href":"https:\/\/www.defensoria.gob.ec\/index.php?rest_route=\/wp\/v2\/users\/1"}],"replies":[{"embeddable":true,"href":"https:\/\/www.defensoria.gob.ec\/index.php?rest_route=%2Fwp%2Fv2%2Fcomments&post=6488"}],"version-history":[{"count":0,"href":"https:\/\/www.defensoria.gob.ec\/index.php?rest_route=\/wp\/v2\/project\/6488\/revisions"}],"wp:featuredmedia":[{"embeddable":true,"href":"https:\/\/www.defensoria.gob.ec\/index.php?rest_route=\/wp\/v2\/media\/6490"}],"wp:attachment":[{"href":"https:\/\/www.defensoria.gob.ec\/index.php?rest_route=%2Fwp%2Fv2%2Fmedia&parent=6488"}],"wp:term":[{"taxonomy":"project_category","embeddable":true,"href":"https:\/\/www.defensoria.gob.ec\/index.php?rest_route=%2Fwp%2Fv2%2Fproject_category&post=6488"},{"taxonomy":"project_tag","embeddable":true,"href":"https:\/\/www.defensoria.gob.ec\/index.php?rest_route=%2Fwp%2Fv2%2Fproject_tag&post=6488"}],"curies":[{"name":"wp","href":"https:\/\/api.w.org\/{rel}","templated":true}]}}

<p>[et_pb_section fb_built=»1&#8243; _builder_version=»3.28&#8243;][et_pb_row _builder_version=»3.28&#8243; column_structure=»3_4,1_4&#8243;][et_pb_column _builder_version=»3.28&#8243; type=»3_4&#8243;][et_pb_post_title _builder_version=»3.28&#8243; meta=»off» featured_image=»off» hover_enabled=»0&#8243;][/et_pb_post_title][et_pb_text _builder_version=»3.28&#8243; hover_enabled=»0&#8243;]</p>
<p style="text-align: justify;">El defensor público regional del Austro, Mauricio Vásquez, visitó la provincia de Zamora Chinchipe, el 11 y 12 de septiembre, con el fin de revisar la aplicación de los programas y proyectos institucionales.</p>
<p style="text-align: justify;">La agenda incluyó una reunión con los defensores públicos y la nueva defensora provincial, María Isabel Merino, para definir las prioridades de la Defensoría Pública, fortalecer las líneas de servicio y cobertura de la demanda de usuarios, en los puntos de atención que se ubican en Yantzaza, Zamora y Zumba</p>
<p style="text-align: justify;">Además, en Yantzaza, se reunió con el juez multicompetente, José Mallaguari, con el propósito de mejorar la entrega  de las notificaciones y evitar las audiencias fallidas.</p>
<p>[/et_pb_text][et_pb_gallery _builder_version=»3.28&#8243; gallery_ids=»6489,6490&#8243; hover_enabled=»0&#8243;][/et_pb_gallery][/et_pb_column][et_pb_column _builder_version=»3.28&#8243; type=»1_4&#8243;][et_pb_sidebar _builder_version=»3.28&#8243; hover_enabled=»0&#8243;][/et_pb_sidebar][/et_pb_column][/et_pb_row][/et_pb_section]</p>

<p>El defensor público regional del Austro, Mauricio Vásquez, visitó la provincia de Zamora Chinchipe, el 11 y 12 de septiembre, con el fin de revisar la aplicación de los programas [&hellip;]</p>
