{"id":6424,"date":"2019-09-17T20:35:04","date_gmt":"2019-09-17T20:35:04","guid":{"rendered":"https:\/\/www.defensoria.gob.ec\/?post_type=project&#038;p=6424"},"modified":"2019-09-25T15:06:06","modified_gmt":"2019-09-25T15:06:06","slug":"tungurahua-consultorios-juridicos-gratuitos-participaron-en-taller-sobre-violencia-intrafamiliar","status":"publish","type":"project","link":"https:\/\/www.defensoria.gob.ec\/?project=tungurahua-consultorios-juridicos-gratuitos-participaron-en-taller-sobre-violencia-intrafamiliar","title":{"rendered":"Tungurahua: Personal de Consultorios Jur\u00eddicos Gratuitos participaron en taller sobre violencia intrafamiliar"},"content":{"rendered":"\n\n[et_pb_section fb_built=\u00bb1&#8243; _builder_version=\u00bb3.28&#8243; fb_built=\u00bb1&#8243; _i=\u00bb0&#8243; _address=\u00bb0&#8243;][et_pb_row column_structure=\u00bb3_4,1_4&#8243; _builder_version=\u00bb3.28&#8243; _i=\u00bb0&#8243; _address=\u00bb0.0&#8243;][et_pb_column type=\u00bb3_4&#8243; _builder_version=\u00bb3.28&#8243; _i=\u00bb0&#8243; _address=\u00bb0.0.0&#8243;][et_pb_post_title meta=\u00bboff\u00bb featured_image=\u00bboff\u00bb _builder_version=\u00bb3.28&#8243; _i=\u00bb0&#8243; _address=\u00bb0.0.0.0&#8243;][\/et_pb_post_title][et_pb_text _builder_version=\u00bb3.28&#8243; hover_enabled=\u00bb0&#8243; _i=\u00bb1&#8243; _address=\u00bb0.0.0.1&#8243;]<p style=\"text-align: justify;\">La coordinadora del \u00c1rea de V\u00edctimas de la Defensor\u00eda P\u00fablica de Tungurahua, Gladys Chimborazo, dict\u00f3,\u00a0 el 11 de septiembre, un taller sobre violencia intrafamiliar, a los integrantes de los cinco consultorios jur\u00eddicos gratuitos (CJG), acreditados en la provincia.<\/p>\n<p style=\"text-align: justify;\">Durante la jornada,\u00a0 desarrollada en las instalaciones del CJG de la Universidad T\u00e9cnica de Ambato, los asistentes simularon audiencias de flagrancia, procedimiento expedito y abreviado.<\/p>[\/et_pb_text][et_pb_gallery gallery_ids=\u00bb6425&#8243; _builder_version=\u00bb3.28&#8243; _i=\u00bb2&#8243; _address=\u00bb0.0.0.2&#8243;][\/et_pb_gallery][\/et_pb_column][et_pb_column type=\u00bb1_4&#8243; _builder_version=\u00bb3.28&#8243; _i=\u00bb1&#8243; _address=\u00bb0.0.1&#8243;][et_pb_sidebar _builder_version=\u00bb3.28&#8243; _i=\u00bb0&#8243; _address=\u00bb0.0.1.0&#8243;][\/et_pb_sidebar][\/et_pb_column][\/et_pb_row][\/et_pb_section]\n\n","protected":false},"excerpt":{"rendered":"<p>La coordinadora del \u00c1rea de V\u00edctimas de la Defensor\u00eda P\u00fablica de Tungurahua, Gladys Chimborazo, dict\u00f3,\u00a0 el 11 de septiembre, un taller sobre violencia intrafamiliar, a los integrantes de los cinco [&hellip;]<\/p>\n","protected":false},"author":1,"featured_media":6425,"comment_status":"open","ping_status":"closed","template":"","meta":{"_et_pb_use_builder":"on","_et_pb_old_content":"","_et_gb_content_width":"","footnotes":""},"project_category":[8,6,5],"project_tag":[],"class_list":["post-6424","project","type-project","status-publish","has-post-thumbnail","hentry","project_category-cerca-a-ti","project_category-cjg","project_category-noticias"],"_links":{"self":[{"href":"https:\/\/www.defensoria.gob.ec\/index.php?rest_route=\/wp\/v2\/project\/6424","targetHints":{"allow":["GET"]}}],"collection":[{"href":"https:\/\/www.defensoria.gob.ec\/index.php?rest_route=\/wp\/v2\/project"}],"about":[{"href":"https:\/\/www.defensoria.gob.ec\/index.php?rest_route=\/wp\/v2\/types\/project"}],"author":[{"embeddable":true,"href":"https:\/\/www.defensoria.gob.ec\/index.php?rest_route=\/wp\/v2\/users\/1"}],"replies":[{"embeddable":true,"href":"https:\/\/www.defensoria.gob.ec\/index.php?rest_route=%2Fwp%2Fv2%2Fcomments&post=6424"}],"version-history":[{"count":0,"href":"https:\/\/www.defensoria.gob.ec\/index.php?rest_route=\/wp\/v2\/project\/6424\/revisions"}],"wp:featuredmedia":[{"embeddable":true,"href":"https:\/\/www.defensoria.gob.ec\/index.php?rest_route=\/wp\/v2\/media\/6425"}],"wp:attachment":[{"href":"https:\/\/www.defensoria.gob.ec\/index.php?rest_route=%2Fwp%2Fv2%2Fmedia&parent=6424"}],"wp:term":[{"taxonomy":"project_category","embeddable":true,"href":"https:\/\/www.defensoria.gob.ec\/index.php?rest_route=%2Fwp%2Fv2%2Fproject_category&post=6424"},{"taxonomy":"project_tag","embeddable":true,"href":"https:\/\/www.defensoria.gob.ec\/index.php?rest_route=%2Fwp%2Fv2%2Fproject_tag&post=6424"}],"curies":[{"name":"wp","href":"https:\/\/api.w.org\/{rel}","templated":true}]}}

Tungurahua: Personal de Consultorios Jurídicos Gratuitos participaron en taller sobre violencia intrafamiliar

[et_pb_section fb_built=»1&#8243; _builder_version=»3.28&#8243; fb_built=»1&#8243; _i=»0&#8243; _address=»0&#8243;][et_pb_row column_structure=»3_4,1_4&#8243; _builder_version=»3.28&#8243; _i=»0&#8243; _address=»0.0&#8243;][et_pb_column type=»3_4&#8243; _builder_version=»3.28&#8243; _i=»0&#8243; _address=»0.0.0&#8243;][et_pb_post_title meta=»off» featured_image=»off» _builder_version=»3.28&#8243; _i=»0&#8243; _address=»0.0.0.0&#8243;][/et_pb_post_title][et_pb_text _builder_version=»3.28&#8243; hover_enabled=»0&#8243; _i=»1&#8243; _address=»0.0.0.1&#8243;]<p style="text-align: justify;">La coordinadora del Área de Víctimas de la Defensoría Pública de Tungurahua, Gladys Chimborazo, dictó,  el 11 de septiembre, un taller sobre violencia intrafamiliar, a los integrantes de los cinco consultorios jurídicos gratuitos (CJG), acreditados en la provincia.</p>
<p style="text-align: justify;">Durante la jornada,  desarrollada en las instalaciones del CJG de la Universidad Técnica de Ambato, los asistentes simularon audiencias de flagrancia, procedimiento expedito y abreviado.</p>[/et_pb_text][et_pb_gallery gallery_ids=»6425&#8243; _builder_version=»3.28&#8243; _i=»2&#8243; _address=»0.0.0.2&#8243;][/et_pb_gallery][/et_pb_column][et_pb_column type=»1_4&#8243; _builder_version=»3.28&#8243; _i=»1&#8243; _address=»0.0.1&#8243;][et_pb_sidebar _builder_version=»3.28&#8243; _i=»0&#8243; _address=»0.0.1.0&#8243;][/et_pb_sidebar][/et_pb_column][/et_pb_row][/et_pb_section]

<p>La coordinadora del Área de Víctimas de la Defensoría Pública de Tungurahua, Gladys Chimborazo, dictó,  el 11 de septiembre, un taller sobre violencia intrafamiliar, a los integrantes de los cinco [&hellip;]</p>
