{"id":6281,"date":"2019-09-06T00:11:23","date_gmt":"2019-09-06T00:11:23","guid":{"rendered":"https:\/\/www.defensoria.gob.ec\/?post_type=project&#038;p=6281"},"modified":"2019-09-06T00:11:23","modified_gmt":"2019-09-06T00:11:23","slug":"santa-elena-conversatorio-para-analizar-temas-juridicos","status":"publish","type":"project","link":"https:\/\/www.defensoria.gob.ec\/?project=santa-elena-conversatorio-para-analizar-temas-juridicos","title":{"rendered":"Santa Elena: Conversatorio para analizar temas jur\u00eddicos"},"content":{"rendered":"<p>[et_pb_section fb_built=\u00bb1&#8243; _builder_version=\u00bb3.26.4&#8243;][et_pb_row _builder_version=\u00bb3.26.4&#8243; column_structure=\u00bb3_4,1_4&#8243;][et_pb_column _builder_version=\u00bb3.26.4&#8243; type=\u00bb3_4&#8243;][et_pb_post_title _builder_version=\u00bb3.26.4&#8243; meta=\u00bboff\u00bb featured_image=\u00bboff\u00bb][\/et_pb_post_title][et_pb_text _builder_version=\u00bb3.26.4&#8243;]<\/p>\n<p style=\"text-align: justify;\">EL 27 de agosto, funcionarios de la Defensor\u00eda P\u00fablica de Santa Elena participaron en el conversatorio en materia judicial sobre el \u201cDelito de tr\u00e1fico il\u00edcito de sustancia catalogadas sujetas a fiscalizaci\u00f3n\u201d, evento organizado por el Consejo de la Judicatura.<\/p>\n<p style=\"text-align: justify;\">El Defensor P\u00fablico de la provincia de Santa Elena, Jos\u00e9 Gabriel Ram\u00edrez resalt\u00f3 la importancia de participar en estos encuentros con la finalidad de fortalecer conocimientos y \u00a0brindar una atenci\u00f3n de calidad a la ciudadan\u00eda.<\/p>\n<p style=\"text-align: justify;\">En este evento participaron los Defensores P\u00fablicos, Karla Marcela Zambrano Salazar, \u00a0Mar\u00eda Fernanda Zhi\u00f1in Cochancela y Freddy Javier Zhindon Zeas. \u00a0<\/p>\n<p>[\/et_pb_text][et_pb_gallery _builder_version=\u00bb3.26.4&#8243; gallery_ids=\u00bb6262&#8243;][\/et_pb_gallery][\/et_pb_column][et_pb_column _builder_version=\u00bb3.26.4&#8243; type=\u00bb1_4&#8243;][et_pb_sidebar _builder_version=\u00bb3.26.4&#8243;][\/et_pb_sidebar][\/et_pb_column][\/et_pb_row][\/et_pb_section]<\/p>\n","protected":false},"excerpt":{"rendered":"<p>EL 27 de agosto, funcionarios de la Defensor\u00eda P\u00fablica de Santa Elena participaron en el conversatorio en materia judicial sobre el \u201cDelito de tr\u00e1fico il\u00edcito de sustancia catalogadas sujetas a [&hellip;]<\/p>\n","protected":false},"author":1,"featured_media":6262,"comment_status":"open","ping_status":"closed","template":"","meta":{"_et_pb_use_builder":"on","_et_pb_old_content":"","_et_gb_content_width":"","footnotes":""},"project_category":[8,5],"project_tag":[],"class_list":["post-6281","project","type-project","status-publish","has-post-thumbnail","hentry","project_category-cerca-a-ti","project_category-noticias"],"_links":{"self":[{"href":"https:\/\/www.defensoria.gob.ec\/index.php?rest_route=\/wp\/v2\/project\/6281","targetHints":{"allow":["GET"]}}],"collection":[{"href":"https:\/\/www.defensoria.gob.ec\/index.php?rest_route=\/wp\/v2\/project"}],"about":[{"href":"https:\/\/www.defensoria.gob.ec\/index.php?rest_route=\/wp\/v2\/types\/project"}],"author":[{"embeddable":true,"href":"https:\/\/www.defensoria.gob.ec\/index.php?rest_route=\/wp\/v2\/users\/1"}],"replies":[{"embeddable":true,"href":"https:\/\/www.defensoria.gob.ec\/index.php?rest_route=%2Fwp%2Fv2%2Fcomments&post=6281"}],"version-history":[{"count":0,"href":"https:\/\/www.defensoria.gob.ec\/index.php?rest_route=\/wp\/v2\/project\/6281\/revisions"}],"wp:featuredmedia":[{"embeddable":true,"href":"https:\/\/www.defensoria.gob.ec\/index.php?rest_route=\/wp\/v2\/media\/6262"}],"wp:attachment":[{"href":"https:\/\/www.defensoria.gob.ec\/index.php?rest_route=%2Fwp%2Fv2%2Fmedia&parent=6281"}],"wp:term":[{"taxonomy":"project_category","embeddable":true,"href":"https:\/\/www.defensoria.gob.ec\/index.php?rest_route=%2Fwp%2Fv2%2Fproject_category&post=6281"},{"taxonomy":"project_tag","embeddable":true,"href":"https:\/\/www.defensoria.gob.ec\/index.php?rest_route=%2Fwp%2Fv2%2Fproject_tag&post=6281"}],"curies":[{"name":"wp","href":"https:\/\/api.w.org\/{rel}","templated":true}]}}

Santa Elena: Conversatorio para analizar temas jurídicos

<p>[et_pb_section fb_built=»1&#8243; _builder_version=»3.26.4&#8243;][et_pb_row _builder_version=»3.26.4&#8243; column_structure=»3_4,1_4&#8243;][et_pb_column _builder_version=»3.26.4&#8243; type=»3_4&#8243;][et_pb_post_title _builder_version=»3.26.4&#8243; meta=»off» featured_image=»off»][/et_pb_post_title][et_pb_text _builder_version=»3.26.4&#8243;]</p>
<p style="text-align: justify;">EL 27 de agosto, funcionarios de la Defensoría Pública de Santa Elena participaron en el conversatorio en materia judicial sobre el “Delito de tráfico ilícito de sustancia catalogadas sujetas a fiscalización”, evento organizado por el Consejo de la Judicatura.</p>
<p style="text-align: justify;">El Defensor Público de la provincia de Santa Elena, José Gabriel Ramírez resaltó la importancia de participar en estos encuentros con la finalidad de fortalecer conocimientos y  brindar una atención de calidad a la ciudadanía.</p>
<p style="text-align: justify;">En este evento participaron los Defensores Públicos, Karla Marcela Zambrano Salazar,  María Fernanda Zhiñin Cochancela y Freddy Javier Zhindon Zeas.  </p>
<p>[/et_pb_text][et_pb_gallery _builder_version=»3.26.4&#8243; gallery_ids=»6262&#8243;][/et_pb_gallery][/et_pb_column][et_pb_column _builder_version=»3.26.4&#8243; type=»1_4&#8243;][et_pb_sidebar _builder_version=»3.26.4&#8243;][/et_pb_sidebar][/et_pb_column][/et_pb_row][/et_pb_section]</p>

<p>EL 27 de agosto, funcionarios de la Defensoría Pública de Santa Elena participaron en el conversatorio en materia judicial sobre el “Delito de tráfico ilícito de sustancia catalogadas sujetas a [&hellip;]</p>
