{"id":6208,"date":"2019-09-03T23:26:49","date_gmt":"2019-09-03T23:26:49","guid":{"rendered":"https:\/\/www.defensoria.gob.ec\/?post_type=project&#038;p=6208"},"modified":"2019-09-03T23:26:49","modified_gmt":"2019-09-03T23:26:49","slug":"tungurahua-consejo-de-la-judicatura-en-pleno-visito-ambato","status":"publish","type":"project","link":"https:\/\/www.defensoria.gob.ec\/?project=tungurahua-consejo-de-la-judicatura-en-pleno-visito-ambato","title":{"rendered":"Tungurahua: Consejo de la Judicatura en pleno visit\u00f3 Ambato."},"content":{"rendered":"<p>[et_pb_section fb_built=\u00bb1&#8243; _builder_version=\u00bb3.26.4&#8243;][et_pb_row _builder_version=\u00bb3.26.4&#8243; column_structure=\u00bb3_4,1_4&#8243;][et_pb_column _builder_version=\u00bb3.26.4&#8243; type=\u00bb3_4&#8243;][et_pb_post_title _builder_version=\u00bb3.26.4&#8243; meta=\u00bboff\u00bb featured_image=\u00bboff\u00bb][\/et_pb_post_title][et_pb_text _builder_version=\u00bb3.26.4&#8243;]<\/p>\n<p style=\"text-align: justify;\">En atenci\u00f3n a una invitaci\u00f3n del Consejo de la Judicatura de Tungurahua, el d\u00eda\u00a0viernes\u00a030 de Agosto\u00a0de 2019, el Dr. Santiago Burbano, Defensor P\u00fablico Provincial de Tungurahua, asisti\u00f3 a la visita del Pleno del Consejo de la Judicatura Nacional, encabezado por la Dra.\u00a0Mar\u00eda del Carmen Maldonado, el Dr. Juan Jos\u00e9 Morillo, Dr. Fausto Murillo y Dra. Maribel Barreno. El prop\u00f3sito fue socializar el trabajo que el Consejo de la Judicatura realiza a nivel nacional.<\/p>\n<p style=\"text-align: justify;\">Fue una gran oportunidad para exponer ante las autoridades del Consejo de la Judicatura, algunos requerimientos de la Defensor\u00eda P\u00fablica de Tungurahua. <\/p>\n<p>[\/et_pb_text][et_pb_gallery _builder_version=\u00bb3.26.4&#8243; gallery_ids=\u00bb6209&#8243;][\/et_pb_gallery][\/et_pb_column][et_pb_column _builder_version=\u00bb3.26.4&#8243; type=\u00bb1_4&#8243;][et_pb_sidebar _builder_version=\u00bb3.26.4&#8243;][\/et_pb_sidebar][\/et_pb_column][\/et_pb_row][\/et_pb_section]<\/p>\n","protected":false},"excerpt":{"rendered":"<p>En atenci\u00f3n a una invitaci\u00f3n del Consejo de la Judicatura de Tungurahua, el d\u00eda\u00a0viernes\u00a030 de Agosto\u00a0de 2019, el Dr. Santiago Burbano, Defensor P\u00fablico Provincial de Tungurahua, asisti\u00f3 a la visita [&hellip;]<\/p>\n","protected":false},"author":1,"featured_media":6209,"comment_status":"open","ping_status":"closed","template":"","meta":{"_et_pb_use_builder":"on","_et_pb_old_content":"","_et_gb_content_width":"","footnotes":""},"project_category":[8,5],"project_tag":[],"class_list":["post-6208","project","type-project","status-publish","has-post-thumbnail","hentry","project_category-cerca-a-ti","project_category-noticias"],"_links":{"self":[{"href":"https:\/\/www.defensoria.gob.ec\/index.php?rest_route=\/wp\/v2\/project\/6208","targetHints":{"allow":["GET"]}}],"collection":[{"href":"https:\/\/www.defensoria.gob.ec\/index.php?rest_route=\/wp\/v2\/project"}],"about":[{"href":"https:\/\/www.defensoria.gob.ec\/index.php?rest_route=\/wp\/v2\/types\/project"}],"author":[{"embeddable":true,"href":"https:\/\/www.defensoria.gob.ec\/index.php?rest_route=\/wp\/v2\/users\/1"}],"replies":[{"embeddable":true,"href":"https:\/\/www.defensoria.gob.ec\/index.php?rest_route=%2Fwp%2Fv2%2Fcomments&post=6208"}],"version-history":[{"count":0,"href":"https:\/\/www.defensoria.gob.ec\/index.php?rest_route=\/wp\/v2\/project\/6208\/revisions"}],"wp:featuredmedia":[{"embeddable":true,"href":"https:\/\/www.defensoria.gob.ec\/index.php?rest_route=\/wp\/v2\/media\/6209"}],"wp:attachment":[{"href":"https:\/\/www.defensoria.gob.ec\/index.php?rest_route=%2Fwp%2Fv2%2Fmedia&parent=6208"}],"wp:term":[{"taxonomy":"project_category","embeddable":true,"href":"https:\/\/www.defensoria.gob.ec\/index.php?rest_route=%2Fwp%2Fv2%2Fproject_category&post=6208"},{"taxonomy":"project_tag","embeddable":true,"href":"https:\/\/www.defensoria.gob.ec\/index.php?rest_route=%2Fwp%2Fv2%2Fproject_tag&post=6208"}],"curies":[{"name":"wp","href":"https:\/\/api.w.org\/{rel}","templated":true}]}}

Tungurahua: Consejo de la Judicatura en pleno visitó Ambato.

<p>[et_pb_section fb_built=»1&#8243; _builder_version=»3.26.4&#8243;][et_pb_row _builder_version=»3.26.4&#8243; column_structure=»3_4,1_4&#8243;][et_pb_column _builder_version=»3.26.4&#8243; type=»3_4&#8243;][et_pb_post_title _builder_version=»3.26.4&#8243; meta=»off» featured_image=»off»][/et_pb_post_title][et_pb_text _builder_version=»3.26.4&#8243;]</p>
<p style="text-align: justify;">En atención a una invitación del Consejo de la Judicatura de Tungurahua, el día viernes 30 de Agosto de 2019, el Dr. Santiago Burbano, Defensor Público Provincial de Tungurahua, asistió a la visita del Pleno del Consejo de la Judicatura Nacional, encabezado por la Dra. María del Carmen Maldonado, el Dr. Juan José Morillo, Dr. Fausto Murillo y Dra. Maribel Barreno. El propósito fue socializar el trabajo que el Consejo de la Judicatura realiza a nivel nacional.</p>
<p style="text-align: justify;">Fue una gran oportunidad para exponer ante las autoridades del Consejo de la Judicatura, algunos requerimientos de la Defensoría Pública de Tungurahua. </p>
<p>[/et_pb_text][et_pb_gallery _builder_version=»3.26.4&#8243; gallery_ids=»6209&#8243;][/et_pb_gallery][/et_pb_column][et_pb_column _builder_version=»3.26.4&#8243; type=»1_4&#8243;][et_pb_sidebar _builder_version=»3.26.4&#8243;][/et_pb_sidebar][/et_pb_column][/et_pb_row][/et_pb_section]</p>

<p>En atención a una invitación del Consejo de la Judicatura de Tungurahua, el día viernes 30 de Agosto de 2019, el Dr. Santiago Burbano, Defensor Público Provincial de Tungurahua, asistió a la visita [&hellip;]</p>
