{"id":6136,"date":"2019-08-29T20:42:05","date_gmt":"2019-08-29T20:42:05","guid":{"rendered":"https:\/\/www.defensoria.gob.ec\/?post_type=project&#038;p=6136"},"modified":"2019-08-30T13:27:07","modified_gmt":"2019-08-30T13:27:07","slug":"guayas-nueva-jefa-departamental-de-flagrancia","status":"publish","type":"project","link":"https:\/\/www.defensoria.gob.ec\/?project=guayas-nueva-jefa-departamental-de-flagrancia","title":{"rendered":"Guayas: Nueva Jefa Departamental de Flagrancia"},"content":{"rendered":"\n[et_pb_section fb_built=\u00bb1&#8243; _builder_version=\u00bb3.26.4&#8243;][et_pb_row _builder_version=\u00bb3.26.4&#8243; column_structure=\u00bb3_4,1_4&#8243;][et_pb_column _builder_version=\u00bb3.26.4&#8243; type=\u00bb3_4&#8243;][et_pb_post_title _builder_version=\u00bb3.26.4&#8243; meta=\u00bboff\u00bb featured_image=\u00bboff\u00bb][\/et_pb_post_title][et_pb_text _builder_version=\u00bb3.26.4&#8243;]<p style=\"text-align: justify;\">El Defensor P\u00fablico Regional del Litoral Abg. Edison G\u00f3mez\u00a0 y la Defensora P\u00fablica Provincial de Guayas, Ab. Cindy Cede\u00f1o, presentaron a la Jefa de Departamental de Flagrancia Jennifer Salinas, ante los Defensores P\u00fablicos que laboran en la Unidad de Vigilancia Ciudadana del Cuartel Modelo. La nueva funcionaria se comprometi\u00f3 a dar continuidad en el\u00a0 servicio que brinda la Defensor\u00eda P\u00fablica del Ecuador,<\/p>\n<p style=\"text-align: justify;\">La Ab. Jennifer Salinas reemplaza al Ab. Edison G\u00f3mez, quien a su vez se desempe\u00f1a ahora como Defensor P\u00fablico Regional del Litoral.<\/p>\n<p style=\"text-align: justify;\">En otro tema, la Direcci\u00f3n de Educaci\u00f3n de la Agencia de Tr\u00e1nsito Municipal de Guayaquil ATM, capacit\u00f3 a los conductores de la Defensor\u00eda P\u00fablica de la provincia del Guayas. Se abord\u00f3 temas como: los factores m\u00e1s recurrentes en los accidentes de tr\u00e1nsito, la necesidad de conducir a la defensiva, los inconvenientes de tensionar al conductor, el control de las emociones, etc.<\/p>\n<p style=\"text-align: justify;\">El instructor Kelvin Jarama, exhibi\u00f3 varios videos de accidentes producto de la imprudencia de conductores y peatones y dio algunas recomendaciones. En esta capacitaci\u00f3n participaron la Defensora P\u00fablica provincial del Guayas, Ab. Cindy Cede\u00f1o y\u00a0 el Defensor P\u00fablico Regional del Litoral subrogante Ab. Edison G\u00f3mez.<\/p>\n[\/et_pb_text][et_pb_gallery _builder_version=\u00bb3.26.4&#8243; gallery_ids=\u00bb6138,6139&#8243;][\/et_pb_gallery][\/et_pb_column][et_pb_column _builder_version=\u00bb3.26.4&#8243; type=\u00bb1_4&#8243;][et_pb_sidebar _builder_version=\u00bb3.26.4&#8243;][\/et_pb_sidebar][\/et_pb_column][\/et_pb_row][\/et_pb_section]\n","protected":false},"excerpt":{"rendered":"<p>El Defensor P\u00fablico Regional del Litoral Abg. Edison G\u00f3mez\u00a0 y la Defensora P\u00fablica Provincial de Guayas, Ab. Cindy Cede\u00f1o, presentaron a la Jefa de Departamental de Flagrancia Jennifer Salinas, ante [&hellip;]<\/p>\n","protected":false},"author":1,"featured_media":6139,"comment_status":"open","ping_status":"closed","template":"","meta":{"_et_pb_use_builder":"on","_et_pb_old_content":"","_et_gb_content_width":"","footnotes":""},"project_category":[8,5],"project_tag":[],"class_list":["post-6136","project","type-project","status-publish","has-post-thumbnail","hentry","project_category-cerca-a-ti","project_category-noticias"],"_links":{"self":[{"href":"https:\/\/www.defensoria.gob.ec\/index.php?rest_route=\/wp\/v2\/project\/6136","targetHints":{"allow":["GET"]}}],"collection":[{"href":"https:\/\/www.defensoria.gob.ec\/index.php?rest_route=\/wp\/v2\/project"}],"about":[{"href":"https:\/\/www.defensoria.gob.ec\/index.php?rest_route=\/wp\/v2\/types\/project"}],"author":[{"embeddable":true,"href":"https:\/\/www.defensoria.gob.ec\/index.php?rest_route=\/wp\/v2\/users\/1"}],"replies":[{"embeddable":true,"href":"https:\/\/www.defensoria.gob.ec\/index.php?rest_route=%2Fwp%2Fv2%2Fcomments&post=6136"}],"version-history":[{"count":0,"href":"https:\/\/www.defensoria.gob.ec\/index.php?rest_route=\/wp\/v2\/project\/6136\/revisions"}],"wp:featuredmedia":[{"embeddable":true,"href":"https:\/\/www.defensoria.gob.ec\/index.php?rest_route=\/wp\/v2\/media\/6139"}],"wp:attachment":[{"href":"https:\/\/www.defensoria.gob.ec\/index.php?rest_route=%2Fwp%2Fv2%2Fmedia&parent=6136"}],"wp:term":[{"taxonomy":"project_category","embeddable":true,"href":"https:\/\/www.defensoria.gob.ec\/index.php?rest_route=%2Fwp%2Fv2%2Fproject_category&post=6136"},{"taxonomy":"project_tag","embeddable":true,"href":"https:\/\/www.defensoria.gob.ec\/index.php?rest_route=%2Fwp%2Fv2%2Fproject_tag&post=6136"}],"curies":[{"name":"wp","href":"https:\/\/api.w.org\/{rel}","templated":true}]}}

[et_pb_section fb_built=»1&#8243; _builder_version=»3.26.4&#8243;][et_pb_row _builder_version=»3.26.4&#8243; column_structure=»3_4,1_4&#8243;][et_pb_column _builder_version=»3.26.4&#8243; type=»3_4&#8243;][et_pb_post_title _builder_version=»3.26.4&#8243; meta=»off» featured_image=»off»][/et_pb_post_title][et_pb_text _builder_version=»3.26.4&#8243;]<p style="text-align: justify;">El Defensor Público Regional del Litoral Abg. Edison Gómez  y la Defensora Pública Provincial de Guayas, Ab. Cindy Cedeño, presentaron a la Jefa de Departamental de Flagrancia Jennifer Salinas, ante los Defensores Públicos que laboran en la Unidad de Vigilancia Ciudadana del Cuartel Modelo. La nueva funcionaria se comprometió a dar continuidad en el  servicio que brinda la Defensoría Pública del Ecuador,</p>
<p style="text-align: justify;">La Ab. Jennifer Salinas reemplaza al Ab. Edison Gómez, quien a su vez se desempeña ahora como Defensor Público Regional del Litoral.</p>
<p style="text-align: justify;">En otro tema, la Dirección de Educación de la Agencia de Tránsito Municipal de Guayaquil ATM, capacitó a los conductores de la Defensoría Pública de la provincia del Guayas. Se abordó temas como: los factores más recurrentes en los accidentes de tránsito, la necesidad de conducir a la defensiva, los inconvenientes de tensionar al conductor, el control de las emociones, etc.</p>
<p style="text-align: justify;">El instructor Kelvin Jarama, exhibió varios videos de accidentes producto de la imprudencia de conductores y peatones y dio algunas recomendaciones. En esta capacitación participaron la Defensora Pública provincial del Guayas, Ab. Cindy Cedeño y  el Defensor Público Regional del Litoral subrogante Ab. Edison Gómez.</p>
[/et_pb_text][et_pb_gallery _builder_version=»3.26.4&#8243; gallery_ids=»6138,6139&#8243;][/et_pb_gallery][/et_pb_column][et_pb_column _builder_version=»3.26.4&#8243; type=»1_4&#8243;][et_pb_sidebar _builder_version=»3.26.4&#8243;][/et_pb_sidebar][/et_pb_column][/et_pb_row][/et_pb_section]

<p>El Defensor Público Regional del Litoral Abg. Edison Gómez  y la Defensora Pública Provincial de Guayas, Ab. Cindy Cedeño, presentaron a la Jefa de Departamental de Flagrancia Jennifer Salinas, ante [&hellip;]</p>
