{"id":5950,"date":"2019-08-20T21:01:25","date_gmt":"2019-08-20T21:01:25","guid":{"rendered":"https:\/\/www.defensoria.gob.ec\/?post_type=project&#038;p=5950"},"modified":"2019-08-20T21:01:25","modified_gmt":"2019-08-20T21:01:25","slug":"esmeraldas-se-realizo-seminario-justicia-juvenil-restaurativa","status":"publish","type":"project","link":"https:\/\/www.defensoria.gob.ec\/?project=esmeraldas-se-realizo-seminario-justicia-juvenil-restaurativa","title":{"rendered":"Esmeraldas: Se realiz\u00f3 seminario \u201cJusticia Juvenil Restaurativa\u201d"},"content":{"rendered":"<p>[et_pb_section fb_built=\u00bb1&#8243; _builder_version=\u00bb3.26.4&#8243;][et_pb_row _builder_version=\u00bb3.26.4&#8243; column_structure=\u00bb3_4,1_4&#8243;][et_pb_column _builder_version=\u00bb3.26.4&#8243; type=\u00bb3_4&#8243;][et_pb_post_title _builder_version=\u00bb3.26.4&#8243; meta=\u00bboff\u00bb featured_image=\u00bboff\u00bb][\/et_pb_post_title][et_pb_text _builder_version=\u00bb3.26.4&#8243;]<\/p>\n<p style=\"text-align: justify;\">Con el apoyo de la Fundaci\u00f3n Terre Des Hommes, se desarroll\u00f3 en la ciudad de Esmeraldas el seminario \u201cJusticia Juvenil Restaurativa\u201d, en el que participaron defensores p\u00fablicos, asistentes legales de la provincia, representantes del\u00a0 Consejo de la Judicatura, de la Fiscal\u00eda y del Servicio Nacional de Atenci\u00f3n Integral a Personas Adultas Privadas de Libertad y a Adolescentes Infractores del Ecuador (SNAI). En el acto de inauguraci\u00f3n del seminario particip\u00f3 el Coordinador Nacional de Gesti\u00f3n de la Defensor\u00eda P\u00fablica, Dr. Ricardo Morales.<\/p>\n<p style=\"text-align: justify;\">En estas jornadas de capacitaci\u00f3n, realizadas entre el s\u00e1bado 17 y domingo 18 de agosto, actuaron como capacitadores; Jueces, Fiscales y Defensores P\u00fablicos; especializado en la materia, de la provincia del Guayas y miembros de la Fundaci\u00f3n Terre Des Hommes. Se abordaron los temas de: justicia restrictiva, restaurativa, procesos de construcci\u00f3n de identidad desde el punto de vista psicol\u00f3gico, independencia de la vinculaci\u00f3n familiar, actuaci\u00f3n del defensor en la modificaci\u00f3n de los reg\u00edmenes de ejecuci\u00f3n. Adem\u00e1s se realizaron ejercicios pr\u00e1cticos a trav\u00e9s de an\u00e1lisis de casos.<\/p>\n<p>[\/et_pb_text][et_pb_gallery _builder_version=\u00bb3.26.4&#8243; gallery_ids=\u00bb5942&#8243;][\/et_pb_gallery][\/et_pb_column][et_pb_column _builder_version=\u00bb3.26.4&#8243; type=\u00bb1_4&#8243;][et_pb_sidebar _builder_version=\u00bb3.26.4&#8243;][\/et_pb_sidebar][\/et_pb_column][\/et_pb_row][\/et_pb_section]<\/p>\n","protected":false},"excerpt":{"rendered":"<p>Con el apoyo de la Fundaci\u00f3n Terre Des Hommes, se desarroll\u00f3 en la ciudad de Esmeraldas el seminario \u201cJusticia Juvenil Restaurativa\u201d, en el que participaron defensores p\u00fablicos, asistentes legales de [&hellip;]<\/p>\n","protected":false},"author":1,"featured_media":5942,"comment_status":"open","ping_status":"closed","template":"","meta":{"_et_pb_use_builder":"on","_et_pb_old_content":"","_et_gb_content_width":"","footnotes":""},"project_category":[8,5],"project_tag":[],"class_list":["post-5950","project","type-project","status-publish","has-post-thumbnail","hentry","project_category-cerca-a-ti","project_category-noticias"],"_links":{"self":[{"href":"https:\/\/www.defensoria.gob.ec\/index.php?rest_route=\/wp\/v2\/project\/5950","targetHints":{"allow":["GET"]}}],"collection":[{"href":"https:\/\/www.defensoria.gob.ec\/index.php?rest_route=\/wp\/v2\/project"}],"about":[{"href":"https:\/\/www.defensoria.gob.ec\/index.php?rest_route=\/wp\/v2\/types\/project"}],"author":[{"embeddable":true,"href":"https:\/\/www.defensoria.gob.ec\/index.php?rest_route=\/wp\/v2\/users\/1"}],"replies":[{"embeddable":true,"href":"https:\/\/www.defensoria.gob.ec\/index.php?rest_route=%2Fwp%2Fv2%2Fcomments&post=5950"}],"version-history":[{"count":0,"href":"https:\/\/www.defensoria.gob.ec\/index.php?rest_route=\/wp\/v2\/project\/5950\/revisions"}],"wp:featuredmedia":[{"embeddable":true,"href":"https:\/\/www.defensoria.gob.ec\/index.php?rest_route=\/wp\/v2\/media\/5942"}],"wp:attachment":[{"href":"https:\/\/www.defensoria.gob.ec\/index.php?rest_route=%2Fwp%2Fv2%2Fmedia&parent=5950"}],"wp:term":[{"taxonomy":"project_category","embeddable":true,"href":"https:\/\/www.defensoria.gob.ec\/index.php?rest_route=%2Fwp%2Fv2%2Fproject_category&post=5950"},{"taxonomy":"project_tag","embeddable":true,"href":"https:\/\/www.defensoria.gob.ec\/index.php?rest_route=%2Fwp%2Fv2%2Fproject_tag&post=5950"}],"curies":[{"name":"wp","href":"https:\/\/api.w.org\/{rel}","templated":true}]}}

Esmeraldas: Se realizó seminario “Justicia Juvenil Restaurativa”

<p>[et_pb_section fb_built=»1&#8243; _builder_version=»3.26.4&#8243;][et_pb_row _builder_version=»3.26.4&#8243; column_structure=»3_4,1_4&#8243;][et_pb_column _builder_version=»3.26.4&#8243; type=»3_4&#8243;][et_pb_post_title _builder_version=»3.26.4&#8243; meta=»off» featured_image=»off»][/et_pb_post_title][et_pb_text _builder_version=»3.26.4&#8243;]</p>
<p style="text-align: justify;">Con el apoyo de la Fundación Terre Des Hommes, se desarrolló en la ciudad de Esmeraldas el seminario “Justicia Juvenil Restaurativa”, en el que participaron defensores públicos, asistentes legales de la provincia, representantes del  Consejo de la Judicatura, de la Fiscalía y del Servicio Nacional de Atención Integral a Personas Adultas Privadas de Libertad y a Adolescentes Infractores del Ecuador (SNAI). En el acto de inauguración del seminario participó el Coordinador Nacional de Gestión de la Defensoría Pública, Dr. Ricardo Morales.</p>
<p style="text-align: justify;">En estas jornadas de capacitación, realizadas entre el sábado 17 y domingo 18 de agosto, actuaron como capacitadores; Jueces, Fiscales y Defensores Públicos; especializado en la materia, de la provincia del Guayas y miembros de la Fundación Terre Des Hommes. Se abordaron los temas de: justicia restrictiva, restaurativa, procesos de construcción de identidad desde el punto de vista psicológico, independencia de la vinculación familiar, actuación del defensor en la modificación de los regímenes de ejecución. Además se realizaron ejercicios prácticos a través de análisis de casos.</p>
<p>[/et_pb_text][et_pb_gallery _builder_version=»3.26.4&#8243; gallery_ids=»5942&#8243;][/et_pb_gallery][/et_pb_column][et_pb_column _builder_version=»3.26.4&#8243; type=»1_4&#8243;][et_pb_sidebar _builder_version=»3.26.4&#8243;][/et_pb_sidebar][/et_pb_column][/et_pb_row][/et_pb_section]</p>

<p>Con el apoyo de la Fundación Terre Des Hommes, se desarrolló en la ciudad de Esmeraldas el seminario “Justicia Juvenil Restaurativa”, en el que participaron defensores públicos, asistentes legales de [&hellip;]</p>
