{"id":5936,"date":"2019-08-20T20:51:38","date_gmt":"2019-08-20T20:51:38","guid":{"rendered":"https:\/\/www.defensoria.gob.ec\/?post_type=project&#038;p=5936"},"modified":"2019-08-20T20:51:38","modified_gmt":"2019-08-20T20:51:38","slug":"imbabura-alianzas-que-fortalecen-los-servicios-de-la-defensoria-publica","status":"publish","type":"project","link":"https:\/\/www.defensoria.gob.ec\/?project=imbabura-alianzas-que-fortalecen-los-servicios-de-la-defensoria-publica","title":{"rendered":"Imbabura: Alianzas que fortalecen los servicios de la Defensor\u00eda P\u00fablica"},"content":{"rendered":"<p>[et_pb_section fb_built=\u00bb1&#8243; _builder_version=\u00bb3.26.4&#8243;][et_pb_row _builder_version=\u00bb3.26.4&#8243; column_structure=\u00bb3_4,1_4&#8243;][et_pb_column _builder_version=\u00bb3.26.4&#8243; type=\u00bb3_4&#8243;][et_pb_post_title _builder_version=\u00bb3.26.4&#8243; meta=\u00bboff\u00bb featured_image=\u00bboff\u00bb][\/et_pb_post_title][et_pb_text _builder_version=\u00bb3.26.4&#8243;]<\/p>\n<p style=\"text-align: justify;\">El 16 de agosto, el Defensor P\u00fablico de la provincia de Imbabura, Carlos Espinoza particip\u00f3 en la mesa de trabajo \u201cProceso sustantivo de vinculaci\u00f3n con la sociedad\u201d, convocada por la Facultad de Derecho de la Universidad de Otavalo.<\/p>\n<p style=\"text-align: justify;\">Previo a la reuni\u00f3n, el Defensor P\u00fablico socializ\u00f3 el trabajo que realiza la instituci\u00f3n, inform\u00f3 que brinda asesor\u00eda legal y defensa gratuita a las personas en condici\u00f3n econ\u00f3mica, social, y cultural de vulnerabilidad o en estado de indefensi\u00f3n, garantizando la plena protecci\u00f3n de sus Derechos.<\/p>\n<p style=\"text-align: justify;\">Durante la cita de trabajo evaluaron los temas relacionados al rol y funciones de la Defensor\u00eda P\u00fablica como actor de acreditaci\u00f3n de los Consultorios Jur\u00eddicos Gratuitos. Adem\u00e1s, se intercambi\u00f3 criterios respecto a la coordinaci\u00f3n que debe existir con las dem\u00e1s Instituciones para la obtenci\u00f3n de espacios con la finalidad de\u00a0 fortalecer el trabajo en la provincia.<\/p>\n<p style=\"text-align: justify;\">Para la autoridad provincial de la Defensor\u00eda P\u00fablica de Imbabura, es una prioridad establecer mecanismos de articulaci\u00f3n\u00a0 que permitan acciones conjuntas. \u201cEstas alianzas fortalecen los servicios defensoriales, los que garantizan el acceso a la justicia de una manera eficiente y oportuna\u201d, se\u00f1al\u00f3 Espinoza.<\/p>\n<p>[\/et_pb_text][et_pb_gallery _builder_version=\u00bb3.26.4&#8243; gallery_ids=\u00bb5938&#8243;][\/et_pb_gallery][\/et_pb_column][et_pb_column _builder_version=\u00bb3.26.4&#8243; type=\u00bb1_4&#8243;][et_pb_sidebar _builder_version=\u00bb3.26.4&#8243;][\/et_pb_sidebar][\/et_pb_column][\/et_pb_row][\/et_pb_section]<\/p>\n","protected":false},"excerpt":{"rendered":"<p>El 16 de agosto, el Defensor P\u00fablico de la provincia de Imbabura, Carlos Espinoza particip\u00f3 en la mesa de trabajo \u201cProceso sustantivo de vinculaci\u00f3n con la sociedad\u201d, convocada por la [&hellip;]<\/p>\n","protected":false},"author":1,"featured_media":5938,"comment_status":"open","ping_status":"closed","template":"","meta":{"_et_pb_use_builder":"on","_et_pb_old_content":"","_et_gb_content_width":"","footnotes":""},"project_category":[8,5],"project_tag":[],"class_list":["post-5936","project","type-project","status-publish","has-post-thumbnail","hentry","project_category-cerca-a-ti","project_category-noticias"],"_links":{"self":[{"href":"https:\/\/www.defensoria.gob.ec\/index.php?rest_route=\/wp\/v2\/project\/5936","targetHints":{"allow":["GET"]}}],"collection":[{"href":"https:\/\/www.defensoria.gob.ec\/index.php?rest_route=\/wp\/v2\/project"}],"about":[{"href":"https:\/\/www.defensoria.gob.ec\/index.php?rest_route=\/wp\/v2\/types\/project"}],"author":[{"embeddable":true,"href":"https:\/\/www.defensoria.gob.ec\/index.php?rest_route=\/wp\/v2\/users\/1"}],"replies":[{"embeddable":true,"href":"https:\/\/www.defensoria.gob.ec\/index.php?rest_route=%2Fwp%2Fv2%2Fcomments&post=5936"}],"version-history":[{"count":0,"href":"https:\/\/www.defensoria.gob.ec\/index.php?rest_route=\/wp\/v2\/project\/5936\/revisions"}],"wp:featuredmedia":[{"embeddable":true,"href":"https:\/\/www.defensoria.gob.ec\/index.php?rest_route=\/wp\/v2\/media\/5938"}],"wp:attachment":[{"href":"https:\/\/www.defensoria.gob.ec\/index.php?rest_route=%2Fwp%2Fv2%2Fmedia&parent=5936"}],"wp:term":[{"taxonomy":"project_category","embeddable":true,"href":"https:\/\/www.defensoria.gob.ec\/index.php?rest_route=%2Fwp%2Fv2%2Fproject_category&post=5936"},{"taxonomy":"project_tag","embeddable":true,"href":"https:\/\/www.defensoria.gob.ec\/index.php?rest_route=%2Fwp%2Fv2%2Fproject_tag&post=5936"}],"curies":[{"name":"wp","href":"https:\/\/api.w.org\/{rel}","templated":true}]}}

Imbabura: Alianzas que fortalecen los servicios de la Defensoría Pública

<p>[et_pb_section fb_built=»1&#8243; _builder_version=»3.26.4&#8243;][et_pb_row _builder_version=»3.26.4&#8243; column_structure=»3_4,1_4&#8243;][et_pb_column _builder_version=»3.26.4&#8243; type=»3_4&#8243;][et_pb_post_title _builder_version=»3.26.4&#8243; meta=»off» featured_image=»off»][/et_pb_post_title][et_pb_text _builder_version=»3.26.4&#8243;]</p>
<p style="text-align: justify;">El 16 de agosto, el Defensor Público de la provincia de Imbabura, Carlos Espinoza participó en la mesa de trabajo “Proceso sustantivo de vinculación con la sociedad”, convocada por la Facultad de Derecho de la Universidad de Otavalo.</p>
<p style="text-align: justify;">Previo a la reunión, el Defensor Público socializó el trabajo que realiza la institución, informó que brinda asesoría legal y defensa gratuita a las personas en condición económica, social, y cultural de vulnerabilidad o en estado de indefensión, garantizando la plena protección de sus Derechos.</p>
<p style="text-align: justify;">Durante la cita de trabajo evaluaron los temas relacionados al rol y funciones de la Defensoría Pública como actor de acreditación de los Consultorios Jurídicos Gratuitos. Además, se intercambió criterios respecto a la coordinación que debe existir con las demás Instituciones para la obtención de espacios con la finalidad de  fortalecer el trabajo en la provincia.</p>
<p style="text-align: justify;">Para la autoridad provincial de la Defensoría Pública de Imbabura, es una prioridad establecer mecanismos de articulación  que permitan acciones conjuntas. “Estas alianzas fortalecen los servicios defensoriales, los que garantizan el acceso a la justicia de una manera eficiente y oportuna”, señaló Espinoza.</p>
<p>[/et_pb_text][et_pb_gallery _builder_version=»3.26.4&#8243; gallery_ids=»5938&#8243;][/et_pb_gallery][/et_pb_column][et_pb_column _builder_version=»3.26.4&#8243; type=»1_4&#8243;][et_pb_sidebar _builder_version=»3.26.4&#8243;][/et_pb_sidebar][/et_pb_column][/et_pb_row][/et_pb_section]</p>

<p>El 16 de agosto, el Defensor Público de la provincia de Imbabura, Carlos Espinoza participó en la mesa de trabajo “Proceso sustantivo de vinculación con la sociedad”, convocada por la [&hellip;]</p>
