{"id":5905,"date":"2019-08-15T21:01:41","date_gmt":"2019-08-15T21:01:41","guid":{"rendered":"https:\/\/www.defensoria.gob.ec\/?post_type=project&#038;p=5905"},"modified":"2019-08-15T21:01:58","modified_gmt":"2019-08-15T21:01:58","slug":"santo-domingo-dos-nuevos-defensores-publicos-se-incorporaron-en-agosto","status":"publish","type":"project","link":"https:\/\/www.defensoria.gob.ec\/?project=santo-domingo-dos-nuevos-defensores-publicos-se-incorporaron-en-agosto","title":{"rendered":"Santo Domingo: Dos nuevos defensores p\u00fablicos se incorporaron en agosto"},"content":{"rendered":"<p>[et_pb_section fb_built=\u00bb1&#8243; _builder_version=\u00bb3.26.4&#8243;][et_pb_row _builder_version=\u00bb3.26.4&#8243; column_structure=\u00bb3_4,1_4&#8243;][et_pb_column _builder_version=\u00bb3.26.4&#8243; type=\u00bb3_4&#8243;][et_pb_post_title _builder_version=\u00bb3.26.4&#8243; meta=\u00bboff\u00bb featured_image=\u00bboff\u00bb][\/et_pb_post_title][et_pb_text _builder_version=\u00bb3.26.4&#8243;]<\/p>\n<p style=\"text-align: justify;\">El Defensor P\u00fablico provincial de Santo Domingo de los Ts\u00e1chilas, Mauricio Sotal\u00edn, inform\u00f3, en una entrevista con diario La Hora, la incorporaci\u00f3n de dos nuevos Defensores P\u00fablicos para la provincia, en este mes de agosto. \u00a0Con lo que suman 14, sin embargo, para su criterio a\u00fan son insuficientes para la demanda de usuarios. \u201cSe hace el\u00a0 mejor esfuerzo para cubrir las agendas de audiencias que dispone diariamente el Consejo de la Judicatura\u201d, se\u00f1al\u00f3.<\/p>\n<p>[\/et_pb_text][et_pb_gallery _builder_version=\u00bb3.26.4&#8243; gallery_ids=\u00bb5906&#8243;][\/et_pb_gallery][\/et_pb_column][et_pb_column _builder_version=\u00bb3.26.4&#8243; type=\u00bb1_4&#8243;][et_pb_sidebar _builder_version=\u00bb3.26.4&#8243;][\/et_pb_sidebar][\/et_pb_column][\/et_pb_row][\/et_pb_section]<\/p>\n","protected":false},"excerpt":{"rendered":"<p>El Defensor P\u00fablico provincial de Santo Domingo de los Ts\u00e1chilas, Mauricio Sotal\u00edn, inform\u00f3, en una entrevista con diario La Hora, la incorporaci\u00f3n de dos nuevos Defensores P\u00fablicos para la provincia, [&hellip;]<\/p>\n","protected":false},"author":1,"featured_media":5906,"comment_status":"open","ping_status":"closed","template":"","meta":{"_et_pb_use_builder":"on","_et_pb_old_content":"","_et_gb_content_width":"","footnotes":""},"project_category":[8,5],"project_tag":[],"class_list":["post-5905","project","type-project","status-publish","has-post-thumbnail","hentry","project_category-cerca-a-ti","project_category-noticias"],"_links":{"self":[{"href":"https:\/\/www.defensoria.gob.ec\/index.php?rest_route=\/wp\/v2\/project\/5905","targetHints":{"allow":["GET"]}}],"collection":[{"href":"https:\/\/www.defensoria.gob.ec\/index.php?rest_route=\/wp\/v2\/project"}],"about":[{"href":"https:\/\/www.defensoria.gob.ec\/index.php?rest_route=\/wp\/v2\/types\/project"}],"author":[{"embeddable":true,"href":"https:\/\/www.defensoria.gob.ec\/index.php?rest_route=\/wp\/v2\/users\/1"}],"replies":[{"embeddable":true,"href":"https:\/\/www.defensoria.gob.ec\/index.php?rest_route=%2Fwp%2Fv2%2Fcomments&post=5905"}],"version-history":[{"count":0,"href":"https:\/\/www.defensoria.gob.ec\/index.php?rest_route=\/wp\/v2\/project\/5905\/revisions"}],"wp:featuredmedia":[{"embeddable":true,"href":"https:\/\/www.defensoria.gob.ec\/index.php?rest_route=\/wp\/v2\/media\/5906"}],"wp:attachment":[{"href":"https:\/\/www.defensoria.gob.ec\/index.php?rest_route=%2Fwp%2Fv2%2Fmedia&parent=5905"}],"wp:term":[{"taxonomy":"project_category","embeddable":true,"href":"https:\/\/www.defensoria.gob.ec\/index.php?rest_route=%2Fwp%2Fv2%2Fproject_category&post=5905"},{"taxonomy":"project_tag","embeddable":true,"href":"https:\/\/www.defensoria.gob.ec\/index.php?rest_route=%2Fwp%2Fv2%2Fproject_tag&post=5905"}],"curies":[{"name":"wp","href":"https:\/\/api.w.org\/{rel}","templated":true}]}}

Santo Domingo: Dos nuevos defensores públicos se incorporaron en agosto

<p>[et_pb_section fb_built=»1&#8243; _builder_version=»3.26.4&#8243;][et_pb_row _builder_version=»3.26.4&#8243; column_structure=»3_4,1_4&#8243;][et_pb_column _builder_version=»3.26.4&#8243; type=»3_4&#8243;][et_pb_post_title _builder_version=»3.26.4&#8243; meta=»off» featured_image=»off»][/et_pb_post_title][et_pb_text _builder_version=»3.26.4&#8243;]</p>
<p style="text-align: justify;">El Defensor Público provincial de Santo Domingo de los Tsáchilas, Mauricio Sotalín, informó, en una entrevista con diario La Hora, la incorporación de dos nuevos Defensores Públicos para la provincia, en este mes de agosto.  Con lo que suman 14, sin embargo, para su criterio aún son insuficientes para la demanda de usuarios. “Se hace el  mejor esfuerzo para cubrir las agendas de audiencias que dispone diariamente el Consejo de la Judicatura”, señaló.</p>
<p>[/et_pb_text][et_pb_gallery _builder_version=»3.26.4&#8243; gallery_ids=»5906&#8243;][/et_pb_gallery][/et_pb_column][et_pb_column _builder_version=»3.26.4&#8243; type=»1_4&#8243;][et_pb_sidebar _builder_version=»3.26.4&#8243;][/et_pb_sidebar][/et_pb_column][/et_pb_row][/et_pb_section]</p>

<p>El Defensor Público provincial de Santo Domingo de los Tsáchilas, Mauricio Sotalín, informó, en una entrevista con diario La Hora, la incorporación de dos nuevos Defensores Públicos para la provincia, [&hellip;]</p>
