{"id":5816,"date":"2019-08-08T21:30:47","date_gmt":"2019-08-08T21:30:47","guid":{"rendered":"https:\/\/www.defensoria.gob.ec\/?post_type=project&#038;p=5816"},"modified":"2019-08-08T21:31:15","modified_gmt":"2019-08-08T21:31:15","slug":"santa-elena-se-desarrollaron-capacitaciones-al-personal-misional-y-ferias-informativas","status":"publish","type":"project","link":"https:\/\/www.defensoria.gob.ec\/?project=santa-elena-se-desarrollaron-capacitaciones-al-personal-misional-y-ferias-informativas","title":{"rendered":"Santa Elena: Se desarrollaron capacitaciones al personal misional y ferias informativas"},"content":{"rendered":"<p>[et_pb_section fb_built=\u00bb1&#8243; _builder_version=\u00bb3.26.4&#8243;][et_pb_row _builder_version=\u00bb3.26.4&#8243; column_structure=\u00bb3_4,1_4&#8243;][et_pb_column _builder_version=\u00bb3.26.4&#8243; type=\u00bb3_4&#8243;][et_pb_post_title _builder_version=\u00bb3.26.4&#8243; meta=\u00bboff\u00bb featured_image=\u00bboff\u00bb][\/et_pb_post_title][et_pb_text _builder_version=\u00bb3.26.4&#8243;]<\/p>\n<p style=\"text-align: justify;\">El defensor p\u00fablico provincial de Santa Elena, Jos\u00e9 Ram\u00edrez y la defensora p\u00fablica, Diana Alvarado, participaron en la taller \u201cFortalecimiento de capacidades de operadoras y operadores de los sistemas especializados de protecci\u00f3n integral de Derechos\u201d, organizado por el\u00a0 Ministerio de Inclusi\u00f3n Econ\u00f3mica y Social (MIES), entre el 6 y 7 de agosto, en los cantones Santa Elena y La Libertad.<\/p>\n<p style=\"text-align: justify;\">As\u00ed mismo, el 2 de agosto, la autoridad de la Defensor\u00eda P\u00fablica provincial asisti\u00f3 a la reuni\u00f3n de la II Mesa Cantonal de Derechos de La Libertad y el\u00a0 1 de agosto estuvo en Guayaquil, para la capacitaci\u00f3n y evaluaci\u00f3n del consultorio jur\u00eddico gratuito de la Universidad Pen\u00ednsula de Santa Elena.<\/p>\n<p style=\"text-align: justify;\">Tambi\u00e9n, el 1 de agosto, los defensores p\u00fablicos del\u00a0 \u00c1rea Social, Mar\u00eda Fernanda Zhi\u00f1in y Freddy Zhindon, \u00a0realizaron una difusi\u00f3n de servicios, en el\u00a0 parque Vicente Rocafuerte del\u00a0 cant\u00f3n Santa Elena,\u00a0 donde atendieron las inquietudes de los usuarios en materias de: alimentos, penal y laboral.<\/p>\n<p style=\"text-align: justify;\">Mientras tanto, el \u00a031 de julio, en el Malec\u00f3n del cant\u00f3n Salinas, el defensor p\u00fablico provincial, Jos\u00e9 Ram\u00edrez y la defensora p\u00fablica del \u00c1rea Penal, Diana Alvarado, dieron a conocer los servicios gratuitos que ofrece la Instituci\u00f3n.<\/p>\n<p style=\"text-align: justify;\">Finalmente, entre el 19 y 20\u00a0 de julio, el personal misional de la Defensor\u00eda P\u00fabica de Santa Elena,\u00a0 asisti\u00f3 al seminario \u201cJusticia especializada en adolescentes infractores\u201d, desarrollado en el\u00a0 auditorio de la Fiscal\u00eda Provincial, en el que participaron el defensor p\u00fablico provincial, Jos\u00e9 Ram\u00edrez, la defensora p\u00fablica Regional del Litoral, \u00a0Michele Portaluppi, el Fiscal Provincial, Edmundo Briones, el delegado de la Judicatura, Augusto Pino y la Fiscal de Adolescente Infractores del cant\u00f3n La Libertad, Blanca Gavil\u00e1nez.<\/p>\n<p>[\/et_pb_text][et_pb_gallery _builder_version=\u00bb3.26.4&#8243; gallery_ids=\u00bb5819,5818,5817&#8243;][\/et_pb_gallery][\/et_pb_column][et_pb_column _builder_version=\u00bb3.26.4&#8243; type=\u00bb1_4&#8243;][et_pb_sidebar _builder_version=\u00bb3.26.4&#8243;][\/et_pb_sidebar][\/et_pb_column][\/et_pb_row][\/et_pb_section]<\/p>\n","protected":false},"excerpt":{"rendered":"<p>El defensor p\u00fablico provincial de Santa Elena, Jos\u00e9 Ram\u00edrez y la defensora p\u00fablica, Diana Alvarado, participaron en la taller \u201cFortalecimiento de capacidades de operadoras y operadores de los sistemas especializados [&hellip;]<\/p>\n","protected":false},"author":1,"featured_media":5819,"comment_status":"open","ping_status":"closed","template":"","meta":{"_et_pb_use_builder":"on","_et_pb_old_content":"","_et_gb_content_width":"","footnotes":""},"project_category":[8,5],"project_tag":[],"class_list":["post-5816","project","type-project","status-publish","has-post-thumbnail","hentry","project_category-cerca-a-ti","project_category-noticias"],"_links":{"self":[{"href":"https:\/\/www.defensoria.gob.ec\/index.php?rest_route=\/wp\/v2\/project\/5816","targetHints":{"allow":["GET"]}}],"collection":[{"href":"https:\/\/www.defensoria.gob.ec\/index.php?rest_route=\/wp\/v2\/project"}],"about":[{"href":"https:\/\/www.defensoria.gob.ec\/index.php?rest_route=\/wp\/v2\/types\/project"}],"author":[{"embeddable":true,"href":"https:\/\/www.defensoria.gob.ec\/index.php?rest_route=\/wp\/v2\/users\/1"}],"replies":[{"embeddable":true,"href":"https:\/\/www.defensoria.gob.ec\/index.php?rest_route=%2Fwp%2Fv2%2Fcomments&post=5816"}],"version-history":[{"count":0,"href":"https:\/\/www.defensoria.gob.ec\/index.php?rest_route=\/wp\/v2\/project\/5816\/revisions"}],"wp:featuredmedia":[{"embeddable":true,"href":"https:\/\/www.defensoria.gob.ec\/index.php?rest_route=\/wp\/v2\/media\/5819"}],"wp:attachment":[{"href":"https:\/\/www.defensoria.gob.ec\/index.php?rest_route=%2Fwp%2Fv2%2Fmedia&parent=5816"}],"wp:term":[{"taxonomy":"project_category","embeddable":true,"href":"https:\/\/www.defensoria.gob.ec\/index.php?rest_route=%2Fwp%2Fv2%2Fproject_category&post=5816"},{"taxonomy":"project_tag","embeddable":true,"href":"https:\/\/www.defensoria.gob.ec\/index.php?rest_route=%2Fwp%2Fv2%2Fproject_tag&post=5816"}],"curies":[{"name":"wp","href":"https:\/\/api.w.org\/{rel}","templated":true}]}}

<p>[et_pb_section fb_built=»1&#8243; _builder_version=»3.26.4&#8243;][et_pb_row _builder_version=»3.26.4&#8243; column_structure=»3_4,1_4&#8243;][et_pb_column _builder_version=»3.26.4&#8243; type=»3_4&#8243;][et_pb_post_title _builder_version=»3.26.4&#8243; meta=»off» featured_image=»off»][/et_pb_post_title][et_pb_text _builder_version=»3.26.4&#8243;]</p>
<p style="text-align: justify;">El defensor público provincial de Santa Elena, José Ramírez y la defensora pública, Diana Alvarado, participaron en la taller “Fortalecimiento de capacidades de operadoras y operadores de los sistemas especializados de protección integral de Derechos”, organizado por el  Ministerio de Inclusión Económica y Social (MIES), entre el 6 y 7 de agosto, en los cantones Santa Elena y La Libertad.</p>
<p style="text-align: justify;">Así mismo, el 2 de agosto, la autoridad de la Defensoría Pública provincial asistió a la reunión de la II Mesa Cantonal de Derechos de La Libertad y el  1 de agosto estuvo en Guayaquil, para la capacitación y evaluación del consultorio jurídico gratuito de la Universidad Península de Santa Elena.</p>
<p style="text-align: justify;">También, el 1 de agosto, los defensores públicos del  Área Social, María Fernanda Zhiñin y Freddy Zhindon,  realizaron una difusión de servicios, en el  parque Vicente Rocafuerte del  cantón Santa Elena,  donde atendieron las inquietudes de los usuarios en materias de: alimentos, penal y laboral.</p>
<p style="text-align: justify;">Mientras tanto, el  31 de julio, en el Malecón del cantón Salinas, el defensor público provincial, José Ramírez y la defensora pública del Área Penal, Diana Alvarado, dieron a conocer los servicios gratuitos que ofrece la Institución.</p>
<p style="text-align: justify;">Finalmente, entre el 19 y 20  de julio, el personal misional de la Defensoría Púbica de Santa Elena,  asistió al seminario “Justicia especializada en adolescentes infractores”, desarrollado en el  auditorio de la Fiscalía Provincial, en el que participaron el defensor público provincial, José Ramírez, la defensora pública Regional del Litoral,  Michele Portaluppi, el Fiscal Provincial, Edmundo Briones, el delegado de la Judicatura, Augusto Pino y la Fiscal de Adolescente Infractores del cantón La Libertad, Blanca Gavilánez.</p>
<p>[/et_pb_text][et_pb_gallery _builder_version=»3.26.4&#8243; gallery_ids=»5819,5818,5817&#8243;][/et_pb_gallery][/et_pb_column][et_pb_column _builder_version=»3.26.4&#8243; type=»1_4&#8243;][et_pb_sidebar _builder_version=»3.26.4&#8243;][/et_pb_sidebar][/et_pb_column][/et_pb_row][/et_pb_section]</p>

<p>El defensor público provincial de Santa Elena, José Ramírez y la defensora pública, Diana Alvarado, participaron en la taller “Fortalecimiento de capacidades de operadoras y operadores de los sistemas especializados [&hellip;]</p>
