{"id":5810,"date":"2019-08-08T21:26:25","date_gmt":"2019-08-08T21:26:25","guid":{"rendered":"https:\/\/www.defensoria.gob.ec\/?post_type=project&#038;p=5810"},"modified":"2019-08-08T21:26:25","modified_gmt":"2019-08-08T21:26:25","slug":"sucumbios-ferias-informativas-evaluaciones-de-cjg-y-reuniones-interinstitucionales","status":"publish","type":"project","link":"https:\/\/www.defensoria.gob.ec\/?project=sucumbios-ferias-informativas-evaluaciones-de-cjg-y-reuniones-interinstitucionales","title":{"rendered":"Sucumb\u00edos: Ferias informativas, evaluaciones de CJG y reuniones interinstitucionales"},"content":{"rendered":"<p>[et_pb_section fb_built=\u00bb1&#8243; _builder_version=\u00bb3.26.4&#8243;][et_pb_row _builder_version=\u00bb3.26.4&#8243; column_structure=\u00bb3_4,1_4&#8243;][et_pb_column _builder_version=\u00bb3.26.4&#8243; type=\u00bb3_4&#8243;][et_pb_post_title _builder_version=\u00bb3.26.4&#8243; meta=\u00bboff\u00bb featured_image=\u00bboff\u00bb][\/et_pb_post_title][et_pb_text _builder_version=\u00bb3.26.4&#8243;]<\/p>\n<p style=\"text-align: justify;\">La defensora p\u00fablica provincial de Sucumb\u00edos, Edilma Borja, el Abg. Guido Quezada y la Tecn\u00f3loga, Alvania Vargas participaron, el 4 de agosto, en una feria ciudadana, en el cant\u00f3n Cuyabeno, donde entregaron informaci\u00f3n de los servicios, horarios y puntos de atenci\u00f3n de la Defensor\u00eda P\u00fablica.<\/p>\n<p style=\"text-align: justify;\">Mientras tanto, el 1 de agosto realiz\u00f3 la evaluaci\u00f3n del consultorio jur\u00eddico gratuito (CJG) \u201cSucumb\u00edos Solidario\u201d, ubicado en la calle Santiago y Av. Circunvalaci\u00f3n de la ciudad Nueva Loja.\u00a0 El proceso cont\u00f3 con la presencia del director del CJG, Isaac Quevedo.<\/p>\n<p style=\"text-align: justify;\">As\u00ed mismo, el 30 de julio, la defensora p\u00fablica provincial de Sucumb\u00edos, Edilma Borja, particip\u00f3 en el Taller: \u201cEstrategias jur\u00eddicas para la protecci\u00f3n de los derechos de las personas en movilidad humana\u201d, dictado por la por la ONG Misi\u00f3n Scalabriniana. El\u00a0 objetivo de la jornada fue\u00a0 estandarizar y optimizar el trabajo jur\u00eddico a favor de las personas que buscan protecci\u00f3n internacional; y, elaborar una gu\u00eda para las instituciones que laboran en materia de Movilidad Humana.<\/p>\n<p style=\"text-align: justify;\">El 29 de julio asisti\u00f3 a la capacitaci\u00f3n y evaluaci\u00f3n del consultorio jur\u00eddico gratuito (CJG) de la Universidad Central del Ecuador, en Quito, que tuvo la presencia del director del CJG, Hern\u00e1n Garc\u00eda.<\/p>\n<p style=\"text-align: justify;\">Tambi\u00e9n, el 29\u00a0 de julio, en el cant\u00f3n Cuyabeno, el defensor p\u00fablico, Guido Quezada, intervino en la reuni\u00f3n con las autoridades de seguridad y de los Gobiernos Aut\u00f3nomos Descentralizados, que analizaron el cumplimiento del plan del buen vivir, paz ciudadana y Derechos Humanos.<\/p>\n<p style=\"text-align: justify;\">El 28 de julio, en el cant\u00f3n Cascales, la defensora p\u00fablica, Anita Mestanza y el consultor en Movilidad Humana, Jean Jaramillo, brindaron asesor\u00eda legal y difundieron los servicios gratuitos que entrega la Instituci\u00f3n.<\/p>\n<p>[\/et_pb_text][et_pb_gallery _builder_version=\u00bb3.26.4&#8243; gallery_ids=\u00bb5813,5812,5811&#8243;][\/et_pb_gallery][\/et_pb_column][et_pb_column _builder_version=\u00bb3.26.4&#8243; type=\u00bb1_4&#8243;][et_pb_sidebar _builder_version=\u00bb3.26.4&#8243;][\/et_pb_sidebar][\/et_pb_column][\/et_pb_row][\/et_pb_section]<\/p>\n","protected":false},"excerpt":{"rendered":"<p>La defensora p\u00fablica provincial de Sucumb\u00edos, Edilma Borja, el Abg. Guido Quezada y la Tecn\u00f3loga, Alvania Vargas participaron, el 4 de agosto, en una feria ciudadana, en el cant\u00f3n Cuyabeno, [&hellip;]<\/p>\n","protected":false},"author":1,"featured_media":5811,"comment_status":"open","ping_status":"closed","template":"","meta":{"_et_pb_use_builder":"on","_et_pb_old_content":"","_et_gb_content_width":"","footnotes":""},"project_category":[8,5],"project_tag":[],"class_list":["post-5810","project","type-project","status-publish","has-post-thumbnail","hentry","project_category-cerca-a-ti","project_category-noticias"],"_links":{"self":[{"href":"https:\/\/www.defensoria.gob.ec\/index.php?rest_route=\/wp\/v2\/project\/5810","targetHints":{"allow":["GET"]}}],"collection":[{"href":"https:\/\/www.defensoria.gob.ec\/index.php?rest_route=\/wp\/v2\/project"}],"about":[{"href":"https:\/\/www.defensoria.gob.ec\/index.php?rest_route=\/wp\/v2\/types\/project"}],"author":[{"embeddable":true,"href":"https:\/\/www.defensoria.gob.ec\/index.php?rest_route=\/wp\/v2\/users\/1"}],"replies":[{"embeddable":true,"href":"https:\/\/www.defensoria.gob.ec\/index.php?rest_route=%2Fwp%2Fv2%2Fcomments&post=5810"}],"version-history":[{"count":0,"href":"https:\/\/www.defensoria.gob.ec\/index.php?rest_route=\/wp\/v2\/project\/5810\/revisions"}],"wp:featuredmedia":[{"embeddable":true,"href":"https:\/\/www.defensoria.gob.ec\/index.php?rest_route=\/wp\/v2\/media\/5811"}],"wp:attachment":[{"href":"https:\/\/www.defensoria.gob.ec\/index.php?rest_route=%2Fwp%2Fv2%2Fmedia&parent=5810"}],"wp:term":[{"taxonomy":"project_category","embeddable":true,"href":"https:\/\/www.defensoria.gob.ec\/index.php?rest_route=%2Fwp%2Fv2%2Fproject_category&post=5810"},{"taxonomy":"project_tag","embeddable":true,"href":"https:\/\/www.defensoria.gob.ec\/index.php?rest_route=%2Fwp%2Fv2%2Fproject_tag&post=5810"}],"curies":[{"name":"wp","href":"https:\/\/api.w.org\/{rel}","templated":true}]}}

Sucumbíos: Ferias informativas, evaluaciones de CJG y reuniones interinstitucionales

<p>[et_pb_section fb_built=»1&#8243; _builder_version=»3.26.4&#8243;][et_pb_row _builder_version=»3.26.4&#8243; column_structure=»3_4,1_4&#8243;][et_pb_column _builder_version=»3.26.4&#8243; type=»3_4&#8243;][et_pb_post_title _builder_version=»3.26.4&#8243; meta=»off» featured_image=»off»][/et_pb_post_title][et_pb_text _builder_version=»3.26.4&#8243;]</p>
<p style="text-align: justify;">La defensora pública provincial de Sucumbíos, Edilma Borja, el Abg. Guido Quezada y la Tecnóloga, Alvania Vargas participaron, el 4 de agosto, en una feria ciudadana, en el cantón Cuyabeno, donde entregaron información de los servicios, horarios y puntos de atención de la Defensoría Pública.</p>
<p style="text-align: justify;">Mientras tanto, el 1 de agosto realizó la evaluación del consultorio jurídico gratuito (CJG) “Sucumbíos Solidario”, ubicado en la calle Santiago y Av. Circunvalación de la ciudad Nueva Loja.  El proceso contó con la presencia del director del CJG, Isaac Quevedo.</p>
<p style="text-align: justify;">Así mismo, el 30 de julio, la defensora pública provincial de Sucumbíos, Edilma Borja, participó en el Taller: “Estrategias jurídicas para la protección de los derechos de las personas en movilidad humana”, dictado por la por la ONG Misión Scalabriniana. El  objetivo de la jornada fue  estandarizar y optimizar el trabajo jurídico a favor de las personas que buscan protección internacional; y, elaborar una guía para las instituciones que laboran en materia de Movilidad Humana.</p>
<p style="text-align: justify;">El 29 de julio asistió a la capacitación y evaluación del consultorio jurídico gratuito (CJG) de la Universidad Central del Ecuador, en Quito, que tuvo la presencia del director del CJG, Hernán García.</p>
<p style="text-align: justify;">También, el 29  de julio, en el cantón Cuyabeno, el defensor público, Guido Quezada, intervino en la reunión con las autoridades de seguridad y de los Gobiernos Autónomos Descentralizados, que analizaron el cumplimiento del plan del buen vivir, paz ciudadana y Derechos Humanos.</p>
<p style="text-align: justify;">El 28 de julio, en el cantón Cascales, la defensora pública, Anita Mestanza y el consultor en Movilidad Humana, Jean Jaramillo, brindaron asesoría legal y difundieron los servicios gratuitos que entrega la Institución.</p>
<p>[/et_pb_text][et_pb_gallery _builder_version=»3.26.4&#8243; gallery_ids=»5813,5812,5811&#8243;][/et_pb_gallery][/et_pb_column][et_pb_column _builder_version=»3.26.4&#8243; type=»1_4&#8243;][et_pb_sidebar _builder_version=»3.26.4&#8243;][/et_pb_sidebar][/et_pb_column][/et_pb_row][/et_pb_section]</p>

<p>La defensora pública provincial de Sucumbíos, Edilma Borja, el Abg. Guido Quezada y la Tecnóloga, Alvania Vargas participaron, el 4 de agosto, en una feria ciudadana, en el cantón Cuyabeno, [&hellip;]</p>
