{"id":5519,"date":"2019-07-25T21:53:52","date_gmt":"2019-07-25T21:53:52","guid":{"rendered":"https:\/\/www.defensoria.gob.ec\/?post_type=project&#038;p=5519"},"modified":"2019-09-25T15:26:46","modified_gmt":"2019-09-25T15:26:46","slug":"loja-se-evalua-a-consultorios-juridicos-gratuitos","status":"publish","type":"project","link":"https:\/\/www.defensoria.gob.ec\/?project=loja-se-evalua-a-consultorios-juridicos-gratuitos","title":{"rendered":"Loja: Se eval\u00faa a Consultorios Jur\u00eddicos Gratuitos"},"content":{"rendered":"\n[et_pb_section fb_built=\u00bb1&#8243; _builder_version=\u00bb3.26.3&#8243;][et_pb_row _builder_version=\u00bb3.26.3&#8243; column_structure=\u00bb3_4,1_4&#8243;][et_pb_column _builder_version=\u00bb3.26.3&#8243; type=\u00bb3_4&#8243;][et_pb_post_title _builder_version=\u00bb3.26.3&#8243; meta=\u00bboff\u00bb featured_image=\u00bboff\u00bb][\/et_pb_post_title][et_pb_text _builder_version=\u00bb3.26.3&#8243;]<p style=\"text-align: justify;\">La Defensor\u00eda P\u00fablica del Ecuador pone en marcha el plan de visita para la evaluaci\u00f3n integral a los Consultorios Jur\u00eddicos Gratuitos (CJG) conforme los indicativos y est\u00e1ndares de calidad establecidos por la instituci\u00f3n. El 24 de julio, el CJG de la Universidad Nacional de Loja, recibi\u00f3 la visita t\u00e9cnica de la Defensora P\u00fablica provincial de Loja, Mar\u00eda Cristina Meneses en compa\u00f1\u00eda del rector de la Universidad, Nikolay Aguirre y equipo de trabajo de la Defensor\u00eda.<\/p>\n<p style=\"text-align: justify;\">Durante la jornada se verific\u00f3 el cumplimiento de los requisitos establecidos en el reglamento e instructivo de acreditaci\u00f3n de los Consultorios, con el objetivo de asegurar la calidad del servicio.<\/p>\n<p style=\"text-align: justify;\">\u00a0La Defensora P\u00fablica de Loja indic\u00f3\u00a0 \u201cque gracias al trabajo articulado se brinda a la ciudadan\u00eda asesor\u00eda legal o patrocinio garantizando su derecho a la defensa\u201d. En los CJG se\u00a0 atienden las materias: Penal, V\u00edctimas, Laboral y Ni\u00f1ez y Adolescencia.<\/p>\n<p style=\"text-align: justify;\">El 23 de julio, la autoridad provincial de la Defensor\u00eda P\u00fablica de Loja,\u00a0 mantuvo una\u00a0 reuni\u00f3n de trabajo con el Director del Centro de Privaci\u00f3n de Libertad de Personas Adultas, con la finalidad de establecer acciones conjuntas en beneficio de las personas privadas de libertad. Entre los compromisos asumidos est\u00e1 \u00a0la verificaci\u00f3n a los tr\u00e1mites de r\u00e9gimen penitenciario.<\/p>\n<p style=\"text-align: justify;\">En otro tema informativo, el personal de la \u00a0Defensor\u00eda \u00a0P\u00fablica del cant\u00f3n Celica, brind\u00f3 una capacitaci\u00f3n a estudiantes de la Escuela Braulio Varillas, sobre delitos sexuales. Durante el encuentro los estudiantes aprendieron sobre las formas de violencia, que se necesita para hacer una denuncia y conocieron c\u00f3mo act\u00faa la instituci\u00f3n frente a casos de violencia.<\/p>\n[\/et_pb_text][et_pb_gallery _builder_version=\u00bb3.26.3&#8243; gallery_ids=\u00bb5522,5521,5520&#8243;][\/et_pb_gallery][\/et_pb_column][et_pb_column _builder_version=\u00bb3.26.3&#8243; type=\u00bb1_4&#8243;][et_pb_sidebar _builder_version=\u00bb3.26.3&#8243;][\/et_pb_sidebar][\/et_pb_column][\/et_pb_row][\/et_pb_section]\n","protected":false},"excerpt":{"rendered":"<p>La Defensor\u00eda P\u00fablica del Ecuador pone en marcha el plan de visita para la evaluaci\u00f3n integral a los Consultorios Jur\u00eddicos Gratuitos (CJG) conforme los indicativos y est\u00e1ndares de calidad establecidos [&hellip;]<\/p>\n","protected":false},"author":1,"featured_media":5520,"comment_status":"open","ping_status":"closed","template":"","meta":{"_et_pb_use_builder":"on","_et_pb_old_content":"","_et_gb_content_width":"","footnotes":""},"project_category":[6,5],"project_tag":[],"class_list":["post-5519","project","type-project","status-publish","has-post-thumbnail","hentry","project_category-cjg","project_category-noticias"],"_links":{"self":[{"href":"https:\/\/www.defensoria.gob.ec\/index.php?rest_route=\/wp\/v2\/project\/5519","targetHints":{"allow":["GET"]}}],"collection":[{"href":"https:\/\/www.defensoria.gob.ec\/index.php?rest_route=\/wp\/v2\/project"}],"about":[{"href":"https:\/\/www.defensoria.gob.ec\/index.php?rest_route=\/wp\/v2\/types\/project"}],"author":[{"embeddable":true,"href":"https:\/\/www.defensoria.gob.ec\/index.php?rest_route=\/wp\/v2\/users\/1"}],"replies":[{"embeddable":true,"href":"https:\/\/www.defensoria.gob.ec\/index.php?rest_route=%2Fwp%2Fv2%2Fcomments&post=5519"}],"version-history":[{"count":0,"href":"https:\/\/www.defensoria.gob.ec\/index.php?rest_route=\/wp\/v2\/project\/5519\/revisions"}],"wp:featuredmedia":[{"embeddable":true,"href":"https:\/\/www.defensoria.gob.ec\/index.php?rest_route=\/wp\/v2\/media\/5520"}],"wp:attachment":[{"href":"https:\/\/www.defensoria.gob.ec\/index.php?rest_route=%2Fwp%2Fv2%2Fmedia&parent=5519"}],"wp:term":[{"taxonomy":"project_category","embeddable":true,"href":"https:\/\/www.defensoria.gob.ec\/index.php?rest_route=%2Fwp%2Fv2%2Fproject_category&post=5519"},{"taxonomy":"project_tag","embeddable":true,"href":"https:\/\/www.defensoria.gob.ec\/index.php?rest_route=%2Fwp%2Fv2%2Fproject_tag&post=5519"}],"curies":[{"name":"wp","href":"https:\/\/api.w.org\/{rel}","templated":true}]}}

Loja: Se evalúa a Consultorios Jurídicos Gratuitos

[et_pb_section fb_built=»1&#8243; _builder_version=»3.26.3&#8243;][et_pb_row _builder_version=»3.26.3&#8243; column_structure=»3_4,1_4&#8243;][et_pb_column _builder_version=»3.26.3&#8243; type=»3_4&#8243;][et_pb_post_title _builder_version=»3.26.3&#8243; meta=»off» featured_image=»off»][/et_pb_post_title][et_pb_text _builder_version=»3.26.3&#8243;]<p style="text-align: justify;">La Defensoría Pública del Ecuador pone en marcha el plan de visita para la evaluación integral a los Consultorios Jurídicos Gratuitos (CJG) conforme los indicativos y estándares de calidad establecidos por la institución. El 24 de julio, el CJG de la Universidad Nacional de Loja, recibió la visita técnica de la Defensora Pública provincial de Loja, María Cristina Meneses en compañía del rector de la Universidad, Nikolay Aguirre y equipo de trabajo de la Defensoría.</p>
<p style="text-align: justify;">Durante la jornada se verificó el cumplimiento de los requisitos establecidos en el reglamento e instructivo de acreditación de los Consultorios, con el objetivo de asegurar la calidad del servicio.</p>
<p style="text-align: justify;"> La Defensora Pública de Loja indicó  “que gracias al trabajo articulado se brinda a la ciudadanía asesoría legal o patrocinio garantizando su derecho a la defensa”. En los CJG se  atienden las materias: Penal, Víctimas, Laboral y Niñez y Adolescencia.</p>
<p style="text-align: justify;">El 23 de julio, la autoridad provincial de la Defensoría Pública de Loja,  mantuvo una  reunión de trabajo con el Director del Centro de Privación de Libertad de Personas Adultas, con la finalidad de establecer acciones conjuntas en beneficio de las personas privadas de libertad. Entre los compromisos asumidos está  la verificación a los trámites de régimen penitenciario.</p>
<p style="text-align: justify;">En otro tema informativo, el personal de la  Defensoría  Pública del cantón Celica, brindó una capacitación a estudiantes de la Escuela Braulio Varillas, sobre delitos sexuales. Durante el encuentro los estudiantes aprendieron sobre las formas de violencia, que se necesita para hacer una denuncia y conocieron cómo actúa la institución frente a casos de violencia.</p>
[/et_pb_text][et_pb_gallery _builder_version=»3.26.3&#8243; gallery_ids=»5522,5521,5520&#8243;][/et_pb_gallery][/et_pb_column][et_pb_column _builder_version=»3.26.3&#8243; type=»1_4&#8243;][et_pb_sidebar _builder_version=»3.26.3&#8243;][/et_pb_sidebar][/et_pb_column][/et_pb_row][/et_pb_section]

<p>La Defensoría Pública del Ecuador pone en marcha el plan de visita para la evaluación integral a los Consultorios Jurídicos Gratuitos (CJG) conforme los indicativos y estándares de calidad establecidos [&hellip;]</p>
