{"id":5488,"date":"2019-07-23T22:03:16","date_gmt":"2019-07-23T22:03:16","guid":{"rendered":"https:\/\/www.defensoria.gob.ec\/?post_type=project&#038;p=5488"},"modified":"2019-07-23T22:03:16","modified_gmt":"2019-07-23T22:03:16","slug":"sin-justicia-independiente-no-hay-estado-de-derecho","status":"publish","type":"project","link":"https:\/\/www.defensoria.gob.ec\/?project=sin-justicia-independiente-no-hay-estado-de-derecho","title":{"rendered":"Sin Justicia independiente, no hay Estado de Derecho"},"content":{"rendered":"<p>[et_pb_section fb_built=\u00bb1&#8243; _builder_version=\u00bb3.26.3&#8243;][et_pb_row _builder_version=\u00bb3.26.3&#8243;][et_pb_column _builder_version=\u00bb3.26.3&#8243; type=\u00bb4_4&#8243;][et_pb_post_title _builder_version=\u00bb3.26.3&#8243; meta=\u00bboff\u00bb featured_image=\u00bboff\u00bb][\/et_pb_post_title][et_pb_text _builder_version=\u00bb3.26.3&#8243;]<\/p>\n<p style=\"text-align: justify;\">El Defensor P\u00fablico General (e), Dr. \u00c1ngel Torres, particip\u00f3 en la conferencia: \u201cIndependencia judicial a la luz de los criterios emitidos por la Corte Interamericana de Derechos Humanos CIDH, cuyo expositor fue el Magistrado Ricardo P\u00e9rez Manrique, Juez de la CIDH.<\/p>\n<p style=\"text-align: justify;\">Previo a la conferencia, la presidenta de la Corte Nacional de Justicia, Dra. Paulina Aguirre, dijo que la Declaraci\u00f3n de Derechos Humanos, reconoce como derecho de toda persona ser escuchada ante un tribunal independiente e imparcial y la Constituci\u00f3n de la Rep\u00fablica del Ecuador\u00a0 garantiza que los \u00f3rganos de la\u00a0 Funci\u00f3n Judicial, \u00a0gozar\u00e1n de independencia interna y externa. \u00a0Por lo tanto, dijo la Dra. Aguirre, los jueces debemos gozar de la garant\u00eda de independencia y ejercer de manera libre nuestras labores en el marco de la Constituci\u00f3n, las leyes \u00a0y los m\u00e9ritos del proceso. Es muy importante, dijo, escuchar al Dr. P\u00e9rez Manrique, \u00a0sus criterios sobre los est\u00e1ndares internacionales que garantizan la independencia judicial.<\/p>\n<p style=\"text-align: justify;\">El conferencista inici\u00f3 su intervenci\u00f3n, con la aseveraci\u00f3n\u00a0 \u201cSin justicia independiente, no hay Estado de Derecho\u201d. \u00a0Que\u00a0 jueces y juezas trabajen en forma independiente e imparcial, para resolver los problemas jur\u00eddicos, \u00a0es una necesidad de \u00a0toda sociedad, se\u00f1al\u00f3. \u00a0La Carta Democr\u00e1tica Interamericana, firmada por todos los pa\u00edses de la regi\u00f3n habla de la democracia representativa y\u00a0 sus elementos sustanciales\u00a0 son: el respeto a los derechos fundamentales, las \u00a0libertades personales, su acceso al Estado de Derecho y la separaci\u00f3n de los Poderes P\u00fablicos.<\/p>\n<p style=\"text-align: justify;\">El Dr. P\u00e9rez Manrique, sostuvo que no puede haber desarrollo sostenible si no hay sistemas judiciales independientes, abiertos, inclusivos y que rindan cuentas. La independencia e imparcialidad son los principios esenciales de un poder judicial, en el marco de un Estado Democr\u00e1tico, Social de Derechos.<\/p>\n<p style=\"text-align: justify;\">Para su criterio, los sistemas judiciales que abandonan los principios de independencia e imparcialidad y se unen a los cabildeos pol\u00edticos, se convierten en factores decisivos de impunidad en los casos de crimen organizado, corrupci\u00f3n, violencia y de las diversas violaciones de los Derechos Humanos.<\/p>\n<p style=\"text-align: justify;\">Inform\u00f3 que en las Naciones Unidas, se cre\u00f3 una relator\u00eda especial, encargada de evaluar las condiciones de imparcialidad de la justicia en cada pa\u00eds, en los pr\u00f3ximos d\u00edas saldr\u00e1 su primer informe.<\/p>\n<p>[\/et_pb_text][et_pb_gallery _builder_version=\u00bb3.26.3&#8243; gallery_ids=\u00bb5489&#8243;][\/et_pb_gallery][\/et_pb_column][\/et_pb_row][\/et_pb_section]<\/p>\n","protected":false},"excerpt":{"rendered":"<p>El Defensor P\u00fablico General (e), Dr. \u00c1ngel Torres, particip\u00f3 en la conferencia: \u201cIndependencia judicial a la luz de los criterios emitidos por la Corte Interamericana de Derechos Humanos CIDH, cuyo [&hellip;]<\/p>\n","protected":false},"author":1,"featured_media":5489,"comment_status":"open","ping_status":"closed","template":"","meta":{"_et_pb_use_builder":"on","_et_pb_old_content":"","_et_gb_content_width":"","footnotes":""},"project_category":[5],"project_tag":[],"class_list":["post-5488","project","type-project","status-publish","has-post-thumbnail","hentry","project_category-noticias"],"_links":{"self":[{"href":"https:\/\/www.defensoria.gob.ec\/index.php?rest_route=\/wp\/v2\/project\/5488","targetHints":{"allow":["GET"]}}],"collection":[{"href":"https:\/\/www.defensoria.gob.ec\/index.php?rest_route=\/wp\/v2\/project"}],"about":[{"href":"https:\/\/www.defensoria.gob.ec\/index.php?rest_route=\/wp\/v2\/types\/project"}],"author":[{"embeddable":true,"href":"https:\/\/www.defensoria.gob.ec\/index.php?rest_route=\/wp\/v2\/users\/1"}],"replies":[{"embeddable":true,"href":"https:\/\/www.defensoria.gob.ec\/index.php?rest_route=%2Fwp%2Fv2%2Fcomments&post=5488"}],"version-history":[{"count":0,"href":"https:\/\/www.defensoria.gob.ec\/index.php?rest_route=\/wp\/v2\/project\/5488\/revisions"}],"wp:featuredmedia":[{"embeddable":true,"href":"https:\/\/www.defensoria.gob.ec\/index.php?rest_route=\/wp\/v2\/media\/5489"}],"wp:attachment":[{"href":"https:\/\/www.defensoria.gob.ec\/index.php?rest_route=%2Fwp%2Fv2%2Fmedia&parent=5488"}],"wp:term":[{"taxonomy":"project_category","embeddable":true,"href":"https:\/\/www.defensoria.gob.ec\/index.php?rest_route=%2Fwp%2Fv2%2Fproject_category&post=5488"},{"taxonomy":"project_tag","embeddable":true,"href":"https:\/\/www.defensoria.gob.ec\/index.php?rest_route=%2Fwp%2Fv2%2Fproject_tag&post=5488"}],"curies":[{"name":"wp","href":"https:\/\/api.w.org\/{rel}","templated":true}]}}

<p>[et_pb_section fb_built=»1&#8243; _builder_version=»3.26.3&#8243;][et_pb_row _builder_version=»3.26.3&#8243;][et_pb_column _builder_version=»3.26.3&#8243; type=»4_4&#8243;][et_pb_post_title _builder_version=»3.26.3&#8243; meta=»off» featured_image=»off»][/et_pb_post_title][et_pb_text _builder_version=»3.26.3&#8243;]</p>
<p style="text-align: justify;">El Defensor Público General (e), Dr. Ángel Torres, participó en la conferencia: “Independencia judicial a la luz de los criterios emitidos por la Corte Interamericana de Derechos Humanos CIDH, cuyo expositor fue el Magistrado Ricardo Pérez Manrique, Juez de la CIDH.</p>
<p style="text-align: justify;">Previo a la conferencia, la presidenta de la Corte Nacional de Justicia, Dra. Paulina Aguirre, dijo que la Declaración de Derechos Humanos, reconoce como derecho de toda persona ser escuchada ante un tribunal independiente e imparcial y la Constitución de la República del Ecuador  garantiza que los órganos de la  Función Judicial,  gozarán de independencia interna y externa.  Por lo tanto, dijo la Dra. Aguirre, los jueces debemos gozar de la garantía de independencia y ejercer de manera libre nuestras labores en el marco de la Constitución, las leyes  y los méritos del proceso. Es muy importante, dijo, escuchar al Dr. Pérez Manrique,  sus criterios sobre los estándares internacionales que garantizan la independencia judicial.</p>
<p style="text-align: justify;">El conferencista inició su intervención, con la aseveración  “Sin justicia independiente, no hay Estado de Derecho”.  Que  jueces y juezas trabajen en forma independiente e imparcial, para resolver los problemas jurídicos,  es una necesidad de  toda sociedad, señaló.  La Carta Democrática Interamericana, firmada por todos los países de la región habla de la democracia representativa y  sus elementos sustanciales  son: el respeto a los derechos fundamentales, las  libertades personales, su acceso al Estado de Derecho y la separación de los Poderes Públicos.</p>
<p style="text-align: justify;">El Dr. Pérez Manrique, sostuvo que no puede haber desarrollo sostenible si no hay sistemas judiciales independientes, abiertos, inclusivos y que rindan cuentas. La independencia e imparcialidad son los principios esenciales de un poder judicial, en el marco de un Estado Democrático, Social de Derechos.</p>
<p style="text-align: justify;">Para su criterio, los sistemas judiciales que abandonan los principios de independencia e imparcialidad y se unen a los cabildeos políticos, se convierten en factores decisivos de impunidad en los casos de crimen organizado, corrupción, violencia y de las diversas violaciones de los Derechos Humanos.</p>
<p style="text-align: justify;">Informó que en las Naciones Unidas, se creó una relatoría especial, encargada de evaluar las condiciones de imparcialidad de la justicia en cada país, en los próximos días saldrá su primer informe.</p>
<p>[/et_pb_text][et_pb_gallery _builder_version=»3.26.3&#8243; gallery_ids=»5489&#8243;][/et_pb_gallery][/et_pb_column][/et_pb_row][/et_pb_section]</p>

<p>El Defensor Público General (e), Dr. Ángel Torres, participó en la conferencia: “Independencia judicial a la luz de los criterios emitidos por la Corte Interamericana de Derechos Humanos CIDH, cuyo [&hellip;]</p>
