{"id":5397,"date":"2019-07-18T21:52:20","date_gmt":"2019-07-18T21:52:20","guid":{"rendered":"https:\/\/www.defensoria.gob.ec\/?post_type=project&#038;p=5397"},"modified":"2019-07-18T21:52:20","modified_gmt":"2019-07-18T21:52:20","slug":"esmeraldas-a-traves-de-una-casa-abierta-estudiantes-conocen-sus-derechos","status":"publish","type":"project","link":"https:\/\/www.defensoria.gob.ec\/?project=esmeraldas-a-traves-de-una-casa-abierta-estudiantes-conocen-sus-derechos","title":{"rendered":"Esmeraldas: A trav\u00e9s de una casa abierta estudiantes conocen sus derechos"},"content":{"rendered":"<p>[et_pb_section fb_built=\u00bb1&#8243; _builder_version=\u00bb3.26.3&#8243;][et_pb_row _builder_version=\u00bb3.26.3&#8243; column_structure=\u00bb3_4,1_4&#8243;][et_pb_column _builder_version=\u00bb3.26.3&#8243; type=\u00bb3_4&#8243;][et_pb_post_title _builder_version=\u00bb3.26.3&#8243; meta=\u00bboff\u00bb featured_image=\u00bboff\u00bb][\/et_pb_post_title][et_pb_text _builder_version=\u00bb3.26.3&#8243;]<\/p>\n<p style=\"text-align: justify;\">El 5 de julio, la Defensor\u00eda P\u00fablica de Esmeraldas particip\u00f3 en una casa abierta, en la que dieron conocer a los j\u00f3venes sobre sus derechos. El evento estuvo dirigido a estudiantes y docentes de la Unidad Educativa del Milenio y fue organizado por la Municipalidad de Esmeraldas en coordinaci\u00f3n con la Gobernaci\u00f3n.<\/p>\n<p style=\"text-align: justify;\">Durante el evento el Defensor P\u00fablico de la provincia de Esmeraldas, Freddy Cuero, manifest\u00f3 que estos espacios permiten reflexionar a los j\u00f3venes sobre la importancia del respeto en el \u00e1mbito familiar y sobre la igualdad de g\u00e9nero.\u00a0 Hizo un llamado a los participantes a no guardar silencio si son v\u00edctimas de violencia.<\/p>\n<p style=\"text-align: justify;\">Adem\u00e1s, inform\u00f3 sobre \u00a0los servicios gratuitos\u00a0 que presta la Instituci\u00f3n y les indic\u00f3 c\u00f3mo actuar frente a esta problem\u00e1tica social. \u201cContamos con un equipo de profesionales preparados para atender a las v\u00edctimas.\u201d<\/p>\n<p style=\"text-align: justify;\">El acto cont\u00f3 con la participaci\u00f3n de la Gobernaci\u00f3n de la provincia de Esmeraldas, Consejo Cantonal de Protecci\u00f3n de Derechos del Municipio, DINAPEN, autoridades de la Unidad Educativa Milenio, DINAPEN y Defensor\u00eda P\u00fablica.<\/p>\n<p>[\/et_pb_text][et_pb_gallery _builder_version=\u00bb3.26.3&#8243; gallery_ids=\u00bb5398&#8243;][\/et_pb_gallery][\/et_pb_column][et_pb_column _builder_version=\u00bb3.26.3&#8243; type=\u00bb1_4&#8243;][et_pb_sidebar _builder_version=\u00bb3.26.3&#8243;][\/et_pb_sidebar][\/et_pb_column][\/et_pb_row][\/et_pb_section]<\/p>\n","protected":false},"excerpt":{"rendered":"<p>El 5 de julio, la Defensor\u00eda P\u00fablica de Esmeraldas particip\u00f3 en una casa abierta, en la que dieron conocer a los j\u00f3venes sobre sus derechos. El evento estuvo dirigido a [&hellip;]<\/p>\n","protected":false},"author":1,"featured_media":5398,"comment_status":"open","ping_status":"closed","template":"","meta":{"_et_pb_use_builder":"on","_et_pb_old_content":"","_et_gb_content_width":"","footnotes":""},"project_category":[8,5],"project_tag":[],"class_list":["post-5397","project","type-project","status-publish","has-post-thumbnail","hentry","project_category-cerca-a-ti","project_category-noticias"],"_links":{"self":[{"href":"https:\/\/www.defensoria.gob.ec\/index.php?rest_route=\/wp\/v2\/project\/5397","targetHints":{"allow":["GET"]}}],"collection":[{"href":"https:\/\/www.defensoria.gob.ec\/index.php?rest_route=\/wp\/v2\/project"}],"about":[{"href":"https:\/\/www.defensoria.gob.ec\/index.php?rest_route=\/wp\/v2\/types\/project"}],"author":[{"embeddable":true,"href":"https:\/\/www.defensoria.gob.ec\/index.php?rest_route=\/wp\/v2\/users\/1"}],"replies":[{"embeddable":true,"href":"https:\/\/www.defensoria.gob.ec\/index.php?rest_route=%2Fwp%2Fv2%2Fcomments&post=5397"}],"version-history":[{"count":0,"href":"https:\/\/www.defensoria.gob.ec\/index.php?rest_route=\/wp\/v2\/project\/5397\/revisions"}],"wp:featuredmedia":[{"embeddable":true,"href":"https:\/\/www.defensoria.gob.ec\/index.php?rest_route=\/wp\/v2\/media\/5398"}],"wp:attachment":[{"href":"https:\/\/www.defensoria.gob.ec\/index.php?rest_route=%2Fwp%2Fv2%2Fmedia&parent=5397"}],"wp:term":[{"taxonomy":"project_category","embeddable":true,"href":"https:\/\/www.defensoria.gob.ec\/index.php?rest_route=%2Fwp%2Fv2%2Fproject_category&post=5397"},{"taxonomy":"project_tag","embeddable":true,"href":"https:\/\/www.defensoria.gob.ec\/index.php?rest_route=%2Fwp%2Fv2%2Fproject_tag&post=5397"}],"curies":[{"name":"wp","href":"https:\/\/api.w.org\/{rel}","templated":true}]}}

Esmeraldas: A través de una casa abierta estudiantes conocen sus derechos

<p>[et_pb_section fb_built=»1&#8243; _builder_version=»3.26.3&#8243;][et_pb_row _builder_version=»3.26.3&#8243; column_structure=»3_4,1_4&#8243;][et_pb_column _builder_version=»3.26.3&#8243; type=»3_4&#8243;][et_pb_post_title _builder_version=»3.26.3&#8243; meta=»off» featured_image=»off»][/et_pb_post_title][et_pb_text _builder_version=»3.26.3&#8243;]</p>
<p style="text-align: justify;">El 5 de julio, la Defensoría Pública de Esmeraldas participó en una casa abierta, en la que dieron conocer a los jóvenes sobre sus derechos. El evento estuvo dirigido a estudiantes y docentes de la Unidad Educativa del Milenio y fue organizado por la Municipalidad de Esmeraldas en coordinación con la Gobernación.</p>
<p style="text-align: justify;">Durante el evento el Defensor Público de la provincia de Esmeraldas, Freddy Cuero, manifestó que estos espacios permiten reflexionar a los jóvenes sobre la importancia del respeto en el ámbito familiar y sobre la igualdad de género.  Hizo un llamado a los participantes a no guardar silencio si son víctimas de violencia.</p>
<p style="text-align: justify;">Además, informó sobre  los servicios gratuitos  que presta la Institución y les indicó cómo actuar frente a esta problemática social. “Contamos con un equipo de profesionales preparados para atender a las víctimas.”</p>
<p style="text-align: justify;">El acto contó con la participación de la Gobernación de la provincia de Esmeraldas, Consejo Cantonal de Protección de Derechos del Municipio, DINAPEN, autoridades de la Unidad Educativa Milenio, DINAPEN y Defensoría Pública.</p>
<p>[/et_pb_text][et_pb_gallery _builder_version=»3.26.3&#8243; gallery_ids=»5398&#8243;][/et_pb_gallery][/et_pb_column][et_pb_column _builder_version=»3.26.3&#8243; type=»1_4&#8243;][et_pb_sidebar _builder_version=»3.26.3&#8243;][/et_pb_sidebar][/et_pb_column][/et_pb_row][/et_pb_section]</p>

<p>El 5 de julio, la Defensoría Pública de Esmeraldas participó en una casa abierta, en la que dieron conocer a los jóvenes sobre sus derechos. El evento estuvo dirigido a [&hellip;]</p>
