{"id":5355,"date":"2019-07-16T21:22:31","date_gmt":"2019-07-16T21:22:31","guid":{"rendered":"https:\/\/www.defensoria.gob.ec\/?post_type=project&#038;p=5355"},"modified":"2019-07-17T13:32:56","modified_gmt":"2019-07-17T13:32:56","slug":"tungurahua-se-realizo-difusion-de-servicios-en-feria-de-seguridad","status":"publish","type":"project","link":"https:\/\/www.defensoria.gob.ec\/?project=tungurahua-se-realizo-difusion-de-servicios-en-feria-de-seguridad","title":{"rendered":"Tungurahua: Se realiz\u00f3 difusi\u00f3n de servicios en Feria de Seguridad"},"content":{"rendered":"<p>[et_pb_section fb_built=\u00bb1&#8243; _builder_version=\u00bb3.26.1&#8243;][et_pb_row column_structure=\u00bb3_4,1_4&#8243; _builder_version=\u00bb3.26.1&#8243;][et_pb_column type=\u00bb3_4&#8243; _builder_version=\u00bb3.26.1&#8243;][et_pb_post_title meta=\u00bboff\u00bb featured_image=\u00bboff\u00bb _builder_version=\u00bb3.26.1&#8243;][\/et_pb_post_title][et_pb_text _builder_version=\u00bb3.26.1&#8243;]<\/p>\n<p style=\"text-align: justify;\">La Defensora P\u00fablica, Alexandra Navas y el asistente legal, Willian Angulo, participaron, el 15 de julio, en la Feria de Seguridad, organizada por la Subzona\u00a0 No. 18 de la Polic\u00eda Nacional. El evento se desarroll\u00f3 en el parque \u00abLa Laguna\u00bb de la ciudad de Ambato.<\/p>\n<p style=\"text-align: justify;\">Los ciudadanos conocieron los servicios gratuitos que entrega la Defensor\u00eda P\u00fablica. Como las asesor\u00edas y patrocinios judiciales. \u00a0Est\u00e1 prevista para los pr\u00f3ximos d\u00edas, otra feria informativa en el barrio Ingahurco Bajo.<\/p>\n<p>[\/et_pb_text][et_pb_gallery gallery_ids=\u00bb5357,5356&#8243; _builder_version=\u00bb3.26.1&#8243;][\/et_pb_gallery][\/et_pb_column][et_pb_column type=\u00bb1_4&#8243; _builder_version=\u00bb3.26.1&#8243;][et_pb_sidebar _builder_version=\u00bb3.26.1&#8243;][\/et_pb_sidebar][\/et_pb_column][\/et_pb_row][\/et_pb_section]<\/p>\n","protected":false},"excerpt":{"rendered":"<p>La Defensora P\u00fablica, Alexandra Navas y el asistente legal, Willian Angulo, participaron, el 15 de julio, en la Feria de Seguridad, organizada por la Subzona\u00a0 No. 18 de la Polic\u00eda [&hellip;]<\/p>\n","protected":false},"author":1,"featured_media":5356,"comment_status":"open","ping_status":"closed","template":"","meta":{"_et_pb_use_builder":"on","_et_pb_old_content":"","_et_gb_content_width":"","footnotes":""},"project_category":[8,5],"project_tag":[],"class_list":["post-5355","project","type-project","status-publish","has-post-thumbnail","hentry","project_category-cerca-a-ti","project_category-noticias"],"_links":{"self":[{"href":"https:\/\/www.defensoria.gob.ec\/index.php?rest_route=\/wp\/v2\/project\/5355","targetHints":{"allow":["GET"]}}],"collection":[{"href":"https:\/\/www.defensoria.gob.ec\/index.php?rest_route=\/wp\/v2\/project"}],"about":[{"href":"https:\/\/www.defensoria.gob.ec\/index.php?rest_route=\/wp\/v2\/types\/project"}],"author":[{"embeddable":true,"href":"https:\/\/www.defensoria.gob.ec\/index.php?rest_route=\/wp\/v2\/users\/1"}],"replies":[{"embeddable":true,"href":"https:\/\/www.defensoria.gob.ec\/index.php?rest_route=%2Fwp%2Fv2%2Fcomments&post=5355"}],"version-history":[{"count":0,"href":"https:\/\/www.defensoria.gob.ec\/index.php?rest_route=\/wp\/v2\/project\/5355\/revisions"}],"wp:featuredmedia":[{"embeddable":true,"href":"https:\/\/www.defensoria.gob.ec\/index.php?rest_route=\/wp\/v2\/media\/5356"}],"wp:attachment":[{"href":"https:\/\/www.defensoria.gob.ec\/index.php?rest_route=%2Fwp%2Fv2%2Fmedia&parent=5355"}],"wp:term":[{"taxonomy":"project_category","embeddable":true,"href":"https:\/\/www.defensoria.gob.ec\/index.php?rest_route=%2Fwp%2Fv2%2Fproject_category&post=5355"},{"taxonomy":"project_tag","embeddable":true,"href":"https:\/\/www.defensoria.gob.ec\/index.php?rest_route=%2Fwp%2Fv2%2Fproject_tag&post=5355"}],"curies":[{"name":"wp","href":"https:\/\/api.w.org\/{rel}","templated":true}]}}

Tungurahua: Se realizó difusión de servicios en Feria de Seguridad

<p>[et_pb_section fb_built=»1&#8243; _builder_version=»3.26.1&#8243;][et_pb_row column_structure=»3_4,1_4&#8243; _builder_version=»3.26.1&#8243;][et_pb_column type=»3_4&#8243; _builder_version=»3.26.1&#8243;][et_pb_post_title meta=»off» featured_image=»off» _builder_version=»3.26.1&#8243;][/et_pb_post_title][et_pb_text _builder_version=»3.26.1&#8243;]</p>
<p style="text-align: justify;">La Defensora Pública, Alexandra Navas y el asistente legal, Willian Angulo, participaron, el 15 de julio, en la Feria de Seguridad, organizada por la Subzona  No. 18 de la Policía Nacional. El evento se desarrolló en el parque «La Laguna» de la ciudad de Ambato.</p>
<p style="text-align: justify;">Los ciudadanos conocieron los servicios gratuitos que entrega la Defensoría Pública. Como las asesorías y patrocinios judiciales.  Está prevista para los próximos días, otra feria informativa en el barrio Ingahurco Bajo.</p>
<p>[/et_pb_text][et_pb_gallery gallery_ids=»5357,5356&#8243; _builder_version=»3.26.1&#8243;][/et_pb_gallery][/et_pb_column][et_pb_column type=»1_4&#8243; _builder_version=»3.26.1&#8243;][et_pb_sidebar _builder_version=»3.26.1&#8243;][/et_pb_sidebar][/et_pb_column][/et_pb_row][/et_pb_section]</p>

<p>La Defensora Pública, Alexandra Navas y el asistente legal, Willian Angulo, participaron, el 15 de julio, en la Feria de Seguridad, organizada por la Subzona  No. 18 de la Policía [&hellip;]</p>
