{"id":5348,"date":"2019-07-16T21:19:29","date_gmt":"2019-07-16T21:19:29","guid":{"rendered":"https:\/\/www.defensoria.gob.ec\/?post_type=project&#038;p=5348"},"modified":"2019-07-16T21:19:29","modified_gmt":"2019-07-16T21:19:29","slug":"regional-del-austro-visito-loja-morona-santiago-y-pastaza","status":"publish","type":"project","link":"https:\/\/www.defensoria.gob.ec\/?project=regional-del-austro-visito-loja-morona-santiago-y-pastaza","title":{"rendered":"Regional del Austro: Visit\u00f3 Loja, Morona Santiago y Pastaza"},"content":{"rendered":"<p>[et_pb_section fb_built=\u00bb1&#8243; _builder_version=\u00bb3.26.1&#8243;][et_pb_row _builder_version=\u00bb3.26.1&#8243; column_structure=\u00bb3_4,1_4&#8243;][et_pb_column _builder_version=\u00bb3.26.1&#8243; type=\u00bb3_4&#8243;][et_pb_post_title _builder_version=\u00bb3.26.1&#8243; meta=\u00bboff\u00bb featured_image=\u00bboff\u00bb][\/et_pb_post_title][et_pb_text _builder_version=\u00bb3.26.1&#8243;]<\/p>\n<p style=\"text-align: justify;\">El Defensor P\u00fablico Regional del Austro, Mauricio V\u00e1squez, visit\u00f3 las provincias de Loja, Morona Santiago y\u00a0 Pastaza.\u00a0<\/p>\n<p style=\"text-align: justify;\">En Loja, el 3 de julio, asisti\u00f3 a la capacitaci\u00f3n del\u00a0 personal misional sobre Movilidad Humana y se reuni\u00f3 con las autoridades de la Universidad T\u00e9cnica Particular de Loja, para revisar el avance del convenio de cooperaci\u00f3n interinstitucional vigente.\u00a0<\/p>\n<p style=\"text-align: justify;\">Entre el 27 y 28 de junio se reuni\u00f3 con el director del Centro de Rehabilitaci\u00f3n Social (CRS) de Morona, ofreci\u00f3 asesor\u00eda legal para las personas privadas de la libertad y mantuvo reuniones con los Defensores P\u00fablicos provinciales y personal misional de la Instituci\u00f3n, \u00a0con el fin de conocer sus necesidades y optimizar recursos para brindar un mejor servicio a los usuarios de Loja, Morona Santiago y Pastaza.<\/p>\n<p>[\/et_pb_text][et_pb_gallery _builder_version=\u00bb3.26.1&#8243; gallery_ids=\u00bb5351,5350,5349&#8243;][\/et_pb_gallery][\/et_pb_column][et_pb_column _builder_version=\u00bb3.26.1&#8243; type=\u00bb1_4&#8243;][et_pb_sidebar _builder_version=\u00bb3.26.1&#8243;][\/et_pb_sidebar][\/et_pb_column][\/et_pb_row][\/et_pb_section]<\/p>\n","protected":false},"excerpt":{"rendered":"<p>El Defensor P\u00fablico Regional del Austro, Mauricio V\u00e1squez, visit\u00f3 las provincias de Loja, Morona Santiago y\u00a0 Pastaza.\u00a0 En Loja, el 3 de julio, asisti\u00f3 a la capacitaci\u00f3n del\u00a0 personal misional [&hellip;]<\/p>\n","protected":false},"author":1,"featured_media":5349,"comment_status":"open","ping_status":"closed","template":"","meta":{"_et_pb_use_builder":"on","_et_pb_old_content":"","_et_gb_content_width":"","footnotes":""},"project_category":[8,5],"project_tag":[],"class_list":["post-5348","project","type-project","status-publish","has-post-thumbnail","hentry","project_category-cerca-a-ti","project_category-noticias"],"_links":{"self":[{"href":"https:\/\/www.defensoria.gob.ec\/index.php?rest_route=\/wp\/v2\/project\/5348","targetHints":{"allow":["GET"]}}],"collection":[{"href":"https:\/\/www.defensoria.gob.ec\/index.php?rest_route=\/wp\/v2\/project"}],"about":[{"href":"https:\/\/www.defensoria.gob.ec\/index.php?rest_route=\/wp\/v2\/types\/project"}],"author":[{"embeddable":true,"href":"https:\/\/www.defensoria.gob.ec\/index.php?rest_route=\/wp\/v2\/users\/1"}],"replies":[{"embeddable":true,"href":"https:\/\/www.defensoria.gob.ec\/index.php?rest_route=%2Fwp%2Fv2%2Fcomments&post=5348"}],"version-history":[{"count":0,"href":"https:\/\/www.defensoria.gob.ec\/index.php?rest_route=\/wp\/v2\/project\/5348\/revisions"}],"wp:featuredmedia":[{"embeddable":true,"href":"https:\/\/www.defensoria.gob.ec\/index.php?rest_route=\/wp\/v2\/media\/5349"}],"wp:attachment":[{"href":"https:\/\/www.defensoria.gob.ec\/index.php?rest_route=%2Fwp%2Fv2%2Fmedia&parent=5348"}],"wp:term":[{"taxonomy":"project_category","embeddable":true,"href":"https:\/\/www.defensoria.gob.ec\/index.php?rest_route=%2Fwp%2Fv2%2Fproject_category&post=5348"},{"taxonomy":"project_tag","embeddable":true,"href":"https:\/\/www.defensoria.gob.ec\/index.php?rest_route=%2Fwp%2Fv2%2Fproject_tag&post=5348"}],"curies":[{"name":"wp","href":"https:\/\/api.w.org\/{rel}","templated":true}]}}

Regional del Austro: Visitó Loja, Morona Santiago y Pastaza

<p>[et_pb_section fb_built=»1&#8243; _builder_version=»3.26.1&#8243;][et_pb_row _builder_version=»3.26.1&#8243; column_structure=»3_4,1_4&#8243;][et_pb_column _builder_version=»3.26.1&#8243; type=»3_4&#8243;][et_pb_post_title _builder_version=»3.26.1&#8243; meta=»off» featured_image=»off»][/et_pb_post_title][et_pb_text _builder_version=»3.26.1&#8243;]</p>
<p style="text-align: justify;">El Defensor Público Regional del Austro, Mauricio Vásquez, visitó las provincias de Loja, Morona Santiago y  Pastaza. </p>
<p style="text-align: justify;">En Loja, el 3 de julio, asistió a la capacitación del  personal misional sobre Movilidad Humana y se reunió con las autoridades de la Universidad Técnica Particular de Loja, para revisar el avance del convenio de cooperación interinstitucional vigente. </p>
<p style="text-align: justify;">Entre el 27 y 28 de junio se reunió con el director del Centro de Rehabilitación Social (CRS) de Morona, ofreció asesoría legal para las personas privadas de la libertad y mantuvo reuniones con los Defensores Públicos provinciales y personal misional de la Institución,  con el fin de conocer sus necesidades y optimizar recursos para brindar un mejor servicio a los usuarios de Loja, Morona Santiago y Pastaza.</p>
<p>[/et_pb_text][et_pb_gallery _builder_version=»3.26.1&#8243; gallery_ids=»5351,5350,5349&#8243;][/et_pb_gallery][/et_pb_column][et_pb_column _builder_version=»3.26.1&#8243; type=»1_4&#8243;][et_pb_sidebar _builder_version=»3.26.1&#8243;][/et_pb_sidebar][/et_pb_column][/et_pb_row][/et_pb_section]</p>

<p>El Defensor Público Regional del Austro, Mauricio Vásquez, visitó las provincias de Loja, Morona Santiago y  Pastaza.  En Loja, el 3 de julio, asistió a la capacitación del  personal misional [&hellip;]</p>
