{"id":5271,"date":"2019-07-11T19:49:46","date_gmt":"2019-07-11T19:49:46","guid":{"rendered":"https:\/\/www.defensoria.gob.ec\/?post_type=project&#038;p=5271"},"modified":"2019-07-11T19:49:46","modified_gmt":"2019-07-11T19:49:46","slug":"carchi-suscripcion-de-convenios-en-favor-de-las-personas-de-grupos-vulnerables","status":"publish","type":"project","link":"https:\/\/www.defensoria.gob.ec\/?project=carchi-suscripcion-de-convenios-en-favor-de-las-personas-de-grupos-vulnerables","title":{"rendered":"Carchi: Suscripci\u00f3n de convenios en favor de las personas de grupos vulnerables"},"content":{"rendered":"<p>[et_pb_section fb_built=\u00bb1&#8243; _builder_version=\u00bb3.25.3&#8243;][et_pb_row column_structure=\u00bb3_4,1_4&#8243; _builder_version=\u00bb3.25.3&#8243;][et_pb_column type=\u00bb3_4&#8243; _builder_version=\u00bb3.25.3&#8243;][et_pb_post_title meta=\u00bboff\u00bb featured_image=\u00bboff\u00bb _builder_version=\u00bb3.25.3&#8243;][\/et_pb_post_title][et_pb_text _builder_version=\u00bb3.25.3&#8243;]<\/p>\n<p style=\"text-align: justify;\">El Defensor P\u00fablico provincial del Carchi, Edison Aldaz, particip\u00f3, el 8 de julio, como testigo de honor en la firma de convenios interinstitucionales, en favor de las personas de grupos vulnerables, suscritos por el Patronato\u00a0 Municipal de Amparo Social de Tulc\u00e1n.<\/p>\n<p style=\"text-align: justify;\">El acto presidido por el alcalde de Tulc\u00e1n, Cristian Benavides, cont\u00f3 con la presencia de concejales y representantes de la alcald\u00eda de Ipiales, de la Gobernaci\u00f3n y de la Direcci\u00f3n Distrital de Ministerio de Inclusi\u00f3n Econ\u00f3mica y Social (MIES).<\/p>\n<p>[\/et_pb_text][et_pb_gallery _builder_version=\u00bb3.25.3&#8243; gallery_ids=\u00bb5272&#8243;][\/et_pb_gallery][\/et_pb_column][et_pb_column type=\u00bb1_4&#8243; _builder_version=\u00bb3.25.3&#8243;][et_pb_sidebar _builder_version=\u00bb3.25.3&#8243;][\/et_pb_sidebar][\/et_pb_column][\/et_pb_row][\/et_pb_section]<\/p>\n","protected":false},"excerpt":{"rendered":"<p>El Defensor P\u00fablico provincial del Carchi, Edison Aldaz, particip\u00f3, el 8 de julio, como testigo de honor en la firma de convenios interinstitucionales, en favor de las personas de grupos [&hellip;]<\/p>\n","protected":false},"author":1,"featured_media":5272,"comment_status":"open","ping_status":"closed","template":"","meta":{"_et_pb_use_builder":"on","_et_pb_old_content":"","_et_gb_content_width":"","footnotes":""},"project_category":[8,5],"project_tag":[],"class_list":["post-5271","project","type-project","status-publish","has-post-thumbnail","hentry","project_category-cerca-a-ti","project_category-noticias"],"_links":{"self":[{"href":"https:\/\/www.defensoria.gob.ec\/index.php?rest_route=\/wp\/v2\/project\/5271","targetHints":{"allow":["GET"]}}],"collection":[{"href":"https:\/\/www.defensoria.gob.ec\/index.php?rest_route=\/wp\/v2\/project"}],"about":[{"href":"https:\/\/www.defensoria.gob.ec\/index.php?rest_route=\/wp\/v2\/types\/project"}],"author":[{"embeddable":true,"href":"https:\/\/www.defensoria.gob.ec\/index.php?rest_route=\/wp\/v2\/users\/1"}],"replies":[{"embeddable":true,"href":"https:\/\/www.defensoria.gob.ec\/index.php?rest_route=%2Fwp%2Fv2%2Fcomments&post=5271"}],"version-history":[{"count":0,"href":"https:\/\/www.defensoria.gob.ec\/index.php?rest_route=\/wp\/v2\/project\/5271\/revisions"}],"wp:featuredmedia":[{"embeddable":true,"href":"https:\/\/www.defensoria.gob.ec\/index.php?rest_route=\/wp\/v2\/media\/5272"}],"wp:attachment":[{"href":"https:\/\/www.defensoria.gob.ec\/index.php?rest_route=%2Fwp%2Fv2%2Fmedia&parent=5271"}],"wp:term":[{"taxonomy":"project_category","embeddable":true,"href":"https:\/\/www.defensoria.gob.ec\/index.php?rest_route=%2Fwp%2Fv2%2Fproject_category&post=5271"},{"taxonomy":"project_tag","embeddable":true,"href":"https:\/\/www.defensoria.gob.ec\/index.php?rest_route=%2Fwp%2Fv2%2Fproject_tag&post=5271"}],"curies":[{"name":"wp","href":"https:\/\/api.w.org\/{rel}","templated":true}]}}

Carchi: Suscripción de convenios en favor de las personas de grupos vulnerables

<p>[et_pb_section fb_built=»1&#8243; _builder_version=»3.25.3&#8243;][et_pb_row column_structure=»3_4,1_4&#8243; _builder_version=»3.25.3&#8243;][et_pb_column type=»3_4&#8243; _builder_version=»3.25.3&#8243;][et_pb_post_title meta=»off» featured_image=»off» _builder_version=»3.25.3&#8243;][/et_pb_post_title][et_pb_text _builder_version=»3.25.3&#8243;]</p>
<p style="text-align: justify;">El Defensor Público provincial del Carchi, Edison Aldaz, participó, el 8 de julio, como testigo de honor en la firma de convenios interinstitucionales, en favor de las personas de grupos vulnerables, suscritos por el Patronato  Municipal de Amparo Social de Tulcán.</p>
<p style="text-align: justify;">El acto presidido por el alcalde de Tulcán, Cristian Benavides, contó con la presencia de concejales y representantes de la alcaldía de Ipiales, de la Gobernación y de la Dirección Distrital de Ministerio de Inclusión Económica y Social (MIES).</p>
<p>[/et_pb_text][et_pb_gallery _builder_version=»3.25.3&#8243; gallery_ids=»5272&#8243;][/et_pb_gallery][/et_pb_column][et_pb_column type=»1_4&#8243; _builder_version=»3.25.3&#8243;][et_pb_sidebar _builder_version=»3.25.3&#8243;][/et_pb_sidebar][/et_pb_column][/et_pb_row][/et_pb_section]</p>

<p>El Defensor Público provincial del Carchi, Edison Aldaz, participó, el 8 de julio, como testigo de honor en la firma de convenios interinstitucionales, en favor de las personas de grupos [&hellip;]</p>
