{"id":5229,"date":"2019-07-09T19:54:23","date_gmt":"2019-07-09T19:54:23","guid":{"rendered":"https:\/\/www.defensoria.gob.ec\/?post_type=project&#038;p=5229"},"modified":"2019-07-09T21:29:12","modified_gmt":"2019-07-09T21:29:12","slug":"tungurahua-se-asignan-defensores-publicos-multicompetentes-para-pelileo-y-pillaro","status":"publish","type":"project","link":"https:\/\/www.defensoria.gob.ec\/?project=tungurahua-se-asignan-defensores-publicos-multicompetentes-para-pelileo-y-pillaro","title":{"rendered":"Tungurahua: Se asignan Defensores P\u00fablicos multicompetentes para Pelileo y P\u00edllaro"},"content":{"rendered":"<p>[et_pb_section fb_built=\u00bb1&#8243; _builder_version=\u00bb3.25.3&#8243;][et_pb_row column_structure=\u00bb3_4,1_4&#8243; _builder_version=\u00bb3.25.3&#8243;][et_pb_column type=\u00bb3_4&#8243; _builder_version=\u00bb3.25.3&#8243;][et_pb_post_title meta=\u00bboff\u00bb featured_image=\u00bboff\u00bb _builder_version=\u00bb3.25.3&#8243;][\/et_pb_post_title][et_pb_text _builder_version=\u00bb3.25.3&#8243;]<\/p>\n<p style=\"text-align: justify;\">El Defensor P\u00fablico provincial de Tungurahua, Santiago\u00a0 Burbano se reuni\u00f3, el 4 y 5 de julio, con los alcaldes de los cantones Pelileo y P\u00edillaro, con el fin de presentar a los\u00a0 defensores p\u00fablicos multicompetentes: Patricia Balladares y Carlos Gavil\u00e1nez, quienes trabajar\u00e1n en estas localidades. Adem\u00e1s, se acord\u00f3 impulsar acciones conjuntas con los GAD Municipales, en materia de Protecci\u00f3n de Derechos de ni\u00f1os, ni\u00f1as y\u00a0 adolescentes.<\/p>\n<p>[\/et_pb_text][et_pb_gallery gallery_ids=\u00bb5231,5230&#8243; _builder_version=\u00bb3.25.3&#8243;][\/et_pb_gallery][\/et_pb_column][et_pb_column type=\u00bb1_4&#8243; _builder_version=\u00bb3.25.3&#8243;][et_pb_sidebar _builder_version=\u00bb3.25.3&#8243;][\/et_pb_sidebar][\/et_pb_column][\/et_pb_row][\/et_pb_section]<\/p>\n","protected":false},"excerpt":{"rendered":"<p>El Defensor P\u00fablico provincial de Tungurahua, Santiago\u00a0 Burbano se reuni\u00f3, el 4 y 5 de julio, con los alcaldes de los cantones Pelileo y P\u00edillaro, con el fin de presentar [&hellip;]<\/p>\n","protected":false},"author":1,"featured_media":5231,"comment_status":"open","ping_status":"closed","template":"","meta":{"_et_pb_use_builder":"on","_et_pb_old_content":"","_et_gb_content_width":"","footnotes":""},"project_category":[8,5],"project_tag":[],"class_list":["post-5229","project","type-project","status-publish","has-post-thumbnail","hentry","project_category-cerca-a-ti","project_category-noticias"],"_links":{"self":[{"href":"https:\/\/www.defensoria.gob.ec\/index.php?rest_route=\/wp\/v2\/project\/5229","targetHints":{"allow":["GET"]}}],"collection":[{"href":"https:\/\/www.defensoria.gob.ec\/index.php?rest_route=\/wp\/v2\/project"}],"about":[{"href":"https:\/\/www.defensoria.gob.ec\/index.php?rest_route=\/wp\/v2\/types\/project"}],"author":[{"embeddable":true,"href":"https:\/\/www.defensoria.gob.ec\/index.php?rest_route=\/wp\/v2\/users\/1"}],"replies":[{"embeddable":true,"href":"https:\/\/www.defensoria.gob.ec\/index.php?rest_route=%2Fwp%2Fv2%2Fcomments&post=5229"}],"version-history":[{"count":0,"href":"https:\/\/www.defensoria.gob.ec\/index.php?rest_route=\/wp\/v2\/project\/5229\/revisions"}],"wp:featuredmedia":[{"embeddable":true,"href":"https:\/\/www.defensoria.gob.ec\/index.php?rest_route=\/wp\/v2\/media\/5231"}],"wp:attachment":[{"href":"https:\/\/www.defensoria.gob.ec\/index.php?rest_route=%2Fwp%2Fv2%2Fmedia&parent=5229"}],"wp:term":[{"taxonomy":"project_category","embeddable":true,"href":"https:\/\/www.defensoria.gob.ec\/index.php?rest_route=%2Fwp%2Fv2%2Fproject_category&post=5229"},{"taxonomy":"project_tag","embeddable":true,"href":"https:\/\/www.defensoria.gob.ec\/index.php?rest_route=%2Fwp%2Fv2%2Fproject_tag&post=5229"}],"curies":[{"name":"wp","href":"https:\/\/api.w.org\/{rel}","templated":true}]}}

Tungurahua: Se asignan Defensores Públicos multicompetentes para Pelileo y Píllaro

<p>[et_pb_section fb_built=»1&#8243; _builder_version=»3.25.3&#8243;][et_pb_row column_structure=»3_4,1_4&#8243; _builder_version=»3.25.3&#8243;][et_pb_column type=»3_4&#8243; _builder_version=»3.25.3&#8243;][et_pb_post_title meta=»off» featured_image=»off» _builder_version=»3.25.3&#8243;][/et_pb_post_title][et_pb_text _builder_version=»3.25.3&#8243;]</p>
<p style="text-align: justify;">El Defensor Público provincial de Tungurahua, Santiago  Burbano se reunió, el 4 y 5 de julio, con los alcaldes de los cantones Pelileo y Píillaro, con el fin de presentar a los  defensores públicos multicompetentes: Patricia Balladares y Carlos Gavilánez, quienes trabajarán en estas localidades. Además, se acordó impulsar acciones conjuntas con los GAD Municipales, en materia de Protección de Derechos de niños, niñas y  adolescentes.</p>
<p>[/et_pb_text][et_pb_gallery gallery_ids=»5231,5230&#8243; _builder_version=»3.25.3&#8243;][/et_pb_gallery][/et_pb_column][et_pb_column type=»1_4&#8243; _builder_version=»3.25.3&#8243;][et_pb_sidebar _builder_version=»3.25.3&#8243;][/et_pb_sidebar][/et_pb_column][/et_pb_row][/et_pb_section]</p>

<p>El Defensor Público provincial de Tungurahua, Santiago  Burbano se reunió, el 4 y 5 de julio, con los alcaldes de los cantones Pelileo y Píillaro, con el fin de presentar [&hellip;]</p>
