{"id":5211,"date":"2019-07-04T22:27:06","date_gmt":"2019-07-04T22:27:06","guid":{"rendered":"https:\/\/www.defensoria.gob.ec\/?post_type=project&#038;p=5211"},"modified":"2019-07-04T22:27:07","modified_gmt":"2019-07-04T22:27:07","slug":"carchi-se-realizaron-visitas-y-reuniones-de-trabajo-en-el-crs-tulcan","status":"publish","type":"project","link":"https:\/\/www.defensoria.gob.ec\/?project=carchi-se-realizaron-visitas-y-reuniones-de-trabajo-en-el-crs-tulcan","title":{"rendered":"Carchi: Se realizaron visitas y reuniones de trabajo en el CRS-Tulc\u00e1n"},"content":{"rendered":"<p>[et_pb_section fb_built=\u00bb1&#8243; _builder_version=\u00bb3.25.3&#8243;][et_pb_row column_structure=\u00bb3_4,1_4&#8243; _builder_version=\u00bb3.25.3&#8243;][et_pb_column type=\u00bb3_4&#8243; _builder_version=\u00bb3.25.3&#8243;][et_pb_post_title meta=\u00bboff\u00bb featured_image=\u00bboff\u00bb _builder_version=\u00bb3.25.3&#8243;][\/et_pb_post_title][et_pb_text _builder_version=\u00bb3.25.3&#8243; text_font=\u00bb||||||||\u00bb text_text_align=\u00bbjustify\u00bb]<\/p>\n<p>Representantes de la Defensor\u00eda P\u00fablica del Carchi asistieron, el 28 de junio, a la feria exposici\u00f3n de artesan\u00edas, manualidades y panader\u00eda organizada por el Centro de Rehabilitaci\u00f3n (CRS) Tulc\u00e1n, como parte del proceso de integraci\u00f3n y reinserci\u00f3n social de las personas privadas de la libertad, que se encuentran con beneficios penitenciarios.<\/p>\n<p>As\u00ed mismo, el 26 de junio, el Defensor P\u00fablico provincial del Carchi, Edison Aldaz, acompa\u00f1ado de su equipo t\u00e9cnico, mantuvo una reuni\u00f3n de trabajo\u00a0 con la directora del CRS-Tulc\u00e1n, Johanna Marcillo, para solicitar un listado de las personas privadas de la libertad (PPL) extranjeras que se encuentran recluidas en este centro.<\/p>\n<p>El objetivo es comunicar\u00a0 a sus respectivas Embajadas el\u00a0 n\u00famero de \u00a0PPL que se encuentran en el Centro de Reclusi\u00f3n ecuatoriana, loa que no han sido visitadas por sus familiares y los que se encuentran \u00a0con enfermedades catastr\u00f3ficas.<\/p>\n<p>[\/et_pb_text][et_pb_gallery _builder_version=\u00bb3.25.3&#8243; gallery_ids=\u00bb5213,5212&#8243;][\/et_pb_gallery][\/et_pb_column][et_pb_column type=\u00bb1_4&#8243; _builder_version=\u00bb3.25.3&#8243;][et_pb_sidebar _builder_version=\u00bb3.25.3&#8243;][\/et_pb_sidebar][\/et_pb_column][\/et_pb_row][\/et_pb_section]<\/p>\n","protected":false},"excerpt":{"rendered":"<p>Representantes de la Defensor\u00eda P\u00fablica del Carchi asistieron, el 28 de junio, a la feria exposici\u00f3n de artesan\u00edas, manualidades y panader\u00eda organizada por el Centro de Rehabilitaci\u00f3n (CRS) Tulc\u00e1n, como [&hellip;]<\/p>\n","protected":false},"author":1,"featured_media":5212,"comment_status":"open","ping_status":"closed","template":"","meta":{"_et_pb_use_builder":"on","_et_pb_old_content":"","_et_gb_content_width":"","footnotes":""},"project_category":[8,5],"project_tag":[],"class_list":["post-5211","project","type-project","status-publish","has-post-thumbnail","hentry","project_category-cerca-a-ti","project_category-noticias"],"_links":{"self":[{"href":"https:\/\/www.defensoria.gob.ec\/index.php?rest_route=\/wp\/v2\/project\/5211","targetHints":{"allow":["GET"]}}],"collection":[{"href":"https:\/\/www.defensoria.gob.ec\/index.php?rest_route=\/wp\/v2\/project"}],"about":[{"href":"https:\/\/www.defensoria.gob.ec\/index.php?rest_route=\/wp\/v2\/types\/project"}],"author":[{"embeddable":true,"href":"https:\/\/www.defensoria.gob.ec\/index.php?rest_route=\/wp\/v2\/users\/1"}],"replies":[{"embeddable":true,"href":"https:\/\/www.defensoria.gob.ec\/index.php?rest_route=%2Fwp%2Fv2%2Fcomments&post=5211"}],"version-history":[{"count":0,"href":"https:\/\/www.defensoria.gob.ec\/index.php?rest_route=\/wp\/v2\/project\/5211\/revisions"}],"wp:featuredmedia":[{"embeddable":true,"href":"https:\/\/www.defensoria.gob.ec\/index.php?rest_route=\/wp\/v2\/media\/5212"}],"wp:attachment":[{"href":"https:\/\/www.defensoria.gob.ec\/index.php?rest_route=%2Fwp%2Fv2%2Fmedia&parent=5211"}],"wp:term":[{"taxonomy":"project_category","embeddable":true,"href":"https:\/\/www.defensoria.gob.ec\/index.php?rest_route=%2Fwp%2Fv2%2Fproject_category&post=5211"},{"taxonomy":"project_tag","embeddable":true,"href":"https:\/\/www.defensoria.gob.ec\/index.php?rest_route=%2Fwp%2Fv2%2Fproject_tag&post=5211"}],"curies":[{"name":"wp","href":"https:\/\/api.w.org\/{rel}","templated":true}]}}

Carchi: Se realizaron visitas y reuniones de trabajo en el CRS-Tulcán

<p>[et_pb_section fb_built=»1&#8243; _builder_version=»3.25.3&#8243;][et_pb_row column_structure=»3_4,1_4&#8243; _builder_version=»3.25.3&#8243;][et_pb_column type=»3_4&#8243; _builder_version=»3.25.3&#8243;][et_pb_post_title meta=»off» featured_image=»off» _builder_version=»3.25.3&#8243;][/et_pb_post_title][et_pb_text _builder_version=»3.25.3&#8243; text_font=»||||||||» text_text_align=»justify»]</p>
<p>Representantes de la Defensoría Pública del Carchi asistieron, el 28 de junio, a la feria exposición de artesanías, manualidades y panadería organizada por el Centro de Rehabilitación (CRS) Tulcán, como parte del proceso de integración y reinserción social de las personas privadas de la libertad, que se encuentran con beneficios penitenciarios.</p>
<p>Así mismo, el 26 de junio, el Defensor Público provincial del Carchi, Edison Aldaz, acompañado de su equipo técnico, mantuvo una reunión de trabajo  con la directora del CRS-Tulcán, Johanna Marcillo, para solicitar un listado de las personas privadas de la libertad (PPL) extranjeras que se encuentran recluidas en este centro.</p>
<p>El objetivo es comunicar  a sus respectivas Embajadas el  número de  PPL que se encuentran en el Centro de Reclusión ecuatoriana, loa que no han sido visitadas por sus familiares y los que se encuentran  con enfermedades catastróficas.</p>
<p>[/et_pb_text][et_pb_gallery _builder_version=»3.25.3&#8243; gallery_ids=»5213,5212&#8243;][/et_pb_gallery][/et_pb_column][et_pb_column type=»1_4&#8243; _builder_version=»3.25.3&#8243;][et_pb_sidebar _builder_version=»3.25.3&#8243;][/et_pb_sidebar][/et_pb_column][/et_pb_row][/et_pb_section]</p>

<p>Representantes de la Defensoría Pública del Carchi asistieron, el 28 de junio, a la feria exposición de artesanías, manualidades y panadería organizada por el Centro de Rehabilitación (CRS) Tulcán, como [&hellip;]</p>
