{"id":5207,"date":"2019-07-04T22:23:28","date_gmt":"2019-07-04T22:23:28","guid":{"rendered":"https:\/\/www.defensoria.gob.ec\/?post_type=project&#038;p=5207"},"modified":"2019-07-04T22:23:28","modified_gmt":"2019-07-04T22:23:28","slug":"sucumbios-feria-ciudadana-en-el-canton-gonzalo-pizarro","status":"publish","type":"project","link":"https:\/\/www.defensoria.gob.ec\/?project=sucumbios-feria-ciudadana-en-el-canton-gonzalo-pizarro","title":{"rendered":"Sucumb\u00edos: Feria ciudadana en el cant\u00f3n Gonzalo Pizarro"},"content":{"rendered":"<p>[et_pb_section fb_built=\u00bb1&#8243; _builder_version=\u00bb3.25.3&#8243;][et_pb_row column_structure=\u00bb3_4,1_4&#8243; _builder_version=\u00bb3.25.3&#8243;][et_pb_column type=\u00bb3_4&#8243; _builder_version=\u00bb3.25.3&#8243;][et_pb_post_title meta=\u00bboff\u00bb featured_image=\u00bboff\u00bb _builder_version=\u00bb3.25.3&#8243;][\/et_pb_post_title][et_pb_text _builder_version=\u00bb3.25.3&#8243; text_font=\u00bb||||||||\u00bb text_text_align=\u00bbjustify\u00bb]<\/p>\n<p>La Defensor\u00eda P\u00fablica de Sucumb\u00edos particip\u00f3, el 29 de junio, en una feria ciudadana en el cant\u00f3n Gonzalo Pizarro, donde se capacit\u00f3 sobre temas de violencia de g\u00e9nero,\u00a0 violencia intrafamiliar \u00a0y\u00a0 se entreg\u00f3 asesor\u00eda legal a pobladores \u00a0de esta localidad.<\/p>\n<p>Personal de la Defensor\u00eda inform\u00f3 sobre los servicios institucionales gratuitos a los que puede acceder toda la ciudadan\u00eda en temas judiciales.<\/p>\n<p>[\/et_pb_text][et_pb_gallery _builder_version=\u00bb3.25.3&#8243; gallery_ids=\u00bb5208&#8243;][\/et_pb_gallery][\/et_pb_column][et_pb_column type=\u00bb1_4&#8243; _builder_version=\u00bb3.25.3&#8243;][et_pb_sidebar _builder_version=\u00bb3.25.3&#8243;][\/et_pb_sidebar][\/et_pb_column][\/et_pb_row][\/et_pb_section]<\/p>\n","protected":false},"excerpt":{"rendered":"<p>La Defensor\u00eda P\u00fablica de Sucumb\u00edos particip\u00f3, el 29 de junio, en una feria ciudadana en el cant\u00f3n Gonzalo Pizarro, donde se capacit\u00f3 sobre temas de violencia de g\u00e9nero,\u00a0 violencia intrafamiliar [&hellip;]<\/p>\n","protected":false},"author":1,"featured_media":5208,"comment_status":"open","ping_status":"closed","template":"","meta":{"_et_pb_use_builder":"on","_et_pb_old_content":"","_et_gb_content_width":"","footnotes":""},"project_category":[8,5],"project_tag":[],"class_list":["post-5207","project","type-project","status-publish","has-post-thumbnail","hentry","project_category-cerca-a-ti","project_category-noticias"],"_links":{"self":[{"href":"https:\/\/www.defensoria.gob.ec\/index.php?rest_route=\/wp\/v2\/project\/5207","targetHints":{"allow":["GET"]}}],"collection":[{"href":"https:\/\/www.defensoria.gob.ec\/index.php?rest_route=\/wp\/v2\/project"}],"about":[{"href":"https:\/\/www.defensoria.gob.ec\/index.php?rest_route=\/wp\/v2\/types\/project"}],"author":[{"embeddable":true,"href":"https:\/\/www.defensoria.gob.ec\/index.php?rest_route=\/wp\/v2\/users\/1"}],"replies":[{"embeddable":true,"href":"https:\/\/www.defensoria.gob.ec\/index.php?rest_route=%2Fwp%2Fv2%2Fcomments&post=5207"}],"version-history":[{"count":0,"href":"https:\/\/www.defensoria.gob.ec\/index.php?rest_route=\/wp\/v2\/project\/5207\/revisions"}],"wp:featuredmedia":[{"embeddable":true,"href":"https:\/\/www.defensoria.gob.ec\/index.php?rest_route=\/wp\/v2\/media\/5208"}],"wp:attachment":[{"href":"https:\/\/www.defensoria.gob.ec\/index.php?rest_route=%2Fwp%2Fv2%2Fmedia&parent=5207"}],"wp:term":[{"taxonomy":"project_category","embeddable":true,"href":"https:\/\/www.defensoria.gob.ec\/index.php?rest_route=%2Fwp%2Fv2%2Fproject_category&post=5207"},{"taxonomy":"project_tag","embeddable":true,"href":"https:\/\/www.defensoria.gob.ec\/index.php?rest_route=%2Fwp%2Fv2%2Fproject_tag&post=5207"}],"curies":[{"name":"wp","href":"https:\/\/api.w.org\/{rel}","templated":true}]}}

Sucumbíos: Feria ciudadana en el cantón Gonzalo Pizarro

<p>[et_pb_section fb_built=»1&#8243; _builder_version=»3.25.3&#8243;][et_pb_row column_structure=»3_4,1_4&#8243; _builder_version=»3.25.3&#8243;][et_pb_column type=»3_4&#8243; _builder_version=»3.25.3&#8243;][et_pb_post_title meta=»off» featured_image=»off» _builder_version=»3.25.3&#8243;][/et_pb_post_title][et_pb_text _builder_version=»3.25.3&#8243; text_font=»||||||||» text_text_align=»justify»]</p>
<p>La Defensoría Pública de Sucumbíos participó, el 29 de junio, en una feria ciudadana en el cantón Gonzalo Pizarro, donde se capacitó sobre temas de violencia de género,  violencia intrafamiliar  y  se entregó asesoría legal a pobladores  de esta localidad.</p>
<p>Personal de la Defensoría informó sobre los servicios institucionales gratuitos a los que puede acceder toda la ciudadanía en temas judiciales.</p>
<p>[/et_pb_text][et_pb_gallery _builder_version=»3.25.3&#8243; gallery_ids=»5208&#8243;][/et_pb_gallery][/et_pb_column][et_pb_column type=»1_4&#8243; _builder_version=»3.25.3&#8243;][et_pb_sidebar _builder_version=»3.25.3&#8243;][/et_pb_sidebar][/et_pb_column][/et_pb_row][/et_pb_section]</p>

<p>La Defensoría Pública de Sucumbíos participó, el 29 de junio, en una feria ciudadana en el cantón Gonzalo Pizarro, donde se capacitó sobre temas de violencia de género,  violencia intrafamiliar [&hellip;]</p>
