{"id":5047,"date":"2019-06-25T20:31:13","date_gmt":"2019-06-25T20:31:13","guid":{"rendered":"https:\/\/www.defensoria.gob.ec\/?post_type=project&#038;p=5047"},"modified":"2019-06-25T20:31:13","modified_gmt":"2019-06-25T20:31:13","slug":"morona-santiago-trabajo-coordinado-en-beneficio-de-personas-privadas-de-libertad","status":"publish","type":"project","link":"https:\/\/www.defensoria.gob.ec\/?project=morona-santiago-trabajo-coordinado-en-beneficio-de-personas-privadas-de-libertad","title":{"rendered":"Morona Santiago: Trabajo coordinado en beneficio de Personas Privadas de Libertad"},"content":{"rendered":"<p>[et_pb_section fb_built=\u00bb1&#8243; _builder_version=\u00bb3.23.3&#8243;][et_pb_row _builder_version=\u00bb3.23.3&#8243;][et_pb_column type=\u00bb3_4&#8243; _builder_version=\u00bb3.23.3&#8243;][et_pb_post_title meta=\u00bboff\u00bb featured_image=\u00bboff\u00bb _builder_version=\u00bb3.23.3&#8243; custom_margin=\u00bb||25px|||\u00bb][\/et_pb_post_title][et_pb_text _builder_version=\u00bb3.23.3&#8243; text_font=\u00bb||||||||\u00bb text_text_align=\u00bbjustify\u00bb]<\/p>\n<p>El 20 de junio, el Defensor P\u00fablico provincial de Morona Santiago, Jos\u00e9 Ram\u00edrez cumpli\u00f3 una amplia agenda de trabajo con el director del Centro de Rehabilitaci\u00f3n Social de la ciudad de Macas, V\u00edctor Villarreal\u00a0 a fin de coordinar acciones que beneficien a usuarios en atenci\u00f3n a Personas Privadas de Libertad (PPL).\u00a0<\/p>\n<p>Durante el encuentro, representantes de la Defensor\u00eda P\u00fablica de Morona Santiago expusieron las principales necesidades: espacio f\u00edsico y seguridad para el personal misional que brinda asesor\u00eda legal al interior del centro, actualizaci\u00f3n de la base de datos de los PPL; a fin de contar con cifras reales de atenci\u00f3n.\u00a0 Se decidi\u00f3 que una carpa informativa se instalar\u00e1 los d\u00edas mi\u00e9rcoles 26 y jueves 27 de junio, desde las 08:30 hasta las 12:00.<\/p>\n<p>El Defensor P\u00fablico de Morona Santiago\u00a0 destac\u00f3 el trabajo conjunto y articulado\u00a0 que se realiza\u00a0 en\u00a0 defensa y \u00a0respeto de los derechos de las PPL.\u00a0<\/p>\n<p>[\/et_pb_text][et_pb_gallery _builder_version=\u00bb3.23.3&#8243; gallery_ids=\u00bb5048&#8243;][\/et_pb_gallery][\/et_pb_column][et_pb_column type=\u00bb1_4&#8243; _builder_version=\u00bb3.23.3&#8243;][et_pb_sidebar _builder_version=\u00bb3.23.3&#8243;][\/et_pb_sidebar][\/et_pb_column][\/et_pb_row][\/et_pb_section]<\/p>\n","protected":false},"excerpt":{"rendered":"<p>El 20 de junio, el Defensor P\u00fablico provincial de Morona Santiago, Jos\u00e9 Ram\u00edrez cumpli\u00f3 una amplia agenda de trabajo con el director del Centro de Rehabilitaci\u00f3n Social de la ciudad [&hellip;]<\/p>\n","protected":false},"author":1,"featured_media":5048,"comment_status":"open","ping_status":"closed","template":"","meta":{"_et_pb_use_builder":"on","_et_pb_old_content":"","_et_gb_content_width":"","footnotes":""},"project_category":[8,5],"project_tag":[],"class_list":["post-5047","project","type-project","status-publish","has-post-thumbnail","hentry","project_category-cerca-a-ti","project_category-noticias"],"_links":{"self":[{"href":"https:\/\/www.defensoria.gob.ec\/index.php?rest_route=\/wp\/v2\/project\/5047","targetHints":{"allow":["GET"]}}],"collection":[{"href":"https:\/\/www.defensoria.gob.ec\/index.php?rest_route=\/wp\/v2\/project"}],"about":[{"href":"https:\/\/www.defensoria.gob.ec\/index.php?rest_route=\/wp\/v2\/types\/project"}],"author":[{"embeddable":true,"href":"https:\/\/www.defensoria.gob.ec\/index.php?rest_route=\/wp\/v2\/users\/1"}],"replies":[{"embeddable":true,"href":"https:\/\/www.defensoria.gob.ec\/index.php?rest_route=%2Fwp%2Fv2%2Fcomments&post=5047"}],"version-history":[{"count":0,"href":"https:\/\/www.defensoria.gob.ec\/index.php?rest_route=\/wp\/v2\/project\/5047\/revisions"}],"wp:featuredmedia":[{"embeddable":true,"href":"https:\/\/www.defensoria.gob.ec\/index.php?rest_route=\/wp\/v2\/media\/5048"}],"wp:attachment":[{"href":"https:\/\/www.defensoria.gob.ec\/index.php?rest_route=%2Fwp%2Fv2%2Fmedia&parent=5047"}],"wp:term":[{"taxonomy":"project_category","embeddable":true,"href":"https:\/\/www.defensoria.gob.ec\/index.php?rest_route=%2Fwp%2Fv2%2Fproject_category&post=5047"},{"taxonomy":"project_tag","embeddable":true,"href":"https:\/\/www.defensoria.gob.ec\/index.php?rest_route=%2Fwp%2Fv2%2Fproject_tag&post=5047"}],"curies":[{"name":"wp","href":"https:\/\/api.w.org\/{rel}","templated":true}]}}

<p>[et_pb_section fb_built=»1&#8243; _builder_version=»3.23.3&#8243;][et_pb_row _builder_version=»3.23.3&#8243;][et_pb_column type=»3_4&#8243; _builder_version=»3.23.3&#8243;][et_pb_post_title meta=»off» featured_image=»off» _builder_version=»3.23.3&#8243; custom_margin=»||25px|||»][/et_pb_post_title][et_pb_text _builder_version=»3.23.3&#8243; text_font=»||||||||» text_text_align=»justify»]</p>
<p>El 20 de junio, el Defensor Público provincial de Morona Santiago, José Ramírez cumplió una amplia agenda de trabajo con el director del Centro de Rehabilitación Social de la ciudad de Macas, Víctor Villarreal  a fin de coordinar acciones que beneficien a usuarios en atención a Personas Privadas de Libertad (PPL). </p>
<p>Durante el encuentro, representantes de la Defensoría Pública de Morona Santiago expusieron las principales necesidades: espacio físico y seguridad para el personal misional que brinda asesoría legal al interior del centro, actualización de la base de datos de los PPL; a fin de contar con cifras reales de atención.  Se decidió que una carpa informativa se instalará los días miércoles 26 y jueves 27 de junio, desde las 08:30 hasta las 12:00.</p>
<p>El Defensor Público de Morona Santiago  destacó el trabajo conjunto y articulado  que se realiza  en  defensa y  respeto de los derechos de las PPL. </p>
<p>[/et_pb_text][et_pb_gallery _builder_version=»3.23.3&#8243; gallery_ids=»5048&#8243;][/et_pb_gallery][/et_pb_column][et_pb_column type=»1_4&#8243; _builder_version=»3.23.3&#8243;][et_pb_sidebar _builder_version=»3.23.3&#8243;][/et_pb_sidebar][/et_pb_column][/et_pb_row][/et_pb_section]</p>

<p>El 20 de junio, el Defensor Público provincial de Morona Santiago, José Ramírez cumplió una amplia agenda de trabajo con el director del Centro de Rehabilitación Social de la ciudad [&hellip;]</p>
