{"id":4963,"date":"2019-06-20T22:01:51","date_gmt":"2019-06-20T22:01:51","guid":{"rendered":"https:\/\/www.defensoria.gob.ec\/?post_type=project&#038;p=4963"},"modified":"2019-06-20T22:01:51","modified_gmt":"2019-06-20T22:01:51","slug":"pichincha-taller-sobre-prevencion-de-violencia","status":"publish","type":"project","link":"https:\/\/www.defensoria.gob.ec\/?project=pichincha-taller-sobre-prevencion-de-violencia","title":{"rendered":"Pichincha: Taller sobre prevenci\u00f3n de violencia"},"content":{"rendered":"<p>[et_pb_section fb_built=\u00bb1&#8243; _builder_version=\u00bb3.23.3&#8243;][et_pb_row _builder_version=\u00bb3.23.3&#8243;][et_pb_column type=\u00bb3_4&#8243; _builder_version=\u00bb3.23.3&#8243;][et_pb_post_title meta=\u00bboff\u00bb featured_image=\u00bboff\u00bb _builder_version=\u00bb3.23.3&#8243;][\/et_pb_post_title][et_pb_text _builder_version=\u00bb3.23.3&#8243; text_font=\u00bb||||||||\u00bb text_text_align=\u00bbjustify\u00bb]<\/p>\n<p>Los Defensores P\u00fablicos de Pichincha Lolita Silva y Eva Cordov\u00e9z, dictaron el taller: Prevenci\u00f3n\u00a0 de Violencia, en la Unidad Educativa Ligdano Ch\u00e1vez de la parroquia Carcel\u00e9n, Distrito Metropolitano de Quito.<\/p>\n<p>100 personas, entre estudiantes, padres de familia, profesores y personal administrativo, participaron en el evento. Ellos se enteraron sobre formas de violencia y c\u00f3mo actuar cuando una persona es v\u00edctima de un acto de violencia intrafamiliar o escolar. Fue la oportunidad para promocionar los servicios gratuitos de patrocinio y asesor\u00eda que ofrece la Defensor\u00eda P\u00fablica.<\/p>\n<p>[\/et_pb_text][et_pb_gallery _builder_version=\u00bb3.23.3&#8243; gallery_ids=\u00bb4965,4964&#8243;][\/et_pb_gallery][\/et_pb_column][et_pb_column type=\u00bb1_4&#8243; _builder_version=\u00bb3.23.3&#8243;][et_pb_sidebar _builder_version=\u00bb3.23.3&#8243;][\/et_pb_sidebar][\/et_pb_column][\/et_pb_row][\/et_pb_section]<\/p>\n","protected":false},"excerpt":{"rendered":"<p>Los Defensores P\u00fablicos de Pichincha Lolita Silva y Eva Cordov\u00e9z, dictaron el taller: Prevenci\u00f3n\u00a0 de Violencia, en la Unidad Educativa Ligdano Ch\u00e1vez de la parroquia Carcel\u00e9n, Distrito Metropolitano de Quito. [&hellip;]<\/p>\n","protected":false},"author":1,"featured_media":4965,"comment_status":"open","ping_status":"closed","template":"","meta":{"_et_pb_use_builder":"on","_et_pb_old_content":"","_et_gb_content_width":"","footnotes":""},"project_category":[8,5],"project_tag":[],"class_list":["post-4963","project","type-project","status-publish","has-post-thumbnail","hentry","project_category-cerca-a-ti","project_category-noticias"],"_links":{"self":[{"href":"https:\/\/www.defensoria.gob.ec\/index.php?rest_route=\/wp\/v2\/project\/4963","targetHints":{"allow":["GET"]}}],"collection":[{"href":"https:\/\/www.defensoria.gob.ec\/index.php?rest_route=\/wp\/v2\/project"}],"about":[{"href":"https:\/\/www.defensoria.gob.ec\/index.php?rest_route=\/wp\/v2\/types\/project"}],"author":[{"embeddable":true,"href":"https:\/\/www.defensoria.gob.ec\/index.php?rest_route=\/wp\/v2\/users\/1"}],"replies":[{"embeddable":true,"href":"https:\/\/www.defensoria.gob.ec\/index.php?rest_route=%2Fwp%2Fv2%2Fcomments&post=4963"}],"version-history":[{"count":0,"href":"https:\/\/www.defensoria.gob.ec\/index.php?rest_route=\/wp\/v2\/project\/4963\/revisions"}],"wp:featuredmedia":[{"embeddable":true,"href":"https:\/\/www.defensoria.gob.ec\/index.php?rest_route=\/wp\/v2\/media\/4965"}],"wp:attachment":[{"href":"https:\/\/www.defensoria.gob.ec\/index.php?rest_route=%2Fwp%2Fv2%2Fmedia&parent=4963"}],"wp:term":[{"taxonomy":"project_category","embeddable":true,"href":"https:\/\/www.defensoria.gob.ec\/index.php?rest_route=%2Fwp%2Fv2%2Fproject_category&post=4963"},{"taxonomy":"project_tag","embeddable":true,"href":"https:\/\/www.defensoria.gob.ec\/index.php?rest_route=%2Fwp%2Fv2%2Fproject_tag&post=4963"}],"curies":[{"name":"wp","href":"https:\/\/api.w.org\/{rel}","templated":true}]}}

Pichincha: Taller sobre prevención de violencia

<p>[et_pb_section fb_built=»1&#8243; _builder_version=»3.23.3&#8243;][et_pb_row _builder_version=»3.23.3&#8243;][et_pb_column type=»3_4&#8243; _builder_version=»3.23.3&#8243;][et_pb_post_title meta=»off» featured_image=»off» _builder_version=»3.23.3&#8243;][/et_pb_post_title][et_pb_text _builder_version=»3.23.3&#8243; text_font=»||||||||» text_text_align=»justify»]</p>
<p>Los Defensores Públicos de Pichincha Lolita Silva y Eva Cordovéz, dictaron el taller: Prevención  de Violencia, en la Unidad Educativa Ligdano Chávez de la parroquia Carcelén, Distrito Metropolitano de Quito.</p>
<p>100 personas, entre estudiantes, padres de familia, profesores y personal administrativo, participaron en el evento. Ellos se enteraron sobre formas de violencia y cómo actuar cuando una persona es víctima de un acto de violencia intrafamiliar o escolar. Fue la oportunidad para promocionar los servicios gratuitos de patrocinio y asesoría que ofrece la Defensoría Pública.</p>
<p>[/et_pb_text][et_pb_gallery _builder_version=»3.23.3&#8243; gallery_ids=»4965,4964&#8243;][/et_pb_gallery][/et_pb_column][et_pb_column type=»1_4&#8243; _builder_version=»3.23.3&#8243;][et_pb_sidebar _builder_version=»3.23.3&#8243;][/et_pb_sidebar][/et_pb_column][/et_pb_row][/et_pb_section]</p>

<p>Los Defensores Públicos de Pichincha Lolita Silva y Eva Cordovéz, dictaron el taller: Prevención  de Violencia, en la Unidad Educativa Ligdano Chávez de la parroquia Carcelén, Distrito Metropolitano de Quito. [&hellip;]</p>
