{"id":4945,"date":"2019-06-20T21:47:04","date_gmt":"2019-06-20T21:47:04","guid":{"rendered":"https:\/\/www.defensoria.gob.ec\/?post_type=project&#038;p=4945"},"modified":"2019-06-20T21:47:12","modified_gmt":"2019-06-20T21:47:12","slug":"santa-elena-personal-misional-participo-en-seminario-recurso-de-casacion","status":"publish","type":"project","link":"https:\/\/www.defensoria.gob.ec\/?project=santa-elena-personal-misional-participo-en-seminario-recurso-de-casacion","title":{"rendered":"Santa Elena: Personal misional particip\u00f3 en seminario \u201cRecurso de Casaci\u00f3n\u201d"},"content":{"rendered":"<p>[et_pb_section fb_built=\u00bb1&#8243; _builder_version=\u00bb3.23.3&#8243;][et_pb_row _builder_version=\u00bb3.23.3&#8243;][et_pb_column type=\u00bb3_4&#8243; _builder_version=\u00bb3.23.3&#8243;][et_pb_post_title meta=\u00bboff\u00bb featured_image=\u00bboff\u00bb _builder_version=\u00bb3.23.3&#8243;][\/et_pb_post_title][et_pb_text _builder_version=\u00bb3.23.3&#8243; text_font=\u00bb||||||||\u00bb text_text_align=\u00bbjustify\u00bb]<\/p>\n<p>El 07 de junio,\u00a0 los Defensores P\u00fablicos, Kleber Loor y Galo Medina dictaron un seminario sobre\u00a0 \u201cRecursos de Casaci\u00f3n\u201d donde particip\u00f3 la Defensora Regional del Litoral, Michele Portaluppi, el Defensor P\u00fablico provincia de Santa Elena, Jos\u00e9 Ram\u00edrez\u00a0 y la directora del Consultorio Jur\u00eddico de la Universidad Pen\u00ednsula de Santa Elena, Gabriela Ram\u00edrez.<\/p>\n<p>Durante la jornada de trabajo desarrollaron varias reflexiones con argumento jur\u00eddicos, los participantes intercambiaron experiencias y combinaron consideraciones te\u00f3ricas y pr\u00e1cticas entorno a la tem\u00e1tica abordada. El defensor p\u00fablico provincial agradeci\u00f3 la activa participaci\u00f3n y sostuvo que esto espacios permite capacitarnos \u00a0a fin de brindar un servicio de calidad a la ciudadan\u00eda.<\/p>\n<p>[\/et_pb_text][et_pb_gallery _builder_version=\u00bb3.23.3&#8243; gallery_ids=\u00bb4947,4946&#8243;][\/et_pb_gallery][\/et_pb_column][et_pb_column type=\u00bb1_4&#8243; _builder_version=\u00bb3.23.3&#8243;][et_pb_sidebar _builder_version=\u00bb3.23.3&#8243;][\/et_pb_sidebar][\/et_pb_column][\/et_pb_row][\/et_pb_section]<\/p>\n","protected":false},"excerpt":{"rendered":"<p>El 07 de junio,\u00a0 los Defensores P\u00fablicos, Kleber Loor y Galo Medina dictaron un seminario sobre\u00a0 \u201cRecursos de Casaci\u00f3n\u201d donde particip\u00f3 la Defensora Regional del Litoral, Michele Portaluppi, el Defensor [&hellip;]<\/p>\n","protected":false},"author":1,"featured_media":4946,"comment_status":"open","ping_status":"closed","template":"","meta":{"_et_pb_use_builder":"on","_et_pb_old_content":"","_et_gb_content_width":"","footnotes":""},"project_category":[8,5],"project_tag":[],"class_list":["post-4945","project","type-project","status-publish","has-post-thumbnail","hentry","project_category-cerca-a-ti","project_category-noticias"],"_links":{"self":[{"href":"https:\/\/www.defensoria.gob.ec\/index.php?rest_route=\/wp\/v2\/project\/4945","targetHints":{"allow":["GET"]}}],"collection":[{"href":"https:\/\/www.defensoria.gob.ec\/index.php?rest_route=\/wp\/v2\/project"}],"about":[{"href":"https:\/\/www.defensoria.gob.ec\/index.php?rest_route=\/wp\/v2\/types\/project"}],"author":[{"embeddable":true,"href":"https:\/\/www.defensoria.gob.ec\/index.php?rest_route=\/wp\/v2\/users\/1"}],"replies":[{"embeddable":true,"href":"https:\/\/www.defensoria.gob.ec\/index.php?rest_route=%2Fwp%2Fv2%2Fcomments&post=4945"}],"version-history":[{"count":0,"href":"https:\/\/www.defensoria.gob.ec\/index.php?rest_route=\/wp\/v2\/project\/4945\/revisions"}],"wp:featuredmedia":[{"embeddable":true,"href":"https:\/\/www.defensoria.gob.ec\/index.php?rest_route=\/wp\/v2\/media\/4946"}],"wp:attachment":[{"href":"https:\/\/www.defensoria.gob.ec\/index.php?rest_route=%2Fwp%2Fv2%2Fmedia&parent=4945"}],"wp:term":[{"taxonomy":"project_category","embeddable":true,"href":"https:\/\/www.defensoria.gob.ec\/index.php?rest_route=%2Fwp%2Fv2%2Fproject_category&post=4945"},{"taxonomy":"project_tag","embeddable":true,"href":"https:\/\/www.defensoria.gob.ec\/index.php?rest_route=%2Fwp%2Fv2%2Fproject_tag&post=4945"}],"curies":[{"name":"wp","href":"https:\/\/api.w.org\/{rel}","templated":true}]}}

Santa Elena: Personal misional participó en seminario “Recurso de Casación”

<p>[et_pb_section fb_built=»1&#8243; _builder_version=»3.23.3&#8243;][et_pb_row _builder_version=»3.23.3&#8243;][et_pb_column type=»3_4&#8243; _builder_version=»3.23.3&#8243;][et_pb_post_title meta=»off» featured_image=»off» _builder_version=»3.23.3&#8243;][/et_pb_post_title][et_pb_text _builder_version=»3.23.3&#8243; text_font=»||||||||» text_text_align=»justify»]</p>
<p>El 07 de junio,  los Defensores Públicos, Kleber Loor y Galo Medina dictaron un seminario sobre  “Recursos de Casación” donde participó la Defensora Regional del Litoral, Michele Portaluppi, el Defensor Público provincia de Santa Elena, José Ramírez  y la directora del Consultorio Jurídico de la Universidad Península de Santa Elena, Gabriela Ramírez.</p>
<p>Durante la jornada de trabajo desarrollaron varias reflexiones con argumento jurídicos, los participantes intercambiaron experiencias y combinaron consideraciones teóricas y prácticas entorno a la temática abordada. El defensor público provincial agradeció la activa participación y sostuvo que esto espacios permite capacitarnos  a fin de brindar un servicio de calidad a la ciudadanía.</p>
<p>[/et_pb_text][et_pb_gallery _builder_version=»3.23.3&#8243; gallery_ids=»4947,4946&#8243;][/et_pb_gallery][/et_pb_column][et_pb_column type=»1_4&#8243; _builder_version=»3.23.3&#8243;][et_pb_sidebar _builder_version=»3.23.3&#8243;][/et_pb_sidebar][/et_pb_column][/et_pb_row][/et_pb_section]</p>

<p>El 07 de junio,  los Defensores Públicos, Kleber Loor y Galo Medina dictaron un seminario sobre  “Recursos de Casación” donde participó la Defensora Regional del Litoral, Michele Portaluppi, el Defensor [&hellip;]</p>
