{"id":4915,"date":"2019-06-18T20:11:26","date_gmt":"2019-06-18T20:11:26","guid":{"rendered":"https:\/\/www.defensoria.gob.ec\/?post_type=project&#038;p=4915"},"modified":"2019-06-18T20:11:26","modified_gmt":"2019-06-18T20:11:26","slug":"tungurahua-visitas-a-las-unidades-judiciales-de-ambato-pelileo-y-banos","status":"publish","type":"project","link":"https:\/\/www.defensoria.gob.ec\/?project=tungurahua-visitas-a-las-unidades-judiciales-de-ambato-pelileo-y-banos","title":{"rendered":"Tungurahua: Visitas a las Unidades Judiciales de Ambato, Pelileo y Ba\u00f1os"},"content":{"rendered":"<p>[et_pb_section fb_built=\u00bb1&#8243; _builder_version=\u00bb3.23.3&#8243;][et_pb_row _builder_version=\u00bb3.23.3&#8243;][et_pb_column type=\u00bb3_4&#8243; _builder_version=\u00bb3.23.3&#8243;][et_pb_post_title meta=\u00bboff\u00bb featured_image=\u00bboff\u00bb _builder_version=\u00bb3.23.3&#8243;][\/et_pb_post_title][et_pb_text _builder_version=\u00bb3.23.3&#8243; text_font=\u00bb||||||||\u00bb text_text_align=\u00bbjustify\u00bb]<\/p>\n<p>El Defensor P\u00fablico provincial de Tungurahua, Santiago Burbano y del director del\u00a0 Consejo de la Judicatura, Juan Carranza, recorrieron \u00a0el 13 de junio, las instalaciones de la Unidad Penal del cant\u00f3n Ambato, para constatar el avance de la ampliaci\u00f3n de las oficinas que tiene la Defensor\u00eda P\u00fablica en esa dependencia. En la visita se comprob\u00f3 \u00a0que\u00a0 la obra avanza seg\u00fan lo programado.\u00a0\u00a0<\/p>\n<p>Mientras tanto, el 12 de junio, la autoridad provincial de la Defensor\u00eda P\u00fablica, particip\u00f3 en la reuni\u00f3n de la Mesa de Justicia, donde reiter\u00f3 el pedido de\u00a0 la Defensor\u00eda P\u00fablica de contar con un espacio\u00a0 f\u00edsico en el Complejo Judicial de Tungurahua. Adem\u00e1s, la mesa acord\u00f3 planificar una capacitaci\u00f3n a los servidores p\u00fablicos policiales en el tema de flagrancia, para trabajar de manera correcta en esta materia.<\/p>\n<p>As\u00ed mismo, el 7 de junio visit\u00f3 las unidades multicompetentes de los cantones Ba\u00f1os y Pelileo, \u00a0se reuni\u00f3 con el coordinador del Consejo de la Judicatura, Italo L\u00f3pez, con el fin de sistematizar de mejor manera el trabajo con los Defensores P\u00fablicos. Desde la judicatura, se solicit\u00f3\u00a0 la incorporaci\u00f3n de un Defensor P\u00fablico para el \u00c1rea de V\u00edctimas, debido a que los dos defensores que atienden en Pelileo y\u00a0 Ba\u00f1os no abastecen la demanda de usuarios.<\/p>\n<p>[\/et_pb_text][et_pb_gallery _builder_version=\u00bb3.23.3&#8243; gallery_ids=\u00bb4918,4917,4916&#8243;][\/et_pb_gallery][\/et_pb_column][et_pb_column type=\u00bb1_4&#8243; _builder_version=\u00bb3.23.3&#8243;][et_pb_sidebar _builder_version=\u00bb3.23.3&#8243;][\/et_pb_sidebar][\/et_pb_column][\/et_pb_row][\/et_pb_section]<\/p>\n","protected":false},"excerpt":{"rendered":"<p>El Defensor P\u00fablico provincial de Tungurahua, Santiago Burbano y del director del\u00a0 Consejo de la Judicatura, Juan Carranza, recorrieron \u00a0el 13 de junio, las instalaciones de la Unidad Penal del [&hellip;]<\/p>\n","protected":false},"author":1,"featured_media":4916,"comment_status":"open","ping_status":"closed","template":"","meta":{"_et_pb_use_builder":"on","_et_pb_old_content":"","_et_gb_content_width":"","footnotes":""},"project_category":[8,5],"project_tag":[],"class_list":["post-4915","project","type-project","status-publish","has-post-thumbnail","hentry","project_category-cerca-a-ti","project_category-noticias"],"_links":{"self":[{"href":"https:\/\/www.defensoria.gob.ec\/index.php?rest_route=\/wp\/v2\/project\/4915","targetHints":{"allow":["GET"]}}],"collection":[{"href":"https:\/\/www.defensoria.gob.ec\/index.php?rest_route=\/wp\/v2\/project"}],"about":[{"href":"https:\/\/www.defensoria.gob.ec\/index.php?rest_route=\/wp\/v2\/types\/project"}],"author":[{"embeddable":true,"href":"https:\/\/www.defensoria.gob.ec\/index.php?rest_route=\/wp\/v2\/users\/1"}],"replies":[{"embeddable":true,"href":"https:\/\/www.defensoria.gob.ec\/index.php?rest_route=%2Fwp%2Fv2%2Fcomments&post=4915"}],"version-history":[{"count":0,"href":"https:\/\/www.defensoria.gob.ec\/index.php?rest_route=\/wp\/v2\/project\/4915\/revisions"}],"wp:featuredmedia":[{"embeddable":true,"href":"https:\/\/www.defensoria.gob.ec\/index.php?rest_route=\/wp\/v2\/media\/4916"}],"wp:attachment":[{"href":"https:\/\/www.defensoria.gob.ec\/index.php?rest_route=%2Fwp%2Fv2%2Fmedia&parent=4915"}],"wp:term":[{"taxonomy":"project_category","embeddable":true,"href":"https:\/\/www.defensoria.gob.ec\/index.php?rest_route=%2Fwp%2Fv2%2Fproject_category&post=4915"},{"taxonomy":"project_tag","embeddable":true,"href":"https:\/\/www.defensoria.gob.ec\/index.php?rest_route=%2Fwp%2Fv2%2Fproject_tag&post=4915"}],"curies":[{"name":"wp","href":"https:\/\/api.w.org\/{rel}","templated":true}]}}

Tungurahua: Visitas a las Unidades Judiciales de Ambato, Pelileo y Baños

<p>[et_pb_section fb_built=»1&#8243; _builder_version=»3.23.3&#8243;][et_pb_row _builder_version=»3.23.3&#8243;][et_pb_column type=»3_4&#8243; _builder_version=»3.23.3&#8243;][et_pb_post_title meta=»off» featured_image=»off» _builder_version=»3.23.3&#8243;][/et_pb_post_title][et_pb_text _builder_version=»3.23.3&#8243; text_font=»||||||||» text_text_align=»justify»]</p>
<p>El Defensor Público provincial de Tungurahua, Santiago Burbano y del director del  Consejo de la Judicatura, Juan Carranza, recorrieron  el 13 de junio, las instalaciones de la Unidad Penal del cantón Ambato, para constatar el avance de la ampliación de las oficinas que tiene la Defensoría Pública en esa dependencia. En la visita se comprobó  que  la obra avanza según lo programado.  </p>
<p>Mientras tanto, el 12 de junio, la autoridad provincial de la Defensoría Pública, participó en la reunión de la Mesa de Justicia, donde reiteró el pedido de  la Defensoría Pública de contar con un espacio  físico en el Complejo Judicial de Tungurahua. Además, la mesa acordó planificar una capacitación a los servidores públicos policiales en el tema de flagrancia, para trabajar de manera correcta en esta materia.</p>
<p>Así mismo, el 7 de junio visitó las unidades multicompetentes de los cantones Baños y Pelileo,  se reunió con el coordinador del Consejo de la Judicatura, Italo López, con el fin de sistematizar de mejor manera el trabajo con los Defensores Públicos. Desde la judicatura, se solicitó  la incorporación de un Defensor Público para el Área de Víctimas, debido a que los dos defensores que atienden en Pelileo y  Baños no abastecen la demanda de usuarios.</p>
<p>[/et_pb_text][et_pb_gallery _builder_version=»3.23.3&#8243; gallery_ids=»4918,4917,4916&#8243;][/et_pb_gallery][/et_pb_column][et_pb_column type=»1_4&#8243; _builder_version=»3.23.3&#8243;][et_pb_sidebar _builder_version=»3.23.3&#8243;][/et_pb_sidebar][/et_pb_column][/et_pb_row][/et_pb_section]</p>

<p>El Defensor Público provincial de Tungurahua, Santiago Burbano y del director del  Consejo de la Judicatura, Juan Carranza, recorrieron  el 13 de junio, las instalaciones de la Unidad Penal del [&hellip;]</p>
