{"id":4833,"date":"2019-06-13T20:54:01","date_gmt":"2019-06-13T20:54:01","guid":{"rendered":"https:\/\/www.defensoria.gob.ec\/?post_type=project&#038;p=4833"},"modified":"2019-06-13T21:01:14","modified_gmt":"2019-06-13T21:01:14","slug":"pichincha-preocupacion-por-sectores-vulnerables-de-la-sociedad","status":"publish","type":"project","link":"https:\/\/www.defensoria.gob.ec\/?project=pichincha-preocupacion-por-sectores-vulnerables-de-la-sociedad","title":{"rendered":"Pichincha: Preocupaci\u00f3n por sectores vulnerables de la sociedad"},"content":{"rendered":"\n[et_pb_section fb_built=\u00bb1&#8243; _builder_version=\u00bb3.23.3&#8243;][et_pb_row _builder_version=\u00bb3.23.3&#8243;][et_pb_column type=\u00bb3_4&#8243; _builder_version=\u00bb3.23.3&#8243;][et_pb_post_title meta=\u00bboff\u00bb featured_image=\u00bboff\u00bb _builder_version=\u00bb3.23.3&#8243;][\/et_pb_post_title][et_pb_text _builder_version=\u00bb3.23.3&#8243; text_font=\u00bb||||||||\u00bb text_text_align=\u00bbjustify\u00bb]<p>La Defensor\u00eda Provincial de Pichincha mantuvo una reuni\u00f3n interinstitucional con el Consejo de Protecci\u00f3n de Derechos, con la finalidad de articular\u00a0 acciones en beneficio de ni\u00f1as, ni\u00f1os y adolescentes, j\u00f3venes, adultos mayores, mujeres, personas con discapacidad y personas en movilidad humana.<\/p>\n[\/et_pb_text][et_pb_gallery _builder_version=\u00bb3.23.3&#8243; gallery_ids=\u00bb4834&#8243;][\/et_pb_gallery][\/et_pb_column][et_pb_column type=\u00bb1_4&#8243; _builder_version=\u00bb3.23.3&#8243;][et_pb_sidebar _builder_version=\u00bb3.23.3&#8243;][\/et_pb_sidebar][\/et_pb_column][\/et_pb_row][\/et_pb_section]\n","protected":false},"excerpt":{"rendered":"<p>La Defensor\u00eda Provincial de Pichincha mantuvo una reuni\u00f3n interinstitucional con el Consejo de Protecci\u00f3n de Derechos, con la finalidad de articular\u00a0 acciones en beneficio de ni\u00f1as, ni\u00f1os y adolescentes, j\u00f3venes, [&hellip;]<\/p>\n","protected":false},"author":1,"featured_media":4834,"comment_status":"open","ping_status":"closed","template":"","meta":{"_et_pb_use_builder":"on","_et_pb_old_content":"","_et_gb_content_width":"","footnotes":""},"project_category":[8,5],"project_tag":[],"class_list":["post-4833","project","type-project","status-publish","has-post-thumbnail","hentry","project_category-cerca-a-ti","project_category-noticias"],"_links":{"self":[{"href":"https:\/\/www.defensoria.gob.ec\/index.php?rest_route=\/wp\/v2\/project\/4833","targetHints":{"allow":["GET"]}}],"collection":[{"href":"https:\/\/www.defensoria.gob.ec\/index.php?rest_route=\/wp\/v2\/project"}],"about":[{"href":"https:\/\/www.defensoria.gob.ec\/index.php?rest_route=\/wp\/v2\/types\/project"}],"author":[{"embeddable":true,"href":"https:\/\/www.defensoria.gob.ec\/index.php?rest_route=\/wp\/v2\/users\/1"}],"replies":[{"embeddable":true,"href":"https:\/\/www.defensoria.gob.ec\/index.php?rest_route=%2Fwp%2Fv2%2Fcomments&post=4833"}],"version-history":[{"count":0,"href":"https:\/\/www.defensoria.gob.ec\/index.php?rest_route=\/wp\/v2\/project\/4833\/revisions"}],"wp:featuredmedia":[{"embeddable":true,"href":"https:\/\/www.defensoria.gob.ec\/index.php?rest_route=\/wp\/v2\/media\/4834"}],"wp:attachment":[{"href":"https:\/\/www.defensoria.gob.ec\/index.php?rest_route=%2Fwp%2Fv2%2Fmedia&parent=4833"}],"wp:term":[{"taxonomy":"project_category","embeddable":true,"href":"https:\/\/www.defensoria.gob.ec\/index.php?rest_route=%2Fwp%2Fv2%2Fproject_category&post=4833"},{"taxonomy":"project_tag","embeddable":true,"href":"https:\/\/www.defensoria.gob.ec\/index.php?rest_route=%2Fwp%2Fv2%2Fproject_tag&post=4833"}],"curies":[{"name":"wp","href":"https:\/\/api.w.org\/{rel}","templated":true}]}}

Pichincha: Preocupación por sectores vulnerables de la sociedad

[et_pb_section fb_built=»1&#8243; _builder_version=»3.23.3&#8243;][et_pb_row _builder_version=»3.23.3&#8243;][et_pb_column type=»3_4&#8243; _builder_version=»3.23.3&#8243;][et_pb_post_title meta=»off» featured_image=»off» _builder_version=»3.23.3&#8243;][/et_pb_post_title][et_pb_text _builder_version=»3.23.3&#8243; text_font=»||||||||» text_text_align=»justify»]<p>La Defensoría Provincial de Pichincha mantuvo una reunión interinstitucional con el Consejo de Protección de Derechos, con la finalidad de articular  acciones en beneficio de niñas, niños y adolescentes, jóvenes, adultos mayores, mujeres, personas con discapacidad y personas en movilidad humana.</p>
[/et_pb_text][et_pb_gallery _builder_version=»3.23.3&#8243; gallery_ids=»4834&#8243;][/et_pb_gallery][/et_pb_column][et_pb_column type=»1_4&#8243; _builder_version=»3.23.3&#8243;][et_pb_sidebar _builder_version=»3.23.3&#8243;][/et_pb_sidebar][/et_pb_column][/et_pb_row][/et_pb_section]

<p>La Defensoría Provincial de Pichincha mantuvo una reunión interinstitucional con el Consejo de Protección de Derechos, con la finalidad de articular  acciones en beneficio de niñas, niños y adolescentes, jóvenes, [&hellip;]</p>
