{"id":4822,"date":"2019-06-13T20:47:41","date_gmt":"2019-06-13T20:47:41","guid":{"rendered":"https:\/\/www.defensoria.gob.ec\/?post_type=project&#038;p=4822"},"modified":"2019-06-13T20:47:41","modified_gmt":"2019-06-13T20:47:41","slug":"santo-domingo-capacitacion-taller-y-mesa-de-trabajo-realizo-la-defensoria-publica","status":"publish","type":"project","link":"https:\/\/www.defensoria.gob.ec\/?project=santo-domingo-capacitacion-taller-y-mesa-de-trabajo-realizo-la-defensoria-publica","title":{"rendered":"Santo Domingo: Capacitaci\u00f3n, taller y mesa de trabajo realiz\u00f3 la Defensor\u00eda P\u00fablica"},"content":{"rendered":"<p>[et_pb_section fb_built=\u00bb1&#8243; _builder_version=\u00bb3.23.3&#8243;][et_pb_row _builder_version=\u00bb3.23.3&#8243;][et_pb_column type=\u00bb3_4&#8243; _builder_version=\u00bb3.23.3&#8243;][et_pb_post_title meta=\u00bboff\u00bb featured_image=\u00bboff\u00bb _builder_version=\u00bb3.23.3&#8243;][\/et_pb_post_title][et_pb_text _builder_version=\u00bb3.23.3&#8243; text_font=\u00bb||||||||\u00bb text_text_align=\u00bbjustify\u00bb]<\/p>\n<p>El Defensor P\u00fablico provincial de Santo Domingo de los Ts\u00e1chilas, Mauricio Sotal\u00edn,\u00a0 dict\u00f3, el\u00a0 6 de junio, una capacitaci\u00f3n sobre \u201cLitigaci\u00f3n Oral y Debido Proceso\u201d, a los funcionarios de la Unidad de Asuntos Internos de la Polic\u00eda Nacional de Santo Domingo. La charla sirvi\u00f3 para fortalecer conocimientos, habilidades y\u00a0 destrezas para el desarrollo adecuado de las audiencias orales.<\/p>\n<p>El 5 de junio, la autoridad de la Defensor\u00eda P\u00fablica provincial asisti\u00f3 al taller \u201cIntegridad, Justicia y \u00c9tica\u201d, en el que estuvieron presentes la presidenta de la Corte Nacional de Justicia, Paulina Aguirre, el\u00a0 presidente de la\u00a0 Asociaci\u00f3n de Magistrados y Jueces del Ecuador, Marco Hinojosa, \u00a0jueces de diferentes provincias del pa\u00eds y el experto en Integridad e independencia Judicial de la Oficina de la Naciones Unidas contra la Droga y Delitos, Jason Reichelt.<\/p>\n<p>El Defensor P\u00fablico provincial de Santo Domingo de los Ts\u00e1chilas, Mauricio Sotal\u00edn, particip\u00f3 tambi\u00e9n, el\u00a0 3 de junio, en la Mesa de Trabajo \u201cPor una vida libre de Violencia\u201d, como parte del Acuerdo Nacional 2030, que impulsa el\u00a0 Gobierno Nacional. El objetivo fue generar acciones en contra de la Violencia.<\/p>\n<p>A la cita, asistieron adem\u00e1s representantes de la Secretaria de Derechos Humanos, de la Junta de Protecci\u00f3n y Derechos y del GAD Municipal de Santo Domingo.<\/p>\n<p>[\/et_pb_text][et_pb_gallery _builder_version=\u00bb3.23.3&#8243; gallery_ids=\u00bb4825,4824,4823&#8243;][\/et_pb_gallery][\/et_pb_column][et_pb_column type=\u00bb1_4&#8243; _builder_version=\u00bb3.23.3&#8243;][et_pb_sidebar _builder_version=\u00bb3.23.3&#8243;][\/et_pb_sidebar][\/et_pb_column][\/et_pb_row][\/et_pb_section]<\/p>\n","protected":false},"excerpt":{"rendered":"<p>El Defensor P\u00fablico provincial de Santo Domingo de los Ts\u00e1chilas, Mauricio Sotal\u00edn,\u00a0 dict\u00f3, el\u00a0 6 de junio, una capacitaci\u00f3n sobre \u201cLitigaci\u00f3n Oral y Debido Proceso\u201d, a los funcionarios de la [&hellip;]<\/p>\n","protected":false},"author":1,"featured_media":4823,"comment_status":"open","ping_status":"closed","template":"","meta":{"_et_pb_use_builder":"on","_et_pb_old_content":"","_et_gb_content_width":"","footnotes":""},"project_category":[8,5],"project_tag":[],"class_list":["post-4822","project","type-project","status-publish","has-post-thumbnail","hentry","project_category-cerca-a-ti","project_category-noticias"],"_links":{"self":[{"href":"https:\/\/www.defensoria.gob.ec\/index.php?rest_route=\/wp\/v2\/project\/4822","targetHints":{"allow":["GET"]}}],"collection":[{"href":"https:\/\/www.defensoria.gob.ec\/index.php?rest_route=\/wp\/v2\/project"}],"about":[{"href":"https:\/\/www.defensoria.gob.ec\/index.php?rest_route=\/wp\/v2\/types\/project"}],"author":[{"embeddable":true,"href":"https:\/\/www.defensoria.gob.ec\/index.php?rest_route=\/wp\/v2\/users\/1"}],"replies":[{"embeddable":true,"href":"https:\/\/www.defensoria.gob.ec\/index.php?rest_route=%2Fwp%2Fv2%2Fcomments&post=4822"}],"version-history":[{"count":0,"href":"https:\/\/www.defensoria.gob.ec\/index.php?rest_route=\/wp\/v2\/project\/4822\/revisions"}],"wp:featuredmedia":[{"embeddable":true,"href":"https:\/\/www.defensoria.gob.ec\/index.php?rest_route=\/wp\/v2\/media\/4823"}],"wp:attachment":[{"href":"https:\/\/www.defensoria.gob.ec\/index.php?rest_route=%2Fwp%2Fv2%2Fmedia&parent=4822"}],"wp:term":[{"taxonomy":"project_category","embeddable":true,"href":"https:\/\/www.defensoria.gob.ec\/index.php?rest_route=%2Fwp%2Fv2%2Fproject_category&post=4822"},{"taxonomy":"project_tag","embeddable":true,"href":"https:\/\/www.defensoria.gob.ec\/index.php?rest_route=%2Fwp%2Fv2%2Fproject_tag&post=4822"}],"curies":[{"name":"wp","href":"https:\/\/api.w.org\/{rel}","templated":true}]}}

Santo Domingo: Capacitación, taller y mesa de trabajo realizó la Defensoría Pública

<p>[et_pb_section fb_built=»1&#8243; _builder_version=»3.23.3&#8243;][et_pb_row _builder_version=»3.23.3&#8243;][et_pb_column type=»3_4&#8243; _builder_version=»3.23.3&#8243;][et_pb_post_title meta=»off» featured_image=»off» _builder_version=»3.23.3&#8243;][/et_pb_post_title][et_pb_text _builder_version=»3.23.3&#8243; text_font=»||||||||» text_text_align=»justify»]</p>
<p>El Defensor Público provincial de Santo Domingo de los Tsáchilas, Mauricio Sotalín,  dictó, el  6 de junio, una capacitación sobre “Litigación Oral y Debido Proceso”, a los funcionarios de la Unidad de Asuntos Internos de la Policía Nacional de Santo Domingo. La charla sirvió para fortalecer conocimientos, habilidades y  destrezas para el desarrollo adecuado de las audiencias orales.</p>
<p>El 5 de junio, la autoridad de la Defensoría Pública provincial asistió al taller “Integridad, Justicia y Ética”, en el que estuvieron presentes la presidenta de la Corte Nacional de Justicia, Paulina Aguirre, el  presidente de la  Asociación de Magistrados y Jueces del Ecuador, Marco Hinojosa,  jueces de diferentes provincias del país y el experto en Integridad e independencia Judicial de la Oficina de la Naciones Unidas contra la Droga y Delitos, Jason Reichelt.</p>
<p>El Defensor Público provincial de Santo Domingo de los Tsáchilas, Mauricio Sotalín, participó también, el  3 de junio, en la Mesa de Trabajo “Por una vida libre de Violencia”, como parte del Acuerdo Nacional 2030, que impulsa el  Gobierno Nacional. El objetivo fue generar acciones en contra de la Violencia.</p>
<p>A la cita, asistieron además representantes de la Secretaria de Derechos Humanos, de la Junta de Protección y Derechos y del GAD Municipal de Santo Domingo.</p>
<p>[/et_pb_text][et_pb_gallery _builder_version=»3.23.3&#8243; gallery_ids=»4825,4824,4823&#8243;][/et_pb_gallery][/et_pb_column][et_pb_column type=»1_4&#8243; _builder_version=»3.23.3&#8243;][et_pb_sidebar _builder_version=»3.23.3&#8243;][/et_pb_sidebar][/et_pb_column][/et_pb_row][/et_pb_section]</p>

<p>El Defensor Público provincial de Santo Domingo de los Tsáchilas, Mauricio Sotalín,  dictó, el  6 de junio, una capacitación sobre “Litigación Oral y Debido Proceso”, a los funcionarios de la [&hellip;]</p>
