{"id":4817,"date":"2019-06-11T20:16:06","date_gmt":"2019-06-11T20:16:06","guid":{"rendered":"https:\/\/www.defensoria.gob.ec\/?post_type=project&#038;p=4817"},"modified":"2019-06-11T20:16:06","modified_gmt":"2019-06-11T20:16:06","slug":"sucumbios-policias-militares-y-lideres-barriales-se-instruyen-sobre-violencia-intrafamiliar","status":"publish","type":"project","link":"https:\/\/www.defensoria.gob.ec\/?project=sucumbios-policias-militares-y-lideres-barriales-se-instruyen-sobre-violencia-intrafamiliar","title":{"rendered":"Sucumb\u00edos: Polic\u00edas, militares y l\u00edderes barriales se instruyen sobre \u201cViolencia Intrafamiliar\u201d"},"content":{"rendered":"<p>[et_pb_section fb_built=\u00bb1&#8243; _builder_version=\u00bb3.23.3&#8243;][et_pb_row _builder_version=\u00bb3.23.3&#8243;][et_pb_column type=\u00bb3_4&#8243; _builder_version=\u00bb3.23.3&#8243;][et_pb_post_title meta=\u00bboff\u00bb featured_image=\u00bboff\u00bb _builder_version=\u00bb3.23.3&#8243;][\/et_pb_post_title][et_pb_text _builder_version=\u00bb3.23.3&#8243; text_font=\u00bb||||||||\u00bb text_text_align=\u00bbjustify\u00bb]<\/p>\n<p>Por invitaci\u00f3n de la Direcci\u00f3n de Prevenci\u00f3n del Delito del\u00a0 Ministerio del Interior, la Defensora P\u00fablica provincial de Sucumb\u00edos, Edilma Borja, la Defensora P\u00fablica, Anita Mestanza y la fiscal provincial, Denis Villavicencio,\u00a0 dictaron la charla \u201cViolencia contra la mujer y miembros del n\u00facleo familiar\u201d, dirigida a l\u00edderes barriales, polic\u00edas y militares de la ciudad Nueva Loja.<\/p>\n<p>En el conversatorio, que se desarroll\u00f3 en el Centro de Atenci\u00f3n Ciudadana, se abord\u00f3 los temas de: sensibilidad\u00a0 de g\u00e9nero, acogida y protecci\u00f3n a v\u00edctimas de violencia contra la mujer y miembros del n\u00facleo familiar, derechos humanos, protocolo de la Defensor\u00eda P\u00fablica en beneficio de las v\u00edctimas de violencia.<\/p>\n<p>[\/et_pb_text][et_pb_gallery _builder_version=\u00bb3.23.3&#8243; gallery_ids=\u00bb4818&#8243;][\/et_pb_gallery][\/et_pb_column][et_pb_column type=\u00bb1_4&#8243; _builder_version=\u00bb3.23.3&#8243;][et_pb_sidebar _builder_version=\u00bb3.23.3&#8243;][\/et_pb_sidebar][\/et_pb_column][\/et_pb_row][\/et_pb_section]<\/p>\n","protected":false},"excerpt":{"rendered":"<p>Por invitaci\u00f3n de la Direcci\u00f3n de Prevenci\u00f3n del Delito del\u00a0 Ministerio del Interior, la Defensora P\u00fablica provincial de Sucumb\u00edos, Edilma Borja, la Defensora P\u00fablica, Anita Mestanza y la fiscal provincial, [&hellip;]<\/p>\n","protected":false},"author":1,"featured_media":4818,"comment_status":"open","ping_status":"closed","template":"","meta":{"_et_pb_use_builder":"on","_et_pb_old_content":"","_et_gb_content_width":"","footnotes":""},"project_category":[8,5],"project_tag":[],"class_list":["post-4817","project","type-project","status-publish","has-post-thumbnail","hentry","project_category-cerca-a-ti","project_category-noticias"],"_links":{"self":[{"href":"https:\/\/www.defensoria.gob.ec\/index.php?rest_route=\/wp\/v2\/project\/4817","targetHints":{"allow":["GET"]}}],"collection":[{"href":"https:\/\/www.defensoria.gob.ec\/index.php?rest_route=\/wp\/v2\/project"}],"about":[{"href":"https:\/\/www.defensoria.gob.ec\/index.php?rest_route=\/wp\/v2\/types\/project"}],"author":[{"embeddable":true,"href":"https:\/\/www.defensoria.gob.ec\/index.php?rest_route=\/wp\/v2\/users\/1"}],"replies":[{"embeddable":true,"href":"https:\/\/www.defensoria.gob.ec\/index.php?rest_route=%2Fwp%2Fv2%2Fcomments&post=4817"}],"version-history":[{"count":0,"href":"https:\/\/www.defensoria.gob.ec\/index.php?rest_route=\/wp\/v2\/project\/4817\/revisions"}],"wp:featuredmedia":[{"embeddable":true,"href":"https:\/\/www.defensoria.gob.ec\/index.php?rest_route=\/wp\/v2\/media\/4818"}],"wp:attachment":[{"href":"https:\/\/www.defensoria.gob.ec\/index.php?rest_route=%2Fwp%2Fv2%2Fmedia&parent=4817"}],"wp:term":[{"taxonomy":"project_category","embeddable":true,"href":"https:\/\/www.defensoria.gob.ec\/index.php?rest_route=%2Fwp%2Fv2%2Fproject_category&post=4817"},{"taxonomy":"project_tag","embeddable":true,"href":"https:\/\/www.defensoria.gob.ec\/index.php?rest_route=%2Fwp%2Fv2%2Fproject_tag&post=4817"}],"curies":[{"name":"wp","href":"https:\/\/api.w.org\/{rel}","templated":true}]}}

Sucumbíos: Policías, militares y líderes barriales se instruyen sobre “Violencia Intrafamiliar”

<p>[et_pb_section fb_built=»1&#8243; _builder_version=»3.23.3&#8243;][et_pb_row _builder_version=»3.23.3&#8243;][et_pb_column type=»3_4&#8243; _builder_version=»3.23.3&#8243;][et_pb_post_title meta=»off» featured_image=»off» _builder_version=»3.23.3&#8243;][/et_pb_post_title][et_pb_text _builder_version=»3.23.3&#8243; text_font=»||||||||» text_text_align=»justify»]</p>
<p>Por invitación de la Dirección de Prevención del Delito del  Ministerio del Interior, la Defensora Pública provincial de Sucumbíos, Edilma Borja, la Defensora Pública, Anita Mestanza y la fiscal provincial, Denis Villavicencio,  dictaron la charla “Violencia contra la mujer y miembros del núcleo familiar”, dirigida a líderes barriales, policías y militares de la ciudad Nueva Loja.</p>
<p>En el conversatorio, que se desarrolló en el Centro de Atención Ciudadana, se abordó los temas de: sensibilidad  de género, acogida y protección a víctimas de violencia contra la mujer y miembros del núcleo familiar, derechos humanos, protocolo de la Defensoría Pública en beneficio de las víctimas de violencia.</p>
<p>[/et_pb_text][et_pb_gallery _builder_version=»3.23.3&#8243; gallery_ids=»4818&#8243;][/et_pb_gallery][/et_pb_column][et_pb_column type=»1_4&#8243; _builder_version=»3.23.3&#8243;][et_pb_sidebar _builder_version=»3.23.3&#8243;][/et_pb_sidebar][/et_pb_column][/et_pb_row][/et_pb_section]</p>

<p>Por invitación de la Dirección de Prevención del Delito del  Ministerio del Interior, la Defensora Pública provincial de Sucumbíos, Edilma Borja, la Defensora Pública, Anita Mestanza y la fiscal provincial, [&hellip;]</p>
